{"id":22683,"date":"2025-05-08T08:49:07","date_gmt":"2025-05-08T06:49:07","guid":{"rendered":"https:\/\/agora.xtec.cat\/ceippladedalt\/?page_id=22683"},"modified":"2025-07-04T13:42:57","modified_gmt":"2025-07-04T11:42:57","slug":"projecte-linguistic","status":"publish","type":"page","link":"https:\/\/agora.xtec.cat\/ceippladedalt\/documents-de-centre\/projecte-linguistic\/","title":{"rendered":"PROJECTE LING\u00dc\u00cdSTIC"},"content":{"rendered":"\n<p>El projecte ling\u00fc\u00edstic \u00e9s el document que recull els aspectes relatius a l&#8217;ensenyament i a l&#8217;\u00fas de les lleng\u00fces en el centre educatiu.<\/p>\n\n\n\n<p>En aquest document queden definits el tractament de la llengua catalana i el proc\u00e9s d&#8217;ensenyament i aprenentatge de la llengua castellana, les diferents opcions amb refer\u00e8ncia a les lleng\u00fces estrangeres i els criteris generals per a les adequacions de les lleng\u00fces a la realitat socioling\u00fc\u00edstica del centre.<\/p>\n\n\n\n<p><strong><a href=\"https:\/\/drive.google.com\/file\/d\/1Zs8UHRNbgCGpsWslc4VQTz3R9D-IvhJV\/view?usp=sharing\">PROJECTE LING\u00dc\u00cdSTIC DE L&#8217;ESCOLA PLA DE DALT 24-25<\/a><\/strong> aprovat per Consell Escolar.<\/p>\n\n\n\n<figure class=\"wp-block-image size-full is-resized\"><a href=\"https:\/\/agora.xtec.cat\/ceippladedalt\/wp-content\/uploads\/usu2126\/2025\/07\/PL.jpg\"><img loading=\"lazy\" decoding=\"async\" width=\"425\" height=\"282\" src=\"https:\/\/agora.xtec.cat\/ceippladedalt\/wp-content\/uploads\/usu2126\/2025\/07\/PL.jpg\" alt=\"\" class=\"wp-image-23201\" style=\"width:432px;height:auto\" srcset=\"https:\/\/agora.xtec.cat\/ceippladedalt\/wp-content\/uploads\/usu2126\/2025\/07\/PL.jpg 425w, https:\/\/agora.xtec.cat\/ceippladedalt\/wp-content\/uploads\/usu2126\/2025\/07\/PL-300x199.jpg 300w\" sizes=\"auto, (max-width: 425px) 100vw, 425px\" \/><\/a><\/figure>\n","protected":false},"excerpt":{"rendered":"<p>El projecte ling\u00fc\u00edstic \u00e9s el document que recull els aspectes relatius a l&#8217;ensenyament i a l&#8217;\u00fas de les lleng\u00fces en el centre educatiu.<\/p>\n<p>En aquest document queden definits el tractament de la llengua catalana i el proc\u00e9s d&#8217;ensenyament i aprenentatge de la llengua castellana, les diferents&hellip;  <a href=\"https:\/\/agora.xtec.cat\/ceippladedalt\/documents-de-centre\/projecte-linguistic\/\" title=\"Read PROJECTE LING\u00dc\u00cdSTIC\">Llegeix m\u00e9s\u00bb<\/a><\/p>\n","protected":false},"author":1,"featured_media":0,"parent":510,"menu_order":30,"comment_status":"closed","ping_status":"close","template":"page-templates\/side-menu.php","meta":{"_bbp_topic_count":0,"_bbp_reply_count":0,"_bbp_total_topic_count":0,"_bbp_total_reply_count":0,"_bbp_voice_count":0,"_bbp_anonymous_reply_count":0,"_bbp_topic_count_hidden":0,"_bbp_reply_count_hidden":0,"_bbp_forum_subforum_count":0,"footnotes":""},"class_list":["post-22683","page","type-page","status-publish","hentry"],"post_mailing_queue_ids":[],"_links":{"self":[{"href":"https:\/\/agora.xtec.cat\/ceippladedalt\/wp-json\/wp\/v2\/pages\/22683","targetHints":{"allow":["GET"]}}],"collection":[{"href":"https:\/\/agora.xtec.cat\/ceippladedalt\/wp-json\/wp\/v2\/pages"}],"about":[{"href":"https:\/\/agora.xtec.cat\/ceippladedalt\/wp-json\/wp\/v2\/types\/page"}],"author":[{"embeddable":true,"href":"https:\/\/agora.xtec.cat\/ceippladedalt\/wp-json\/wp\/v2\/users\/1"}],"replies":[{"embeddable":true,"href":"https:\/\/agora.xtec.cat\/ceippladedalt\/wp-json\/wp\/v2\/comments?post=22683"}],"version-history":[{"count":5,"href":"https:\/\/agora.xtec.cat\/ceippladedalt\/wp-json\/wp\/v2\/pages\/22683\/revisions"}],"predecessor-version":[{"id":23202,"href":"https:\/\/agora.xtec.cat\/ceippladedalt\/wp-json\/wp\/v2\/pages\/22683\/revisions\/23202"}],"up":[{"embeddable":true,"href":"https:\/\/agora.xtec.cat\/ceippladedalt\/wp-json\/wp\/v2\/pages\/510"}],"wp:attachment":[{"href":"https:\/\/agora.xtec.cat\/ceippladedalt\/wp-json\/wp\/v2\/media?parent=22683"}],"curies":[{"name":"wp","href":"https:\/\/api.w.org\/{rel}","templated":true}]}}

PROJECTE LINGÜÍSTIC

<p>El projecte lingüístic és el document que recull els aspectes relatius a l&#8217;ensenyament i a l&#8217;ús de les llengües en el centre educatiu.</p>



<p>En aquest document queden definits el tractament de la llengua catalana i el procés d&#8217;ensenyament i aprenentatge de la llengua castellana, les diferents opcions amb referència a les llengües estrangeres i els criteris generals per a les adequacions de les llengües a la realitat sociolingüística del centre.</p>



<p><strong><a href="https://drive.google.com/file/d/1Zs8UHRNbgCGpsWslc4VQTz3R9D-IvhJV/view?usp=sharing">PROJECTE LINGÜÍSTIC DE L&#8217;ESCOLA PLA DE DALT 24-25</a></strong> aprovat per Consell Escolar.</p>



<figure class="wp-block-image size-full is-resized"><a href="https://agora.xtec.cat/ceippladedalt/wp-content/uploads/usu2126/2025/07/PL.jpg"><img loading="lazy" decoding="async" width="425" height="282" src="https://agora.xtec.cat/ceippladedalt/wp-content/uploads/usu2126/2025/07/PL.jpg" alt="" class="wp-image-23201" style="width:432px;height:auto" srcset="https://agora.xtec.cat/ceippladedalt/wp-content/uploads/usu2126/2025/07/PL.jpg 425w, https://agora.xtec.cat/ceippladedalt/wp-content/uploads/usu2126/2025/07/PL-300x199.jpg 300w" sizes="auto, (max-width: 425px) 100vw, 425px" /></a></figure>

<p>El projecte lingüístic és el document que recull els aspectes relatius a l&#8217;ensenyament i a l&#8217;ús de les llengües en el centre educatiu.</p>
<p>En aquest document queden definits el tractament de la llengua catalana i el procés d&#8217;ensenyament i aprenentatge de la llengua castellana, les diferents&hellip;  <a href="https://agora.xtec.cat/ceippladedalt/documents-de-centre/projecte-linguistic/" title="Read PROJECTE LINGÜÍSTIC">Llegeix més»</a></p>
