{"id":19810,"date":"2023-07-01T00:05:54","date_gmt":"2023-06-30T22:05:54","guid":{"rendered":"https:\/\/agora.xtec.cat\/ceippladedalt\/?page_id=19810"},"modified":"2023-10-26T19:51:07","modified_gmt":"2023-10-26T17:51:07","slug":"sant-lluc","status":"publish","type":"page","link":"https:\/\/agora.xtec.cat\/ceippladedalt\/fotos\/sant-lluc\/","title":{"rendered":"SANT LLUC"},"content":{"rendered":"<p><a href=\"https:\/\/drive.google.com\/drive\/folders\/1C9wKPsWNUVXVDAU4bMVkCy2orsJUeAXk?usp=drive_link\" target=\"_blank\" rel=\"noopener\">Per Sant Lluc us convidem a visitar l&#8217;exposici\u00f3 art\u00edstica &#8220;Petits grans artistes&#8221; que han preparat tots els nens i nenes de l&#8217;escola d&#8217;I3 fins a 6\u00e8, als porxos de l&#8217;escola!<\/a><\/p>\n<p><a href=\"https:\/\/drive.google.com\/drive\/folders\/1C9wKPsWNUVXVDAU4bMVkCy2orsJUeAXk?usp=drive_link\" target=\"_blank\" rel=\"noopener\">No hi falteu!!!<br \/>\n<img loading=\"lazy\" decoding=\"async\" class=\"aligncenter wp-image-19761 size-medium\" src=\"https:\/\/agora.xtec.cat\/ceippladedalt\/wp-content\/uploads\/usu2126\/2023\/06\/icona-fotos-300x143.jpg\" alt=\"\" width=\"300\" height=\"143\" srcset=\"https:\/\/agora.xtec.cat\/ceippladedalt\/wp-content\/uploads\/usu2126\/2023\/06\/icona-fotos-300x143.jpg 300w, https:\/\/agora.xtec.cat\/ceippladedalt\/wp-content\/uploads\/usu2126\/2023\/06\/icona-fotos-768x365.jpg 768w, https:\/\/agora.xtec.cat\/ceippladedalt\/wp-content\/uploads\/usu2126\/2023\/06\/icona-fotos.jpg 930w\" sizes=\"auto, (max-width: 300px) 100vw, 300px\" \/><\/a><\/p>\n<h2 style=\"text-align: center;\"><a href=\"https:\/\/drive.google.com\/drive\/folders\/1C9wKPsWNUVXVDAU4bMVkCy2orsJUeAXk?usp=drive_link\" target=\"_blank\" rel=\"noopener\">Enlla\u00e7 per veure les fotos<\/a><\/h2>\n<h5 style=\"text-align: center;\"><\/h5>\n","protected":false},"excerpt":{"rendered":"<p><a href=\"https:\/\/drive.google.com\/drive\/folders\/1C9wKPsWNUVXVDAU4bMVkCy2orsJUeAXk?usp=drive_link\" target=\"_blank\" rel=\"noopener\">Per Sant Lluc us convidem a visitar l&#8217;exposici\u00f3 art\u00edstica &#8220;Petits grans artistes&#8221; que han preparat tots els nens i nenes de l&#8217;escola d&#8217;I3 fins a 6\u00e8, als porxos de l&#8217;escola!<\/a><br \/>\n<a href=\"https:\/\/drive.google.com\/drive\/folders\/1C9wKPsWNUVXVDAU4bMVkCy2orsJUeAXk?usp=drive_link\" target=\"_blank\" rel=\"noopener\">No hi falteu!!!<br \/>\n<\/a><br \/>\n<a href=\"https:\/\/drive.google.com\/drive\/folders\/1C9wKPsWNUVXVDAU4bMVkCy2orsJUeAXk?usp=drive_link\" target=\"_blank\" rel=\"noopener\">Enlla\u00e7 per veure les fotos<\/a><\/p>\n","protected":false},"author":1,"featured_media":0,"parent":696,"menu_order":0,"comment_status":"closed","ping_status":"closed","template":"page-templates\/side-menu.php","meta":{"_bbp_topic_count":0,"_bbp_reply_count":0,"_bbp_total_topic_count":0,"_bbp_total_reply_count":0,"_bbp_voice_count":0,"_bbp_anonymous_reply_count":0,"_bbp_topic_count_hidden":0,"_bbp_reply_count_hidden":0,"_bbp_forum_subforum_count":0,"footnotes":""},"class_list":["post-19810","page","type-page","status-publish","hentry"],"post_mailing_queue_ids":[],"_links":{"self":[{"href":"https:\/\/agora.xtec.cat\/ceippladedalt\/wp-json\/wp\/v2\/pages\/19810","targetHints":{"allow":["GET"]}}],"collection":[{"href":"https:\/\/agora.xtec.cat\/ceippladedalt\/wp-json\/wp\/v2\/pages"}],"about":[{"href":"https:\/\/agora.xtec.cat\/ceippladedalt\/wp-json\/wp\/v2\/types\/page"}],"author":[{"embeddable":true,"href":"https:\/\/agora.xtec.cat\/ceippladedalt\/wp-json\/wp\/v2\/users\/1"}],"replies":[{"embeddable":true,"href":"https:\/\/agora.xtec.cat\/ceippladedalt\/wp-json\/wp\/v2\/comments?post=19810"}],"version-history":[{"count":5,"href":"https:\/\/agora.xtec.cat\/ceippladedalt\/wp-json\/wp\/v2\/pages\/19810\/revisions"}],"predecessor-version":[{"id":20166,"href":"https:\/\/agora.xtec.cat\/ceippladedalt\/wp-json\/wp\/v2\/pages\/19810\/revisions\/20166"}],"up":[{"embeddable":true,"href":"https:\/\/agora.xtec.cat\/ceippladedalt\/wp-json\/wp\/v2\/pages\/696"}],"wp:attachment":[{"href":"https:\/\/agora.xtec.cat\/ceippladedalt\/wp-json\/wp\/v2\/media?parent=19810"}],"curies":[{"name":"wp","href":"https:\/\/api.w.org\/{rel}","templated":true}]}}

<p><a href="https://drive.google.com/drive/folders/1C9wKPsWNUVXVDAU4bMVkCy2orsJUeAXk?usp=drive_link" target="_blank" rel="noopener">Per Sant Lluc us convidem a visitar l&#8217;exposició artística &#8220;Petits grans artistes&#8221; que han preparat tots els nens i nenes de l&#8217;escola d&#8217;I3 fins a 6è, als porxos de l&#8217;escola!</a></p>
<p><a href="https://drive.google.com/drive/folders/1C9wKPsWNUVXVDAU4bMVkCy2orsJUeAXk?usp=drive_link" target="_blank" rel="noopener">No hi falteu!!!<br />
<img loading="lazy" decoding="async" class="aligncenter wp-image-19761 size-medium" src="https://agora.xtec.cat/ceippladedalt/wp-content/uploads/usu2126/2023/06/icona-fotos-300x143.jpg" alt="" width="300" height="143" srcset="https://agora.xtec.cat/ceippladedalt/wp-content/uploads/usu2126/2023/06/icona-fotos-300x143.jpg 300w, https://agora.xtec.cat/ceippladedalt/wp-content/uploads/usu2126/2023/06/icona-fotos-768x365.jpg 768w, https://agora.xtec.cat/ceippladedalt/wp-content/uploads/usu2126/2023/06/icona-fotos.jpg 930w" sizes="auto, (max-width: 300px) 100vw, 300px" /></a></p>
<h2 style="text-align: center;"><a href="https://drive.google.com/drive/folders/1C9wKPsWNUVXVDAU4bMVkCy2orsJUeAXk?usp=drive_link" target="_blank" rel="noopener">Enllaç per veure les fotos</a></h2>
<h5 style="text-align: center;"></h5>

<p><a href="https://drive.google.com/drive/folders/1C9wKPsWNUVXVDAU4bMVkCy2orsJUeAXk?usp=drive_link" target="_blank" rel="noopener">Per Sant Lluc us convidem a visitar l&#8217;exposició artística &#8220;Petits grans artistes&#8221; que han preparat tots els nens i nenes de l&#8217;escola d&#8217;I3 fins a 6è, als porxos de l&#8217;escola!</a><br />
<a href="https://drive.google.com/drive/folders/1C9wKPsWNUVXVDAU4bMVkCy2orsJUeAXk?usp=drive_link" target="_blank" rel="noopener">No hi falteu!!!<br />
</a><br />
<a href="https://drive.google.com/drive/folders/1C9wKPsWNUVXVDAU4bMVkCy2orsJUeAXk?usp=drive_link" target="_blank" rel="noopener">Enllaç per veure les fotos</a></p>
