{"id":19245,"date":"2023-02-25T19:43:49","date_gmt":"2023-02-25T18:43:49","guid":{"rendered":"https:\/\/agora.xtec.cat\/ceippladedalt\/?page_id=19245"},"modified":"2025-11-11T10:45:16","modified_gmt":"2025-11-11T09:45:16","slug":"lluernia","status":"publish","type":"page","link":"https:\/\/agora.xtec.cat\/ceippladedalt\/activitats\/lluernia\/","title":{"rendered":"LLU\u00c8RNIA"},"content":{"rendered":"<p><strong>2025 PLASTIC\u00c0RIUM <\/strong>Instal\u00b7laci\u00f3 col\u00b7lectiva en la qual va participar tot l&#8217;alumnat de l&#8217;escola Pla de Dalt. L&#8217;alumnat va reutilitzar materials que les fam\u00edlies i l&#8217;escola van rescatar, abans de llen\u00e7ar-los a les escombraries, per donar-los una segona vida m\u00e9s art\u00edstica simulant el fons mar\u00ed.<\/p>\n<p><img loading=\"lazy\" decoding=\"async\" class=\"aligncenter size-full wp-image-23484\" src=\"https:\/\/agora.xtec.cat\/ceippladedalt\/wp-content\/uploads\/usu2126\/2025\/11\/D62BB505-9E12-4888-B937-8CEBF67C62DF.jpeg\" alt=\"\" width=\"2048\" height=\"774\" srcset=\"https:\/\/agora.xtec.cat\/ceippladedalt\/wp-content\/uploads\/usu2126\/2025\/11\/D62BB505-9E12-4888-B937-8CEBF67C62DF.jpeg 2048w, https:\/\/agora.xtec.cat\/ceippladedalt\/wp-content\/uploads\/usu2126\/2025\/11\/D62BB505-9E12-4888-B937-8CEBF67C62DF-300x113.jpeg 300w, https:\/\/agora.xtec.cat\/ceippladedalt\/wp-content\/uploads\/usu2126\/2025\/11\/D62BB505-9E12-4888-B937-8CEBF67C62DF-1024x387.jpeg 1024w, https:\/\/agora.xtec.cat\/ceippladedalt\/wp-content\/uploads\/usu2126\/2025\/11\/D62BB505-9E12-4888-B937-8CEBF67C62DF-768x290.jpeg 768w, https:\/\/agora.xtec.cat\/ceippladedalt\/wp-content\/uploads\/usu2126\/2025\/11\/D62BB505-9E12-4888-B937-8CEBF67C62DF-1536x581.jpeg 1536w\" sizes=\"auto, (max-width: 2048px) 100vw, 2048px\" \/><\/p>\n<p><strong>2024 CONSTRU\u00cfM LA CIUTAT COLLAGE <\/strong>amb finestres i balcons plens de llum&#8230; i de vida!<\/p>\n<p><img loading=\"lazy\" decoding=\"async\" class=\"aligncenter size-full wp-image-23426\" src=\"https:\/\/agora.xtec.cat\/ceippladedalt\/wp-content\/uploads\/usu2126\/2025\/10\/BA856A8B-FA0E-476F-B76F-F1932AD6FF33.jpeg\" alt=\"\" width=\"2048\" height=\"774\" srcset=\"https:\/\/agora.xtec.cat\/ceippladedalt\/wp-content\/uploads\/usu2126\/2025\/10\/BA856A8B-FA0E-476F-B76F-F1932AD6FF33.jpeg 2048w, https:\/\/agora.xtec.cat\/ceippladedalt\/wp-content\/uploads\/usu2126\/2025\/10\/BA856A8B-FA0E-476F-B76F-F1932AD6FF33-300x113.jpeg 300w, https:\/\/agora.xtec.cat\/ceippladedalt\/wp-content\/uploads\/usu2126\/2025\/10\/BA856A8B-FA0E-476F-B76F-F1932AD6FF33-1024x387.jpeg 1024w, https:\/\/agora.xtec.cat\/ceippladedalt\/wp-content\/uploads\/usu2126\/2025\/10\/BA856A8B-FA0E-476F-B76F-F1932AD6FF33-768x290.jpeg 768w, https:\/\/agora.xtec.cat\/ceippladedalt\/wp-content\/uploads\/usu2126\/2025\/10\/BA856A8B-FA0E-476F-B76F-F1932AD6FF33-1536x581.jpeg 1536w\" sizes=\"auto, (max-width: 2048px) 100vw, 2048px\" \/><\/p>\n<p><strong>2023 UN BATEC DE SILENCI<\/strong> Les arrels del majestu\u00f3s faig del Parc Nou convertides en poesia. El dia de Llu\u00e8rnia es compliran vint anys que<em> Miquel Mart\u00ed i Pol<\/em> ens va deixar, per\u00f2 sempre tindrem la seva poesia, que ens acompanya i ens ajuda a expressar i a posar paraules a tot all\u00f2 que sentim. Tots els alumnes de l&#8217;escola jugaran amb nom\u00e9s tres formes geom\u00e8triques de paper, que aniran transformant fins a construir lletres i paraules que finalment esdevindran versos.<br \/>\nLes lletres pintades envoltaran el gran tronc de l\u2019arbre del Parc Nou, que estar\u00e0 il\u00b7luminat amb llum negra.<\/p>\n<p><img loading=\"lazy\" decoding=\"async\" class=\"size-full wp-image-20398 aligncenter\" src=\"https:\/\/agora.xtec.cat\/ceippladedalt\/wp-content\/uploads\/usu2126\/2023\/11\/84441903-1C26-4AB9-8E4A-CBA85347BE3E-1.jpeg\" alt=\"\" width=\"2048\" height=\"774\" srcset=\"https:\/\/agora.xtec.cat\/ceippladedalt\/wp-content\/uploads\/usu2126\/2023\/11\/84441903-1C26-4AB9-8E4A-CBA85347BE3E-1.jpeg 2048w, https:\/\/agora.xtec.cat\/ceippladedalt\/wp-content\/uploads\/usu2126\/2023\/11\/84441903-1C26-4AB9-8E4A-CBA85347BE3E-1-300x113.jpeg 300w, https:\/\/agora.xtec.cat\/ceippladedalt\/wp-content\/uploads\/usu2126\/2023\/11\/84441903-1C26-4AB9-8E4A-CBA85347BE3E-1-1024x387.jpeg 1024w, https:\/\/agora.xtec.cat\/ceippladedalt\/wp-content\/uploads\/usu2126\/2023\/11\/84441903-1C26-4AB9-8E4A-CBA85347BE3E-1-768x290.jpeg 768w, https:\/\/agora.xtec.cat\/ceippladedalt\/wp-content\/uploads\/usu2126\/2023\/11\/84441903-1C26-4AB9-8E4A-CBA85347BE3E-1-1536x581.jpeg 1536w\" sizes=\"auto, (max-width: 2048px) 100vw, 2048px\" \/><\/p>\n<p><strong>2022 UN EQUILIBRI SENSIBLE <\/strong>inspirada en l&#8217;obra de Leonci Quera<\/p>\n<p><img loading=\"lazy\" decoding=\"async\" class=\"size-full wp-image-20400 aligncenter\" src=\"https:\/\/agora.xtec.cat\/ceippladedalt\/wp-content\/uploads\/usu2126\/2023\/11\/73260b29-2d5c-4fe0-ab1e-09f1e3ce5db7.jpg\" alt=\"\" width=\"768\" height=\"1024\" data-wp-editing=\"1\" srcset=\"https:\/\/agora.xtec.cat\/ceippladedalt\/wp-content\/uploads\/usu2126\/2023\/11\/73260b29-2d5c-4fe0-ab1e-09f1e3ce5db7.jpg 768w, https:\/\/agora.xtec.cat\/ceippladedalt\/wp-content\/uploads\/usu2126\/2023\/11\/73260b29-2d5c-4fe0-ab1e-09f1e3ce5db7-225x300.jpg 225w\" sizes=\"auto, (max-width: 768px) 100vw, 768px\" \/><\/p>\n<p><strong>2021 HOP-ON FALS T\u00daNEL DEL TREN D&#8217;OLOT<\/strong> El novembre del 1911, fa cent deu anys, va arribar el tren a Olot. Va suposar tot un esdeveniment per a la vida social i econ\u00f2mica<br \/>\nde la ciutat, que se\u2019n va servir fins a la seva desaparici\u00f3, el 1969. Coincidint amb l\u2019Any Europeu del Ferrocarril, les escoles d\u2019educaci\u00f3 infantil d\u2019Olot i la comarca intervindran en el fals t\u00fanel de Sant Roc, que avui dona entrada a la via verda, per evocar el paisatge que es pot veure des de l\u2019interior d\u2019un tren a partir dels seus dibuixos. Una paradoxa po\u00e8tica que il\u00b7lumina la foscor del t\u00fanel amb la imaginaci\u00f3 i la mirada creativa dels nens i nenes.<\/p>\n<p><img loading=\"lazy\" decoding=\"async\" class=\"size-full wp-image-20402 aligncenter\" src=\"https:\/\/agora.xtec.cat\/ceippladedalt\/wp-content\/uploads\/usu2126\/2023\/11\/5E6058CB-58EB-463C-B3C4-2D38BAD8A6A9.jpeg\" alt=\"\" width=\"2048\" height=\"774\" srcset=\"https:\/\/agora.xtec.cat\/ceippladedalt\/wp-content\/uploads\/usu2126\/2023\/11\/5E6058CB-58EB-463C-B3C4-2D38BAD8A6A9.jpeg 2048w, https:\/\/agora.xtec.cat\/ceippladedalt\/wp-content\/uploads\/usu2126\/2023\/11\/5E6058CB-58EB-463C-B3C4-2D38BAD8A6A9-300x113.jpeg 300w, https:\/\/agora.xtec.cat\/ceippladedalt\/wp-content\/uploads\/usu2126\/2023\/11\/5E6058CB-58EB-463C-B3C4-2D38BAD8A6A9-1024x387.jpeg 1024w, https:\/\/agora.xtec.cat\/ceippladedalt\/wp-content\/uploads\/usu2126\/2023\/11\/5E6058CB-58EB-463C-B3C4-2D38BAD8A6A9-768x290.jpeg 768w, https:\/\/agora.xtec.cat\/ceippladedalt\/wp-content\/uploads\/usu2126\/2023\/11\/5E6058CB-58EB-463C-B3C4-2D38BAD8A6A9-1536x581.jpeg 1536w\" sizes=\"auto, (max-width: 2048px) 100vw, 2048px\" \/><\/p>\n","protected":false},"excerpt":{"rendered":"<p>2025 PLASTIC\u00c0RIUM Instal\u00b7laci\u00f3 col\u00b7lectiva en la qual va participar tot l&#8217;alumnat de l&#8217;escola Pla de Dalt. L&#8217;alumnat va reutilitzar materials que les fam\u00edlies i l&#8217;escola van rescatar, abans de llen\u00e7ar-los a les escombraries, per donar-los una segona vida m\u00e9s art\u00edstica simulant el fons mar\u00ed.<\/p>\n<p>2024 CONSTRU\u00cfM&hellip;  <a href=\"https:\/\/agora.xtec.cat\/ceippladedalt\/activitats\/lluernia\/\" title=\"Read LLU\u00c8RNIA\">Llegeix m\u00e9s\u00bb<\/a><\/p>\n","protected":false},"author":1,"featured_media":0,"parent":19100,"menu_order":0,"comment_status":"closed","ping_status":"closed","template":"page-templates\/side-menu.php","meta":{"_bbp_topic_count":0,"_bbp_reply_count":0,"_bbp_total_topic_count":0,"_bbp_total_reply_count":0,"_bbp_voice_count":0,"_bbp_anonymous_reply_count":0,"_bbp_topic_count_hidden":0,"_bbp_reply_count_hidden":0,"_bbp_forum_subforum_count":0,"footnotes":""},"class_list":["post-19245","page","type-page","status-publish","hentry"],"post_mailing_queue_ids":[],"_links":{"self":[{"href":"https:\/\/agora.xtec.cat\/ceippladedalt\/wp-json\/wp\/v2\/pages\/19245","targetHints":{"allow":["GET"]}}],"collection":[{"href":"https:\/\/agora.xtec.cat\/ceippladedalt\/wp-json\/wp\/v2\/pages"}],"about":[{"href":"https:\/\/agora.xtec.cat\/ceippladedalt\/wp-json\/wp\/v2\/types\/page"}],"author":[{"embeddable":true,"href":"https:\/\/agora.xtec.cat\/ceippladedalt\/wp-json\/wp\/v2\/users\/1"}],"replies":[{"embeddable":true,"href":"https:\/\/agora.xtec.cat\/ceippladedalt\/wp-json\/wp\/v2\/comments?post=19245"}],"version-history":[{"count":6,"href":"https:\/\/agora.xtec.cat\/ceippladedalt\/wp-json\/wp\/v2\/pages\/19245\/revisions"}],"predecessor-version":[{"id":23485,"href":"https:\/\/agora.xtec.cat\/ceippladedalt\/wp-json\/wp\/v2\/pages\/19245\/revisions\/23485"}],"up":[{"embeddable":true,"href":"https:\/\/agora.xtec.cat\/ceippladedalt\/wp-json\/wp\/v2\/pages\/19100"}],"wp:attachment":[{"href":"https:\/\/agora.xtec.cat\/ceippladedalt\/wp-json\/wp\/v2\/media?parent=19245"}],"curies":[{"name":"wp","href":"https:\/\/api.w.org\/{rel}","templated":true}]}}

LLUÈRNIA

<p><strong>2025 PLASTICÀRIUM </strong>Instal·lació col·lectiva en la qual va participar tot l&#8217;alumnat de l&#8217;escola Pla de Dalt. L&#8217;alumnat va reutilitzar materials que les famílies i l&#8217;escola van rescatar, abans de llençar-los a les escombraries, per donar-los una segona vida més artística simulant el fons marí.</p>
<p><img loading="lazy" decoding="async" class="aligncenter size-full wp-image-23484" src="https://agora.xtec.cat/ceippladedalt/wp-content/uploads/usu2126/2025/11/D62BB505-9E12-4888-B937-8CEBF67C62DF.jpeg" alt="" width="2048" height="774" srcset="https://agora.xtec.cat/ceippladedalt/wp-content/uploads/usu2126/2025/11/D62BB505-9E12-4888-B937-8CEBF67C62DF.jpeg 2048w, https://agora.xtec.cat/ceippladedalt/wp-content/uploads/usu2126/2025/11/D62BB505-9E12-4888-B937-8CEBF67C62DF-300x113.jpeg 300w, https://agora.xtec.cat/ceippladedalt/wp-content/uploads/usu2126/2025/11/D62BB505-9E12-4888-B937-8CEBF67C62DF-1024x387.jpeg 1024w, https://agora.xtec.cat/ceippladedalt/wp-content/uploads/usu2126/2025/11/D62BB505-9E12-4888-B937-8CEBF67C62DF-768x290.jpeg 768w, https://agora.xtec.cat/ceippladedalt/wp-content/uploads/usu2126/2025/11/D62BB505-9E12-4888-B937-8CEBF67C62DF-1536x581.jpeg 1536w" sizes="auto, (max-width: 2048px) 100vw, 2048px" /></p>
<p><strong>2024 CONSTRUÏM LA CIUTAT COLLAGE </strong>amb finestres i balcons plens de llum&#8230; i de vida!</p>
<p><img loading="lazy" decoding="async" class="aligncenter size-full wp-image-23426" src="https://agora.xtec.cat/ceippladedalt/wp-content/uploads/usu2126/2025/10/BA856A8B-FA0E-476F-B76F-F1932AD6FF33.jpeg" alt="" width="2048" height="774" srcset="https://agora.xtec.cat/ceippladedalt/wp-content/uploads/usu2126/2025/10/BA856A8B-FA0E-476F-B76F-F1932AD6FF33.jpeg 2048w, https://agora.xtec.cat/ceippladedalt/wp-content/uploads/usu2126/2025/10/BA856A8B-FA0E-476F-B76F-F1932AD6FF33-300x113.jpeg 300w, https://agora.xtec.cat/ceippladedalt/wp-content/uploads/usu2126/2025/10/BA856A8B-FA0E-476F-B76F-F1932AD6FF33-1024x387.jpeg 1024w, https://agora.xtec.cat/ceippladedalt/wp-content/uploads/usu2126/2025/10/BA856A8B-FA0E-476F-B76F-F1932AD6FF33-768x290.jpeg 768w, https://agora.xtec.cat/ceippladedalt/wp-content/uploads/usu2126/2025/10/BA856A8B-FA0E-476F-B76F-F1932AD6FF33-1536x581.jpeg 1536w" sizes="auto, (max-width: 2048px) 100vw, 2048px" /></p>
<p><strong>2023 UN BATEC DE SILENCI</strong> Les arrels del majestuós faig del Parc Nou convertides en poesia. El dia de Lluèrnia es compliran vint anys que<em> Miquel Martí i Pol</em> ens va deixar, però sempre tindrem la seva poesia, que ens acompanya i ens ajuda a expressar i a posar paraules a tot allò que sentim. Tots els alumnes de l&#8217;escola jugaran amb només tres formes geomètriques de paper, que aniran transformant fins a construir lletres i paraules que finalment esdevindran versos.<br />
Les lletres pintades envoltaran el gran tronc de l’arbre del Parc Nou, que estarà il·luminat amb llum negra.</p>
<p><img loading="lazy" decoding="async" class="size-full wp-image-20398 aligncenter" src="https://agora.xtec.cat/ceippladedalt/wp-content/uploads/usu2126/2023/11/84441903-1C26-4AB9-8E4A-CBA85347BE3E-1.jpeg" alt="" width="2048" height="774" srcset="https://agora.xtec.cat/ceippladedalt/wp-content/uploads/usu2126/2023/11/84441903-1C26-4AB9-8E4A-CBA85347BE3E-1.jpeg 2048w, https://agora.xtec.cat/ceippladedalt/wp-content/uploads/usu2126/2023/11/84441903-1C26-4AB9-8E4A-CBA85347BE3E-1-300x113.jpeg 300w, https://agora.xtec.cat/ceippladedalt/wp-content/uploads/usu2126/2023/11/84441903-1C26-4AB9-8E4A-CBA85347BE3E-1-1024x387.jpeg 1024w, https://agora.xtec.cat/ceippladedalt/wp-content/uploads/usu2126/2023/11/84441903-1C26-4AB9-8E4A-CBA85347BE3E-1-768x290.jpeg 768w, https://agora.xtec.cat/ceippladedalt/wp-content/uploads/usu2126/2023/11/84441903-1C26-4AB9-8E4A-CBA85347BE3E-1-1536x581.jpeg 1536w" sizes="auto, (max-width: 2048px) 100vw, 2048px" /></p>
<p><strong>2022 UN EQUILIBRI SENSIBLE </strong>inspirada en l&#8217;obra de Leonci Quera</p>
<p><img loading="lazy" decoding="async" class="size-full wp-image-20400 aligncenter" src="https://agora.xtec.cat/ceippladedalt/wp-content/uploads/usu2126/2023/11/73260b29-2d5c-4fe0-ab1e-09f1e3ce5db7.jpg" alt="" width="768" height="1024" data-wp-editing="1" srcset="https://agora.xtec.cat/ceippladedalt/wp-content/uploads/usu2126/2023/11/73260b29-2d5c-4fe0-ab1e-09f1e3ce5db7.jpg 768w, https://agora.xtec.cat/ceippladedalt/wp-content/uploads/usu2126/2023/11/73260b29-2d5c-4fe0-ab1e-09f1e3ce5db7-225x300.jpg 225w" sizes="auto, (max-width: 768px) 100vw, 768px" /></p>
<p><strong>2021 HOP-ON FALS TÚNEL DEL TREN D&#8217;OLOT</strong> El novembre del 1911, fa cent deu anys, va arribar el tren a Olot. Va suposar tot un esdeveniment per a la vida social i econòmica<br />
de la ciutat, que se’n va servir fins a la seva desaparició, el 1969. Coincidint amb l’Any Europeu del Ferrocarril, les escoles d’educació infantil d’Olot i la comarca intervindran en el fals túnel de Sant Roc, que avui dona entrada a la via verda, per evocar el paisatge que es pot veure des de l’interior d’un tren a partir dels seus dibuixos. Una paradoxa poètica que il·lumina la foscor del túnel amb la imaginació i la mirada creativa dels nens i nenes.</p>
<p><img loading="lazy" decoding="async" class="size-full wp-image-20402 aligncenter" src="https://agora.xtec.cat/ceippladedalt/wp-content/uploads/usu2126/2023/11/5E6058CB-58EB-463C-B3C4-2D38BAD8A6A9.jpeg" alt="" width="2048" height="774" srcset="https://agora.xtec.cat/ceippladedalt/wp-content/uploads/usu2126/2023/11/5E6058CB-58EB-463C-B3C4-2D38BAD8A6A9.jpeg 2048w, https://agora.xtec.cat/ceippladedalt/wp-content/uploads/usu2126/2023/11/5E6058CB-58EB-463C-B3C4-2D38BAD8A6A9-300x113.jpeg 300w, https://agora.xtec.cat/ceippladedalt/wp-content/uploads/usu2126/2023/11/5E6058CB-58EB-463C-B3C4-2D38BAD8A6A9-1024x387.jpeg 1024w, https://agora.xtec.cat/ceippladedalt/wp-content/uploads/usu2126/2023/11/5E6058CB-58EB-463C-B3C4-2D38BAD8A6A9-768x290.jpeg 768w, https://agora.xtec.cat/ceippladedalt/wp-content/uploads/usu2126/2023/11/5E6058CB-58EB-463C-B3C4-2D38BAD8A6A9-1536x581.jpeg 1536w" sizes="auto, (max-width: 2048px) 100vw, 2048px" /></p>

<p>2025 PLASTICÀRIUM Instal·lació col·lectiva en la qual va participar tot l&#8217;alumnat de l&#8217;escola Pla de Dalt. L&#8217;alumnat va reutilitzar materials que les famílies i l&#8217;escola van rescatar, abans de llençar-los a les escombraries, per donar-los una segona vida més artística simulant el fons marí.</p>
<p>2024 CONSTRUÏM&hellip;  <a href="https://agora.xtec.cat/ceippladedalt/activitats/lluernia/" title="Read LLUÈRNIA">Llegeix més»</a></p>
