{"id":3825,"date":"2019-10-18T10:19:17","date_gmt":"2019-10-18T08:19:17","guid":{"rendered":"http:\/\/agora.xtec.cat\/ceippereviver\/?page_id=3825"},"modified":"2019-10-18T10:19:25","modified_gmt":"2019-10-18T08:19:25","slug":"nivells-eso","status":"publish","type":"page","link":"https:\/\/agora.xtec.cat\/ceippereviver\/nivells-eso\/","title":{"rendered":"Nivells (ESO)"},"content":{"rendered":"<p>&nbsp;<\/p>\n<p>Aqu\u00ed trobareu els articles de l&#8217;Educaci\u00f3 Secund\u00e0ria Obligat\u00f2ria que es pengen distribu\u00efts per cursos.<\/p>\n","protected":false},"excerpt":{"rendered":"<p>&nbsp;<br \/>\nAqu\u00ed trobareu els articles de l&#8217;Educaci\u00f3 Secund\u00e0ria Obligat\u00f2ria que es pengen distribu\u00efts per cursos.<\/p>\n","protected":false},"author":7,"featured_media":0,"parent":0,"menu_order":0,"comment_status":"closed","ping_status":"closed","template":"","meta":{"_bbp_topic_count":0,"_bbp_reply_count":0,"_bbp_total_topic_count":0,"_bbp_total_reply_count":0,"_bbp_voice_count":0,"_bbp_anonymous_reply_count":0,"_bbp_topic_count_hidden":0,"_bbp_reply_count_hidden":0,"_bbp_forum_subforum_count":0,"footnotes":""},"class_list":["post-3825","page","type-page","status-publish","hentry"],"post_mailing_queue_ids":[],"_links":{"self":[{"href":"https:\/\/agora.xtec.cat\/ceippereviver\/wp-json\/wp\/v2\/pages\/3825","targetHints":{"allow":["GET"]}}],"collection":[{"href":"https:\/\/agora.xtec.cat\/ceippereviver\/wp-json\/wp\/v2\/pages"}],"about":[{"href":"https:\/\/agora.xtec.cat\/ceippereviver\/wp-json\/wp\/v2\/types\/page"}],"author":[{"embeddable":true,"href":"https:\/\/agora.xtec.cat\/ceippereviver\/wp-json\/wp\/v2\/users\/7"}],"replies":[{"embeddable":true,"href":"https:\/\/agora.xtec.cat\/ceippereviver\/wp-json\/wp\/v2\/comments?post=3825"}],"version-history":[{"count":1,"href":"https:\/\/agora.xtec.cat\/ceippereviver\/wp-json\/wp\/v2\/pages\/3825\/revisions"}],"predecessor-version":[{"id":3826,"href":"https:\/\/agora.xtec.cat\/ceippereviver\/wp-json\/wp\/v2\/pages\/3825\/revisions\/3826"}],"wp:attachment":[{"href":"https:\/\/agora.xtec.cat\/ceippereviver\/wp-json\/wp\/v2\/media?parent=3825"}],"curies":[{"name":"wp","href":"https:\/\/api.w.org\/{rel}","templated":true}]}}