{"id":38,"date":"2014-09-18T12:34:08","date_gmt":"2014-09-18T11:34:08","guid":{"rendered":"http:\/\/agora.xtec.cat\/ceippereviver\/?page_id=38"},"modified":"2025-12-11T15:26:37","modified_gmt":"2025-12-11T14:26:37","slug":"salut","status":"publish","type":"page","link":"https:\/\/agora.xtec.cat\/ceippereviver\/lescola\/salut\/","title":{"rendered":"Salut"},"content":{"rendered":"<p>&nbsp;<\/p>\n<h2 class=\"subtitle\" data-crawling=\"principal-title\">A l&#8217;escola i a casa, prendre fruites i hortalisses, m\u2019agrada!!!<\/h2>\n<p style=\"text-align: justify;\">Des del curs 2018-2019\u00a0 el nostre centre est\u00e0 adherit al Pla de Consum de Fruita a les escoles, que promociona la Generalitat de Catalunya.<\/p>\n<p style=\"text-align: justify;\">Distribueixen gratu\u00eftament fruita i verdura fresca als escolars de segon cicle d&#8217;educaci\u00f3 infantil i de prim\u00e0ria (infants de 3 a 12 anys). \u00c9s una iniciativa de la Uni\u00f3 Europea amb l&#8217;acci\u00f3 conjunta dels departaments d&#8217;Agricultura, Salut i Ensenyament.<\/p>\n<p style=\"text-align: justify;\">Els objectius s\u00f3n:<\/p>\n<ul>\n<li>Oferir fruita gratu\u00efta en els esmorzars i berenars dins del centre escolar.<\/li>\n<li>Informar sobre els beneficis de pujar el consum de fruites i verdures, i sobre la seva diversitat, trets, producci\u00f3, estacionalitat, etc.<\/li>\n<li>Proposar el consum de fruites com una alternativa excel\u00b7lent al consum d&#8217;altres aliments amb menys qualitat nutricional.<\/li>\n<\/ul>\n<p style=\"text-align: justify;\">Es pret\u00e9n amb aix\u00f2 afavorir la salut dels infants i promoure el consum de fruites, verdures, fruita seca, llegums, aigua i joc actiu. <span style=\"font-family: inherit; font-size: 1em;\">I tamb\u00e9 reduir el consum llaminadures, begudes refrescants, brioxeria i videojocs sedentaris.<\/span><\/p>\n<p style=\"text-align: justify;\">A l\u2019escola tamb\u00e9 hem posat en marxa el \u201c<span style=\"font-family: inherit; font-size: 1em;\">Fruit\u00f2metre\u201d. A cada classe es va recollint el nombre de fruita que porten cada dia els infants; cada vegada que mengen una fruita pinten un quadret de la batedora. Estan molt motivats quan veuen que el nivell de fruites va pujant.<\/span><\/p>\n<p><a href=\"https:\/\/agora.xtec.cat\/ceippereviver\/wp-content\/uploads\/usu879\/2025\/12\/Fruitometre-rotated.jpg\"><img loading=\"lazy\" decoding=\"async\" class=\"wp-image-6887  aligncenter\" src=\"https:\/\/agora.xtec.cat\/ceippereviver\/wp-content\/uploads\/usu879\/2025\/12\/Fruitometre-rotated.jpg\" alt=\"\" width=\"414\" height=\"414\" srcset=\"https:\/\/agora.xtec.cat\/ceippereviver\/wp-content\/uploads\/usu879\/2025\/12\/Fruitometre-rotated.jpg 600w, https:\/\/agora.xtec.cat\/ceippereviver\/wp-content\/uploads\/usu879\/2025\/12\/Fruitometre-300x300.jpg 300w, https:\/\/agora.xtec.cat\/ceippereviver\/wp-content\/uploads\/usu879\/2025\/12\/Fruitometre-150x150.jpg 150w\" sizes=\"auto, (max-width: 414px) 100vw, 414px\" \/><\/a><\/p>\n<p>&nbsp;<\/p>\n<p>&nbsp;<\/p>\n","protected":false},"excerpt":{"rendered":"<p>&nbsp;<br \/>\nA l&#8217;escola i a casa, prendre fruites i hortalisses, m\u2019agrada!!!<br \/>\nDes del curs 2018-2019\u00a0 el nostre centre est\u00e0 adherit al Pla de Consum de Fruita a les escoles, que promociona la Generalitat de Catalunya.<br \/>\nDistribueixen gratu\u00eftament fruita i verdura fresca als escolars de segon cicle d&#8217;educaci\u00f3 infantil&hellip;  <a href=\"https:\/\/agora.xtec.cat\/ceippereviver\/lescola\/salut\/\" title=\"Read Salut\">Llegeix m\u00e9s\u00bb<\/a><\/p>\n","protected":false},"author":1,"featured_media":0,"parent":22,"menu_order":80,"comment_status":"closed","ping_status":"closed","template":"page-templates\/side-menu.php","meta":{"_bbp_topic_count":0,"_bbp_reply_count":0,"_bbp_total_topic_count":0,"_bbp_total_reply_count":0,"_bbp_voice_count":0,"_bbp_anonymous_reply_count":0,"_bbp_topic_count_hidden":0,"_bbp_reply_count_hidden":0,"_bbp_forum_subforum_count":0,"footnotes":""},"class_list":["post-38","page","type-page","status-publish","hentry"],"post_mailing_queue_ids":[],"_links":{"self":[{"href":"https:\/\/agora.xtec.cat\/ceippereviver\/wp-json\/wp\/v2\/pages\/38","targetHints":{"allow":["GET"]}}],"collection":[{"href":"https:\/\/agora.xtec.cat\/ceippereviver\/wp-json\/wp\/v2\/pages"}],"about":[{"href":"https:\/\/agora.xtec.cat\/ceippereviver\/wp-json\/wp\/v2\/types\/page"}],"author":[{"embeddable":true,"href":"https:\/\/agora.xtec.cat\/ceippereviver\/wp-json\/wp\/v2\/users\/1"}],"replies":[{"embeddable":true,"href":"https:\/\/agora.xtec.cat\/ceippereviver\/wp-json\/wp\/v2\/comments?post=38"}],"version-history":[{"count":6,"href":"https:\/\/agora.xtec.cat\/ceippereviver\/wp-json\/wp\/v2\/pages\/38\/revisions"}],"predecessor-version":[{"id":6898,"href":"https:\/\/agora.xtec.cat\/ceippereviver\/wp-json\/wp\/v2\/pages\/38\/revisions\/6898"}],"up":[{"embeddable":true,"href":"https:\/\/agora.xtec.cat\/ceippereviver\/wp-json\/wp\/v2\/pages\/22"}],"wp:attachment":[{"href":"https:\/\/agora.xtec.cat\/ceippereviver\/wp-json\/wp\/v2\/media?parent=38"}],"curies":[{"name":"wp","href":"https:\/\/api.w.org\/{rel}","templated":true}]}}