{"id":28,"date":"2014-09-18T12:29:35","date_gmt":"2014-09-18T11:29:35","guid":{"rendered":"http:\/\/agora.xtec.cat\/ceippereviver\/?page_id=28"},"modified":"2025-09-15T13:53:14","modified_gmt":"2025-09-15T11:53:14","slug":"consell-escolar","status":"publish","type":"page","link":"https:\/\/agora.xtec.cat\/ceippereviver\/lescola\/consell-escolar\/","title":{"rendered":"Consell escolar"},"content":{"rendered":"<p>El Consell Escolar \u00e9s el m\u00e0xim \u00f2rgan de participaci\u00f3 en el control i la gesti\u00f3 del Centre. Hi s\u00f3n representats els diferents estaments que formen la comunitat educativa: professorat, personal d\u2019administraci\u00f3 i serveis, fam\u00edlies, alumnes, l&#8217; AFA i l&#8217; ajuntament.<\/p>\n<p>El Consell Escolar s\u2019organitza en diferents comissions mixtes entre pares, mares, alumnat i docents del centre.<\/p>\n<p>Aquestes s\u00f3n: Comissi\u00f3 econ\u00f2mica, comissi\u00f3 de conviv\u00e8ncia, comissi\u00f3 de coeducaci\u00f3,\u00a0 comissi\u00f3 de menjador i comissi\u00f3 permanent.<\/p>\n<p style=\"color: #444444;\"><b><span style=\"font-size: x-large;\">MEMBRES DEL CONSELL ESCOLAR<\/span><\/b><\/p>\n<p style=\"color: #444444;\"><b>Equip Directiu:<\/b><\/p>\n<p style=\"color: #444444;\">L\u00eddia Jov\u00e9, Ana Alonso, Mar Castro, i Anna Franch<b><\/b><\/p>\n<p><strong>Representants del professorat:<\/strong><\/p>\n<p>Noem\u00ed Bayona, Gabriel Blanes, Bego\u00f1a Muriel, Xavi Molina, Esther Gim\u00e9nez i Laura Soriano<\/p>\n<p><strong>Representants dels pares i mares:<\/strong><\/p>\n<p style=\"color: #444444;\">\u00a0Nat\u00e1lia Cortijo, Xavi Jim\u00e9nez i Ruth S\u00e1nchez.<b><\/b><\/p>\n<p><strong>Representant de l&#8217;alumnat:<\/strong><\/p>\n<p>&nbsp;<\/p>\n<p><strong>Representant del personal de serveis:<\/strong><\/p>\n<p style=\"color: #444444;\">Sergi Mart\u00ednez.<b><\/b><\/p>\n<p><strong>Representant designat de l&#8217;Ajuntament:<\/strong><\/p>\n<p>Marta Dinar\u00e9s<\/p>\n<p><strong>Representant designat de l&#8217;AFA:<\/strong><\/p>\n<p style=\"color: #444444;\">Eduard Mu\u00f1oz<\/p>\n<p><b><span style=\"font-size: x-large;\">COMISSIONS DEL CONSELL ESCOLAR<\/span><\/b><\/p>\n<p><strong>COMISSI\u00d3 DE CONVIV\u00c8NCIA:<\/strong><\/p>\n<p>Ana Alonso, Noem\u00ed Bayona, L\u00eddia Jov\u00e9, Esther Gim\u00e9nez, Sergi Mart\u00ednez i Ruth S\u00e1nchez.<\/p>\n<p><strong>COMISSI\u00d3 DE COEDUCACI\u00d3:<\/strong><\/p>\n<p>Bego Muriel<\/p>\n<p><strong>COMISSI\u00d3 ECON\u00d2MICA:<\/strong><\/p>\n<p>Gabriel Blanes, i Anna Franch,<\/p>\n<p><strong>COMISSI\u00d3 DE MENJADOR:<\/strong><\/p>\n<p>L\u00eddia Jov\u00e9, Nat\u00e0lia Cortijo, Laura Soriano<\/p>\n<p><strong>COMISSI\u00d3 PERMANENT:\u00a0<\/strong><\/p>\n<p>Mar Castro, Xavi Jim\u00e9nez, Xavi Molina, Marta Dinar\u00e9s<\/p>\n<p>&nbsp;<\/p>\n<p>&nbsp;<\/p>\n<p>&nbsp;<\/p>\n","protected":false},"excerpt":{"rendered":"<p>El Consell Escolar \u00e9s el m\u00e0xim \u00f2rgan de participaci\u00f3 en el control i la gesti\u00f3 del Centre. Hi s\u00f3n representats els diferents estaments que formen la comunitat educativa: professorat, personal d\u2019administraci\u00f3 i serveis, fam\u00edlies, alumnes, l&#8217; AFA i l&#8217; ajuntament.<br \/>\nEl Consell Escolar s\u2019organitza en diferents&hellip;  <a href=\"https:\/\/agora.xtec.cat\/ceippereviver\/lescola\/consell-escolar\/\" title=\"Read Consell escolar\">Llegeix m\u00e9s\u00bb<\/a><\/p>\n","protected":false},"author":1,"featured_media":0,"parent":22,"menu_order":30,"comment_status":"closed","ping_status":"closed","template":"page-templates\/side-menu.php","meta":{"_bbp_topic_count":0,"_bbp_reply_count":0,"_bbp_total_topic_count":0,"_bbp_total_reply_count":0,"_bbp_voice_count":0,"_bbp_anonymous_reply_count":0,"_bbp_topic_count_hidden":0,"_bbp_reply_count_hidden":0,"_bbp_forum_subforum_count":0,"footnotes":""},"class_list":["post-28","page","type-page","status-publish","hentry"],"post_mailing_queue_ids":[],"_links":{"self":[{"href":"https:\/\/agora.xtec.cat\/ceippereviver\/wp-json\/wp\/v2\/pages\/28","targetHints":{"allow":["GET"]}}],"collection":[{"href":"https:\/\/agora.xtec.cat\/ceippereviver\/wp-json\/wp\/v2\/pages"}],"about":[{"href":"https:\/\/agora.xtec.cat\/ceippereviver\/wp-json\/wp\/v2\/types\/page"}],"author":[{"embeddable":true,"href":"https:\/\/agora.xtec.cat\/ceippereviver\/wp-json\/wp\/v2\/users\/1"}],"replies":[{"embeddable":true,"href":"https:\/\/agora.xtec.cat\/ceippereviver\/wp-json\/wp\/v2\/comments?post=28"}],"version-history":[{"count":8,"href":"https:\/\/agora.xtec.cat\/ceippereviver\/wp-json\/wp\/v2\/pages\/28\/revisions"}],"predecessor-version":[{"id":6757,"href":"https:\/\/agora.xtec.cat\/ceippereviver\/wp-json\/wp\/v2\/pages\/28\/revisions\/6757"}],"up":[{"embeddable":true,"href":"https:\/\/agora.xtec.cat\/ceippereviver\/wp-json\/wp\/v2\/pages\/22"}],"wp:attachment":[{"href":"https:\/\/agora.xtec.cat\/ceippereviver\/wp-json\/wp\/v2\/media?parent=28"}],"curies":[{"name":"wp","href":"https:\/\/api.w.org\/{rel}","templated":true}]}}