{"id":17537,"date":"2026-03-02T15:31:50","date_gmt":"2026-03-02T14:31:50","guid":{"rendered":"https:\/\/agora.xtec.cat\/ceippereanton\/?page_id=17537"},"modified":"2026-03-06T16:38:58","modified_gmt":"2026-03-06T15:38:58","slug":"afa","status":"publish","type":"page","link":"https:\/\/agora.xtec.cat\/ceippereanton\/afa\/","title":{"rendered":"AFA"},"content":{"rendered":"\n<p>L\u2019<strong>AFA (Associaci\u00f3 de Fam\u00edlies d\u2019Alumnes)<\/strong> \u00e9s una entitat sense \u00e0nim de lucre formada per les fam\u00edlies de l\u2019escola. Treballem de manera volunt\u00e0ria per millorar el dia a dia dels infants, donar suport a la comunitat educativa i impulsar activitats que enriqueixin la vida escolar. La nostra tasca complementa la feina del centre i t\u00e9 un objectiu molt clar: <strong>fer escola entre totes i tots<\/strong>.<\/p>\n\n\n\n<p>Contacte: afapereanton@gmail.com<\/p>\n\n\n\n<p>Podeu seguir-nos aqu\u00ed: <a href=\"https:\/\/www.instagram.com\/afaescolapereanton\/\" data-type=\"link\" data-id=\"https:\/\/www.instagram.com\/afaescolapereanton\/\"><img loading=\"lazy\" decoding=\"async\" width=\"45\" height=\"44\" class=\"wp-image-17531\" style=\"width: 45px;\" src=\"https:\/\/agora.xtec.cat\/ceippereanton\/wp-content\/uploads\/usu570\/2026\/02\/image.png\" alt=\"\" srcset=\"https:\/\/agora.xtec.cat\/ceippereanton\/wp-content\/uploads\/usu570\/2026\/02\/image.png 400w, https:\/\/agora.xtec.cat\/ceippereanton\/wp-content\/uploads\/usu570\/2026\/02\/image-300x296.png 300w, https:\/\/agora.xtec.cat\/ceippereanton\/wp-content\/uploads\/usu570\/2026\/02\/image-150x150.png 150w\" sizes=\"auto, (max-width: 45px) 100vw, 45px\" \/><\/a>&nbsp;<\/p>\n\n\n\n<div class=\"wp-block-query is-layout-flow wp-block-query-is-layout-flow\"><ul class=\"columns-3 wp-block-post-template has-small-font-size is-layout-grid wp-container-core-post-template-is-layout-1 wp-block-post-template-is-layout-grid\"><li class=\"wp-block-post post-17706 post type-post status-publish format-standard has-post-thumbnail hentry category-general category-noticies-afa\">\n\n<div class=\"wp-block-group is-layout-flow wp-block-group-is-layout-flow\" style=\"padding-top:30px;padding-right:30px;padding-bottom:30px;padding-left:30px\"><h2 class=\"wp-block-post-title\"><a href=\"https:\/\/agora.xtec.cat\/ceippereanton\/general\/el-projecte-naturalitzacio-del-pati-i-millora-del-confort-termic-de-lescola-pereanton-ha-passat-a-la-fase-de-votacio\/\" target=\"_self\" >El projecte &#8220;Naturalitzaci\u00f3 del pati i millora del confort t\u00e8rmic de l\u2019Escola Pereanton&#8221; ha passat a la fase de votaci\u00f3<\/a><\/h2>\n\n<div class=\"wp-block-post-excerpt\"><p class=\"wp-block-post-excerpt__excerpt\">A partir del dilluns 16 de mar\u00e7 i fins el dia 31 del mateix mes, es podr\u00e0 votar la proposta [&hellip;] <\/p><\/div>\n\n<div class=\"wp-block-post-date\"><time datetime=\"2026-03-15T20:47:47+01:00\">15 de mar\u00e7 de 2026<\/time><\/div><\/div>\n\n<\/li><li class=\"wp-block-post post-17509 post type-post status-publish format-standard hentry category-noticies-afa\">\n\n<div class=\"wp-block-group is-layout-flow wp-block-group-is-layout-flow\" style=\"padding-top:30px;padding-right:30px;padding-bottom:30px;padding-left:30px\"><h2 class=\"wp-block-post-title\"><a href=\"https:\/\/agora.xtec.cat\/ceippereanton\/noticies-afa\/presentacio-nova-junta\/\" target=\"_self\" >Presentaci\u00f3 de la nova junta de l&#8217;AFA<\/a><\/h2>\n\n<div class=\"wp-block-post-excerpt\"><p class=\"wp-block-post-excerpt__excerpt\">Benvolgudes fam\u00edlies, Ens fa molta il\u00b7lusi\u00f3 presentar-vos la nova Junta de l\u2019Associaci\u00f3 de Fam\u00edlies d\u2019Alumnes (AFA) de la nostra escola. [&hellip;] <\/p><\/div>\n\n<div class=\"wp-block-post-date\"><time datetime=\"2026-02-22T16:09:05+01:00\">22 de febrer de 2026<\/time><\/div><\/div>\n\n<\/li><li class=\"wp-block-post post-17024 post type-post status-publish format-standard hentry category-noticies-afa\">\n\n<div class=\"wp-block-group is-layout-flow wp-block-group-is-layout-flow\" style=\"padding-top:30px;padding-right:30px;padding-bottom:30px;padding-left:30px\"><h2 class=\"wp-block-post-title\"><a href=\"https:\/\/agora.xtec.cat\/ceippereanton\/noticies-afa\/coneix-que-fem-a-lampa\/\" target=\"_self\" >Coneix qu\u00e8 fem a l\u2019AMPA!<\/a><\/h2>\n\n<div class=\"wp-block-post-excerpt\"><p class=\"wp-block-post-excerpt__excerpt\"> <\/p><\/div>\n\n<div class=\"wp-block-post-date\"><time datetime=\"2025-01-29T23:26:54+01:00\">29 de gener de 2025<\/time><\/div><\/div>\n\n<\/li><li class=\"wp-block-post post-17016 post type-post status-publish format-standard hentry category-noticies-afa\">\n\n<div class=\"wp-block-group is-layout-flow wp-block-group-is-layout-flow\" style=\"padding-top:30px;padding-right:30px;padding-bottom:30px;padding-left:30px\"><h2 class=\"wp-block-post-title\"><a href=\"https:\/\/agora.xtec.cat\/ceippereanton\/noticies-afa\/acta-de-la-primera-reunio-de-curs\/\" target=\"_self\" >Acta de la primera reuni\u00f3 de curs<\/a><\/h2>\n\n<div class=\"wp-block-post-excerpt\"><p class=\"wp-block-post-excerpt__excerpt\">AMPA ESCOLA PEREANTON 06-11-24 <\/p><\/div>\n\n<div class=\"wp-block-post-date\"><time datetime=\"2025-01-29T22:52:40+01:00\">29 de gener de 2025<\/time><\/div><\/div>\n\n<\/li><li class=\"wp-block-post post-16922 post type-post status-publish format-standard hentry category-noticies-afa\">\n\n<div class=\"wp-block-group is-layout-flow wp-block-group-is-layout-flow\" style=\"padding-top:30px;padding-right:30px;padding-bottom:30px;padding-left:30px\"><h2 class=\"wp-block-post-title\"><a href=\"https:\/\/agora.xtec.cat\/ceippereanton\/noticies-afa\/proposta-extraescolars-24-25\/\" target=\"_self\" >Proposta Extraescolars 24-25<\/a><\/h2>\n\n<div class=\"wp-block-post-excerpt\"><p class=\"wp-block-post-excerpt__excerpt\"> <\/p><\/div>\n\n<div class=\"wp-block-post-date\"><time datetime=\"2024-07-09T23:11:42+02:00\">9 de juliol de 2024<\/time><\/div><\/div>\n\n<\/li><li class=\"wp-block-post post-16563 post type-post status-publish format-standard hentry category-noticies-afa\">\n\n<div class=\"wp-block-group is-layout-flow wp-block-group-is-layout-flow\" style=\"padding-top:30px;padding-right:30px;padding-bottom:30px;padding-left:30px\"><h2 class=\"wp-block-post-title\"><a href=\"https:\/\/agora.xtec.cat\/ceippereanton\/noticies-afa\/acta-1-14-10-2022\/\" target=\"_self\" >Acta 1 14-10-2022<\/a><\/h2>\n\n<div class=\"wp-block-post-excerpt\"><p class=\"wp-block-post-excerpt__excerpt\">Hola fam\u00edlies, Adjuntem l&#8217;acta del passat 14 d&#8217;octubre. Acta_1_14-10-2022 Salutacions. AFA \/ AMPA Pereanton <\/p><\/div>\n\n<div class=\"wp-block-post-date\"><time datetime=\"2022-10-30T19:50:55+01:00\">30 d&#8217;octubre de 2022<\/time><\/div><\/div>\n\n<\/li><\/ul><\/div>\n","protected":false},"excerpt":{"rendered":"<p>L\u2019AFA (Associaci\u00f3 de Fam\u00edlies d\u2019Alumnes) \u00e9s una entitat sense \u00e0nim de lucre formada per les fam\u00edlies de l\u2019escola. Treballem de [&hellip;]<\/p>\n","protected":false},"author":50,"featured_media":0,"parent":0,"menu_order":0,"comment_status":"closed","ping_status":"close","template":"","meta":{"_bbp_topic_count":0,"_bbp_reply_count":0,"_bbp_total_topic_count":0,"_bbp_total_reply_count":0,"_bbp_voice_count":0,"_bbp_anonymous_reply_count":0,"_bbp_topic_count_hidden":0,"_bbp_reply_count_hidden":0,"_bbp_forum_subforum_count":0,"site-sidebar-layout":"default","site-content-layout":"","ast-site-content-layout":"default","site-content-style":"default","site-sidebar-style":"default","ast-global-header-display":"","ast-banner-title-visibility":"","ast-main-header-display":"","ast-hfb-above-header-display":"","ast-hfb-below-header-display":"","ast-hfb-mobile-header-display":"","site-post-title":"","ast-breadcrumbs-content":"","ast-featured-img":"","footer-sml-layout":"","theme-transparent-header-meta":"","adv-header-id-meta":"","stick-header-meta":"","header-above-stick-meta":"","header-main-stick-meta":"","header-below-stick-meta":"","astra-migrate-meta-layouts":"set","ast-page-background-enabled":"default","ast-page-background-meta":{"desktop":{"background-color":"var(--ast-global-color-4)","background-image":"","background-repeat":"repeat","background-position":"center center","background-size":"auto","background-attachment":"scroll","background-type":"","background-media":"","overlay-type":"","overlay-color":"","overlay-opacity":"","overlay-gradient":""},"tablet":{"background-color":"","background-image":"","background-repeat":"repeat","background-position":"center center","background-size":"auto","background-attachment":"scroll","background-type":"","background-media":"","overlay-type":"","overlay-color":"","overlay-opacity":"","overlay-gradient":""},"mobile":{"background-color":"","background-image":"","background-repeat":"repeat","background-position":"center center","background-size":"auto","background-attachment":"scroll","background-type":"","background-media":"","overlay-type":"","overlay-color":"","overlay-opacity":"","overlay-gradient":""}},"ast-content-background-meta":{"desktop":{"background-color":"var(--ast-global-color-5)","background-image":"","background-repeat":"repeat","background-position":"center center","background-size":"auto","background-attachment":"scroll","background-type":"","background-media":"","overlay-type":"","overlay-color":"","overlay-opacity":"","overlay-gradient":""},"tablet":{"background-color":"var(--ast-global-color-5)","background-image":"","background-repeat":"repeat","background-position":"center center","background-size":"auto","background-attachment":"scroll","background-type":"","background-media":"","overlay-type":"","overlay-color":"","overlay-opacity":"","overlay-gradient":""},"mobile":{"background-color":"var(--ast-global-color-5)","background-image":"","background-repeat":"repeat","background-position":"center center","background-size":"auto","background-attachment":"scroll","background-type":"","background-media":"","overlay-type":"","overlay-color":"","overlay-opacity":"","overlay-gradient":""}},"footnotes":""},"class_list":["post-17537","page","type-page","status-publish","hentry"],"post_mailing_queue_ids":[],"_links":{"self":[{"href":"https:\/\/agora.xtec.cat\/ceippereanton\/wp-json\/wp\/v2\/pages\/17537","targetHints":{"allow":["GET"]}}],"collection":[{"href":"https:\/\/agora.xtec.cat\/ceippereanton\/wp-json\/wp\/v2\/pages"}],"about":[{"href":"https:\/\/agora.xtec.cat\/ceippereanton\/wp-json\/wp\/v2\/types\/page"}],"author":[{"embeddable":true,"href":"https:\/\/agora.xtec.cat\/ceippereanton\/wp-json\/wp\/v2\/users\/50"}],"replies":[{"embeddable":true,"href":"https:\/\/agora.xtec.cat\/ceippereanton\/wp-json\/wp\/v2\/comments?post=17537"}],"version-history":[{"count":6,"href":"https:\/\/agora.xtec.cat\/ceippereanton\/wp-json\/wp\/v2\/pages\/17537\/revisions"}],"predecessor-version":[{"id":17690,"href":"https:\/\/agora.xtec.cat\/ceippereanton\/wp-json\/wp\/v2\/pages\/17537\/revisions\/17690"}],"wp:attachment":[{"href":"https:\/\/agora.xtec.cat\/ceippereanton\/wp-json\/wp\/v2\/media?parent=17537"}],"curies":[{"name":"wp","href":"https:\/\/api.w.org\/{rel}","templated":true}]}}