{"id":9247,"date":"2023-11-02T16:26:13","date_gmt":"2023-11-02T15:26:13","guid":{"rendered":"https:\/\/agora.xtec.cat\/ceippax\/?page_id=9247"},"modified":"2023-11-02T16:26:13","modified_gmt":"2023-11-02T15:26:13","slug":"vacunes","status":"publish","type":"page","link":"https:\/\/agora.xtec.cat\/ceippax\/salut-escolar\/vacunes\/","title":{"rendered":"VACUNES"},"content":{"rendered":"<p><b>VACUNES<\/b><\/p>\n<p><span style=\"font-weight: 400;\">El Departament de Salut, a trav\u00e9s dels equips d\u2019atenci\u00f3 prim\u00e0ria, administra les vacunes als alumnes als centres escolars segons el calendari de vacunacions vigent a Catalunya.<\/span><\/p>\n<p><span style=\"font-weight: 400;\">La vacunaci\u00f3 \u00e9s la millor opci\u00f3 per a la prevenci\u00f3 i el control de les malalties incloses en el calendari de vacunacions, i la millor alternativa tant per a la salut individual com per a la salut de la comunitat, a m\u00e9s de ser un dret de la ciutadania.<\/span><\/p>\n<p><b>Les vacunes que s&#8217;administren durant el curs escolar a l\u2019alumnat de 6\u00e8 s\u00f3n les seg\u00fcents:<\/b><\/p>\n<p><span style=\"font-weight: 400;\">&#8211; Vacuna contra el virus del papil\u00b7loma hum\u00e0 (vacuna VPH), en dues dosis, a nens i nenes.<\/span><\/p>\n<p><span style=\"font-weight: 400;\">&#8211; Vacuna contra l\u2019hepatitis A (vacuna HA), que s\u2019administra en dues dosis als nens i nenes que no hagin rebut la vacuna anteriorment.\u00a0<\/span><\/p>\n<p><span style=\"font-weight: 400;\">&#8211; Vacuna contra la varicel\u00b7la (vacuna V), que s\u2019administra en dues dosis als nens i nenes que no hagin passat la malaltia ni hagin rebut la vacuna.\u00a0<\/span><\/p>\n<p><span style=\"font-weight: 400;\">&#8211; Vacuna antimeningoc\u00f2ccica conjugada tetravalent (vacuna MACWY), en una \u00fanica dosi als nens i nenes si no l\u2019han rebut despr\u00e9s dels 10 anys, i independentment de les dosis administrades de la vacuna contra el meningococ C conjugada (vacuna MC).<\/span><\/p>\n<p>&nbsp;<\/p>\n<p><b>A l\u2019inici del curs, l\u2019escola informem a les fam\u00edlies de l\u2019alumnat de 6\u00e8 sobre el\u00a0 funcionament del proc\u00e9s de vacunaci\u00f3 que es fa al llarg del curs.\u00a0<\/b><\/p>\n<p>&nbsp;<\/p>\n","protected":false},"excerpt":{"rendered":"<p>VACUNES El Departament de Salut, a trav\u00e9s dels equips d\u2019atenci\u00f3 prim\u00e0ria, administra les vacunes als alumnes als centres escolars segons el calendari de vacunacions vigent a Catalunya. La vacunaci\u00f3 \u00e9s la millor opci\u00f3 per a la prevenci\u00f3 i el control de les malalties incloses en el calendari de vacunacions, i la millor alternativa tant per [&hellip;]<\/p>\n","protected":false},"author":3,"featured_media":0,"parent":9208,"menu_order":0,"comment_status":"closed","ping_status":"closed","template":"","meta":{"_bbp_topic_count":0,"_bbp_reply_count":0,"_bbp_total_topic_count":0,"_bbp_total_reply_count":0,"_bbp_voice_count":0,"_bbp_anonymous_reply_count":0,"_bbp_topic_count_hidden":0,"_bbp_reply_count_hidden":0,"_bbp_forum_subforum_count":0,"site-sidebar-layout":"default","site-content-layout":"","ast-site-content-layout":"","site-content-style":"default","site-sidebar-style":"default","ast-global-header-display":"","ast-banner-title-visibility":"","ast-main-header-display":"","ast-hfb-above-header-display":"","ast-hfb-below-header-display":"","ast-hfb-mobile-header-display":"","site-post-title":"","ast-breadcrumbs-content":"","ast-featured-img":"","footer-sml-layout":"","theme-transparent-header-meta":"","adv-header-id-meta":"","stick-header-meta":"","header-above-stick-meta":"","header-main-stick-meta":"","header-below-stick-meta":"","astra-migrate-meta-layouts":"default","ast-page-background-enabled":"default","ast-page-background-meta":{"desktop":{"background-color":"var(--ast-global-color-4)","background-image":"","background-repeat":"repeat","background-position":"center center","background-size":"auto","background-attachment":"scroll","background-type":"","background-media":"","overlay-type":"","overlay-color":"","overlay-opacity":"","overlay-gradient":""},"tablet":{"background-color":"","background-image":"","background-repeat":"repeat","background-position":"center center","background-size":"auto","background-attachment":"scroll","background-type":"","background-media":"","overlay-type":"","overlay-color":"","overlay-opacity":"","overlay-gradient":""},"mobile":{"background-color":"","background-image":"","background-repeat":"repeat","background-position":"center center","background-size":"auto","background-attachment":"scroll","background-type":"","background-media":"","overlay-type":"","overlay-color":"","overlay-opacity":"","overlay-gradient":""}},"ast-content-background-meta":{"desktop":{"background-color":"var(--ast-global-color-5)","background-image":"","background-repeat":"repeat","background-position":"center center","background-size":"auto","background-attachment":"scroll","background-type":"","background-media":"","overlay-type":"","overlay-color":"","overlay-opacity":"","overlay-gradient":""},"tablet":{"background-color":"var(--ast-global-color-5)","background-image":"","background-repeat":"repeat","background-position":"center center","background-size":"auto","background-attachment":"scroll","background-type":"","background-media":"","overlay-type":"","overlay-color":"","overlay-opacity":"","overlay-gradient":""},"mobile":{"background-color":"var(--ast-global-color-5)","background-image":"","background-repeat":"repeat","background-position":"center center","background-size":"auto","background-attachment":"scroll","background-type":"","background-media":"","overlay-type":"","overlay-color":"","overlay-opacity":"","overlay-gradient":""}},"footnotes":""},"class_list":["post-9247","page","type-page","status-publish","hentry"],"post_mailing_queue_ids":[],"_links":{"self":[{"href":"https:\/\/agora.xtec.cat\/ceippax\/wp-json\/wp\/v2\/pages\/9247","targetHints":{"allow":["GET"]}}],"collection":[{"href":"https:\/\/agora.xtec.cat\/ceippax\/wp-json\/wp\/v2\/pages"}],"about":[{"href":"https:\/\/agora.xtec.cat\/ceippax\/wp-json\/wp\/v2\/types\/page"}],"author":[{"embeddable":true,"href":"https:\/\/agora.xtec.cat\/ceippax\/wp-json\/wp\/v2\/users\/3"}],"replies":[{"embeddable":true,"href":"https:\/\/agora.xtec.cat\/ceippax\/wp-json\/wp\/v2\/comments?post=9247"}],"version-history":[{"count":1,"href":"https:\/\/agora.xtec.cat\/ceippax\/wp-json\/wp\/v2\/pages\/9247\/revisions"}],"predecessor-version":[{"id":9248,"href":"https:\/\/agora.xtec.cat\/ceippax\/wp-json\/wp\/v2\/pages\/9247\/revisions\/9248"}],"up":[{"embeddable":true,"href":"https:\/\/agora.xtec.cat\/ceippax\/wp-json\/wp\/v2\/pages\/9208"}],"wp:attachment":[{"href":"https:\/\/agora.xtec.cat\/ceippax\/wp-json\/wp\/v2\/media?parent=9247"}],"curies":[{"name":"wp","href":"https:\/\/api.w.org\/{rel}","templated":true}]}}