{"id":3690,"date":"2015-06-17T19:14:13","date_gmt":"2015-06-17T17:14:13","guid":{"rendered":"http:\/\/blocs.xtec.cat\/ceippax\/?page_id=3690"},"modified":"2015-06-17T19:14:13","modified_gmt":"2015-06-17T17:14:13","slug":"deures-destiu","status":"publish","type":"page","link":"https:\/\/agora.xtec.cat\/ceippax\/informacio-general\/deures-destiu\/","title":{"rendered":"DEURES D&#8217;ESTIU 2016 CICLE SUPERIOR"},"content":{"rendered":"<p style=\"text-align: center;\"><strong><span style=\"color: #008000;\">CLICANT SOBRE ELS SEG\u00dcENTS ENLLA\u00c7OS US PODREU DESCARREGAR MATERIAL I ADRECES DE P\u00c0GINES WEB PER PODER TREBALLAR A L&#8217;ESTIU<\/span><\/strong><\/p>\n<p style=\"text-align: center;\"><img loading=\"lazy\" decoding=\"async\" class=\"size-full wp-image-4065 alignright\" src=\"http:\/\/agora.xtec.cat\/ceippax\/wp-content\/uploads\/usu1317\/2015\/06\/SNOOPY.jpeg\" alt=\"SNOOPY\" width=\"245\" height=\"205\" \/><\/p>\n<p><a href=\"http:\/\/agora.xtec.cat\/ceippax\/wp-content\/uploads\/usu1317\/2015\/06\/DOSSIER-MATEMATIQUES-5.pdf\">DOSSIER ESTIU MATEM\u00c0TIQUES 5\u00e8<\/a><\/p>\n<p><a href=\"http:\/\/agora.xtec.cat\/ceippax\/wp-content\/uploads\/usu1317\/2016\/07\/Dossier-CATAL\u00c0-5.pdf\" target=\"_blank\">DOSSIER ESTIU LLENGUA CATALANA 5\u00e8<\/a><\/p>\n<p><a href=\"http:\/\/agora.xtec.cat\/ceippax\/wp-content\/uploads\/usu1317\/2016\/07\/Dossier-CASTELL\u00c0-5.pdf\" target=\"_blank\">DOSSIER ESTIU LLENGUA CASTELLANA\u00a05\u00e8<\/a><\/p>\n<p><a href=\"http:\/\/agora.xtec.cat\/ceippax\/wp-content\/uploads\/usu1317\/2016\/07\/DOSSIER-MATEMATIQUES-6.pdf\">DOSSIER ESTIU MATEM\u00c0TIQUES 6\u00e8<\/a><\/p>\n<p><a href=\"http:\/\/agora.xtec.cat\/ceippax\/wp-content\/uploads\/usu1317\/2016\/07\/DOSSIER-CATALA-6.pdf\">DOSSIER ESTIU LLENGUA CATALANA 6\u00e8<\/a><\/p>\n<p><a href=\"http:\/\/agora.xtec.cat\/ceippax\/wp-content\/uploads\/usu1317\/2016\/07\/Dossier-CASTELLA-6.pdf\" target=\"_blank\">DOSSIER ESTIU LLENGUA\u00a0CASTELLANA 6\u00e8<\/a><\/p>\n<p>DEURES <a href=\"http:\/\/agora.xtec.cat\/ceippax\/wp-content\/uploads\/usu1317\/2013\/06\/DEURES-ESTIU-SUPORT-TIC-CAT-CAST-.pdf\">CATAL\u00c0 I CASTELL\u00c0 AMB SUPORT TIC<\/a><\/p>\n<p>DEURES <a href=\"http:\/\/agora.xtec.cat\/ceippax\/wp-content\/uploads\/usu1317\/2013\/06\/DEURES-ESTIU-SUPORT-TIC-ANGLES.pdf\">ANGL\u00c8S AMB SUPORT TIC<\/a><\/p>\n","protected":false},"excerpt":{"rendered":"<p>CLICANT SOBRE ELS SEG\u00dcENTS ENLLA\u00c7OS US PODREU DESCARREGAR MATERIAL I ADRECES DE P\u00c0GINES WEB PER PODER TREBALLAR A L&#8217;ESTIU DOSSIER ESTIU MATEM\u00c0TIQUES 5\u00e8 DOSSIER ESTIU LLENGUA CATALANA 5\u00e8 DOSSIER ESTIU LLENGUA CASTELLANA\u00a05\u00e8 DOSSIER ESTIU MATEM\u00c0TIQUES 6\u00e8 DOSSIER ESTIU LLENGUA CATALANA 6\u00e8 DOSSIER ESTIU LLENGUA\u00a0CASTELLANA 6\u00e8 DEURES CATAL\u00c0 I CASTELL\u00c0 AMB SUPORT TIC DEURES ANGL\u00c8S AMB [&hellip;]<\/p>\n","protected":false},"author":1,"featured_media":0,"parent":241,"menu_order":0,"comment_status":"closed","ping_status":"closed","template":"","meta":{"_bbp_topic_count":0,"_bbp_reply_count":0,"_bbp_total_topic_count":0,"_bbp_total_reply_count":0,"_bbp_voice_count":0,"_bbp_anonymous_reply_count":0,"_bbp_topic_count_hidden":0,"_bbp_reply_count_hidden":0,"_bbp_forum_subforum_count":0,"site-sidebar-layout":"default","site-content-layout":"","ast-site-content-layout":"","site-content-style":"default","site-sidebar-style":"default","ast-global-header-display":"","ast-banner-title-visibility":"","ast-main-header-display":"","ast-hfb-above-header-display":"","ast-hfb-below-header-display":"","ast-hfb-mobile-header-display":"","site-post-title":"","ast-breadcrumbs-content":"","ast-featured-img":"","footer-sml-layout":"","theme-transparent-header-meta":"","adv-header-id-meta":"","stick-header-meta":"","header-above-stick-meta":"","header-main-stick-meta":"","header-below-stick-meta":"","astra-migrate-meta-layouts":"default","ast-page-background-enabled":"default","ast-page-background-meta":{"desktop":{"background-color":"var(--ast-global-color-4)","background-image":"","background-repeat":"repeat","background-position":"center center","background-size":"auto","background-attachment":"scroll","background-type":"","background-media":"","overlay-type":"","overlay-color":"","overlay-opacity":"","overlay-gradient":""},"tablet":{"background-color":"","background-image":"","background-repeat":"repeat","background-position":"center center","background-size":"auto","background-attachment":"scroll","background-type":"","background-media":"","overlay-type":"","overlay-color":"","overlay-opacity":"","overlay-gradient":""},"mobile":{"background-color":"","background-image":"","background-repeat":"repeat","background-position":"center center","background-size":"auto","background-attachment":"scroll","background-type":"","background-media":"","overlay-type":"","overlay-color":"","overlay-opacity":"","overlay-gradient":""}},"ast-content-background-meta":{"desktop":{"background-color":"var(--ast-global-color-5)","background-image":"","background-repeat":"repeat","background-position":"center center","background-size":"auto","background-attachment":"scroll","background-type":"","background-media":"","overlay-type":"","overlay-color":"","overlay-opacity":"","overlay-gradient":""},"tablet":{"background-color":"var(--ast-global-color-5)","background-image":"","background-repeat":"repeat","background-position":"center center","background-size":"auto","background-attachment":"scroll","background-type":"","background-media":"","overlay-type":"","overlay-color":"","overlay-opacity":"","overlay-gradient":""},"mobile":{"background-color":"var(--ast-global-color-5)","background-image":"","background-repeat":"repeat","background-position":"center center","background-size":"auto","background-attachment":"scroll","background-type":"","background-media":"","overlay-type":"","overlay-color":"","overlay-opacity":"","overlay-gradient":""}},"footnotes":""},"class_list":["post-3690","page","type-page","status-publish","hentry"],"post_mailing_queue_ids":[],"_links":{"self":[{"href":"https:\/\/agora.xtec.cat\/ceippax\/wp-json\/wp\/v2\/pages\/3690","targetHints":{"allow":["GET"]}}],"collection":[{"href":"https:\/\/agora.xtec.cat\/ceippax\/wp-json\/wp\/v2\/pages"}],"about":[{"href":"https:\/\/agora.xtec.cat\/ceippax\/wp-json\/wp\/v2\/types\/page"}],"author":[{"embeddable":true,"href":"https:\/\/agora.xtec.cat\/ceippax\/wp-json\/wp\/v2\/users\/1"}],"replies":[{"embeddable":true,"href":"https:\/\/agora.xtec.cat\/ceippax\/wp-json\/wp\/v2\/comments?post=3690"}],"version-history":[{"count":0,"href":"https:\/\/agora.xtec.cat\/ceippax\/wp-json\/wp\/v2\/pages\/3690\/revisions"}],"up":[{"embeddable":true,"href":"https:\/\/agora.xtec.cat\/ceippax\/wp-json\/wp\/v2\/pages\/241"}],"wp:attachment":[{"href":"https:\/\/agora.xtec.cat\/ceippax\/wp-json\/wp\/v2\/media?parent=3690"}],"curies":[{"name":"wp","href":"https:\/\/api.w.org\/{rel}","templated":true}]}}