{"id":3612,"date":"2015-06-01T10:31:22","date_gmt":"2015-06-01T08:31:22","guid":{"rendered":"http:\/\/blocs.xtec.cat\/ceippax\/?page_id=3612"},"modified":"2026-01-20T12:19:02","modified_gmt":"2026-01-20T11:19:02","slug":"matriculacio","status":"publish","type":"page","link":"https:\/\/agora.xtec.cat\/ceippax\/informacio-general\/matriculacio\/","title":{"rendered":"MATRICULACI\u00d3 2025-2026 (pendent d&#8217;actualitzar)"},"content":{"rendered":"<p><strong>DIES<\/strong>: Del 25 de juny a l&#8217;1 de juliol de 2025<br \/>\n<strong>HORARI <\/strong>: De 9h a 14h (Cal demanar cita pr\u00e8via)<\/p>\n<p>Benvinguts i benvingudes a la nostra escola!<\/p>\n<p>Si el vostre fill\/filla ha estat adm\u00e8s\/a, a partir d&#8217;ara formareu part de la fam\u00edlia del Pax.<\/p>\n<p>Hi ha convocada una reuni\u00f3 <strong>presencial<\/strong> per les fam\u00edlies nouvingudes d&#8217;I3 a la biblioteca del centre el proper dimecres <strong>18 de juny a les 15.15h.<\/strong><\/p>\n<p>En aquesta reuni\u00f3 explicarem el proc\u00e9s de matriculaci\u00f3, l&#8217;organitzaci\u00f3 de l&#8217;escola, l&#8217;inici de curs al setembre i les beques de menjador.<\/p>\n<p>A m\u00e9s a m\u00e9s, cal que demaneu cita pr\u00e8via per formalitzar la matr\u00edcula presencialment <strong>entre els dies 25 de juny i 1 de juliol en horari de 9.00h a 14.00h clicant a la imatge inferior. \u00c9s important que quan demaneu cita pr\u00e8via, poseu el nom i cognoms\u00a0 de l\u2019infant a l\u2019apartat d\u2019observacions. Demaneu nom\u00e9s 1 cita i si teniu qualsevol incid\u00e8ncia, truqueu a l&#8217;escola al tel\u00e8fon 977230485. El formulari de cita pr\u00e8via estar\u00e0 obert a partir del dia 16 de juny.<\/strong><\/p>\n<p><a href=\"https:\/\/aplicacions.gestioeducativa.gencat.cat\/ords\/pls\/apex\/f?p=CITA_PREVIA:4::::4:P4_TIPUS_CALENDARI,P4_DOMINI:03_Oblig,43007117\"><img loading=\"lazy\" decoding=\"async\" class=\"size-medium wp-image-7537 aligncenter\" src=\"https:\/\/agora.xtec.cat\/ceippax\/wp-content\/uploads\/usu1317\/2020\/05\/180601-logo-cita-pr\u00e8via-WEB_-300x180.jpg\" alt=\"\" width=\"300\" height=\"180\" srcset=\"https:\/\/agora.xtec.cat\/ceippax\/wp-content\/uploads\/usu1317\/2020\/05\/180601-logo-cita-pr\u00e8via-WEB_-300x180.jpg 300w, https:\/\/agora.xtec.cat\/ceippax\/wp-content\/uploads\/usu1317\/2020\/05\/180601-logo-cita-pr\u00e8via-WEB_.jpg 350w\" sizes=\"auto, (max-width: 300px) 100vw, 300px\" \/><\/a><\/p>\n<p>En el moment de formalitzar la matr\u00edcula s\u2019ha de lliurar la documentaci\u00f3 requerida. Es realitzar\u00e0 tot el tr\u00e0mit en una sola cita.<\/p>\n<p><strong>DOCUMENTACI\u00d3 QUE CAL PRESENTAR PER A FORMALITZAR LA MATR\u00cdCULA<\/strong><\/p>\n<p>\u2013 Una fotografia (mida carnet).<\/p>\n<p>\u2013 Haver lliurat la documentaci\u00f3 de la preinscripci\u00f3. Si a la preinscripci\u00f3 no vau lliurar la fotoc\u00f2pia del DNI dels pares, a la matr\u00edcula cal lliurar la fotoc\u00f2pia del DNI del pare o mare que falti.<\/p>\n<p>\u2013\u00a0Fotoc\u00f2pia del llibre de fam\u00edlia si no ho vau lliurar a la preinscripci\u00f3.<\/p>\n<p>\u2013 Fotoc\u00f2pia del carnet de vacunes.<\/p>\n<p>\u2013 Fotoc\u00f2pia de la TSI (Targeta Sanit\u00e0ria Individual) del nen o nena.<\/p>\n<p>\u2013 Fulls de matr\u00edcula omplerts que us facilitarem el dia de la reuni\u00f3. (Tamb\u00e9 els facilitarem per correu per si alguna fam\u00edlia no pot assistir a la reuni\u00f3).<\/p>\n<p>&nbsp;<\/p>\n<p>&nbsp;<\/p>\n","protected":false},"excerpt":{"rendered":"<p>DIES: Del 25 de juny a l&#8217;1 de juliol de 2025 HORARI : De 9h a 14h (Cal demanar cita pr\u00e8via) Benvinguts i benvingudes a la nostra escola! Si el vostre fill\/filla ha estat adm\u00e8s\/a, a partir d&#8217;ara formareu part de la fam\u00edlia del Pax. Hi ha convocada una reuni\u00f3 presencial per les fam\u00edlies nouvingudes [&hellip;]<\/p>\n","protected":false},"author":1,"featured_media":0,"parent":241,"menu_order":0,"comment_status":"closed","ping_status":"closed","template":"","meta":{"_bbp_topic_count":0,"_bbp_reply_count":0,"_bbp_total_topic_count":0,"_bbp_total_reply_count":0,"_bbp_voice_count":0,"_bbp_anonymous_reply_count":0,"_bbp_topic_count_hidden":0,"_bbp_reply_count_hidden":0,"_bbp_forum_subforum_count":0,"site-sidebar-layout":"default","site-content-layout":"","ast-site-content-layout":"default","site-content-style":"default","site-sidebar-style":"default","ast-global-header-display":"","ast-banner-title-visibility":"","ast-main-header-display":"","ast-hfb-above-header-display":"","ast-hfb-below-header-display":"","ast-hfb-mobile-header-display":"","site-post-title":"","ast-breadcrumbs-content":"","ast-featured-img":"","footer-sml-layout":"","theme-transparent-header-meta":"default","adv-header-id-meta":"","stick-header-meta":"","header-above-stick-meta":"","header-main-stick-meta":"","header-below-stick-meta":"","astra-migrate-meta-layouts":"set","ast-page-background-enabled":"default","ast-page-background-meta":{"desktop":{"background-color":"var(--ast-global-color-4)","background-image":"","background-repeat":"repeat","background-position":"center center","background-size":"auto","background-attachment":"scroll","background-type":"","background-media":"","overlay-type":"","overlay-color":"","overlay-opacity":"","overlay-gradient":""},"tablet":{"background-color":"","background-image":"","background-repeat":"repeat","background-position":"center center","background-size":"auto","background-attachment":"scroll","background-type":"","background-media":"","overlay-type":"","overlay-color":"","overlay-opacity":"","overlay-gradient":""},"mobile":{"background-color":"","background-image":"","background-repeat":"repeat","background-position":"center center","background-size":"auto","background-attachment":"scroll","background-type":"","background-media":"","overlay-type":"","overlay-color":"","overlay-opacity":"","overlay-gradient":""}},"ast-content-background-meta":{"desktop":{"background-color":"var(--ast-global-color-5)","background-image":"","background-repeat":"repeat","background-position":"center center","background-size":"auto","background-attachment":"scroll","background-type":"","background-media":"","overlay-type":"","overlay-color":"","overlay-opacity":"","overlay-gradient":""},"tablet":{"background-color":"var(--ast-global-color-5)","background-image":"","background-repeat":"repeat","background-position":"center center","background-size":"auto","background-attachment":"scroll","background-type":"","background-media":"","overlay-type":"","overlay-color":"","overlay-opacity":"","overlay-gradient":""},"mobile":{"background-color":"var(--ast-global-color-5)","background-image":"","background-repeat":"repeat","background-position":"center center","background-size":"auto","background-attachment":"scroll","background-type":"","background-media":"","overlay-type":"","overlay-color":"","overlay-opacity":"","overlay-gradient":""}},"footnotes":""},"class_list":["post-3612","page","type-page","status-publish","hentry"],"post_mailing_queue_ids":[],"_links":{"self":[{"href":"https:\/\/agora.xtec.cat\/ceippax\/wp-json\/wp\/v2\/pages\/3612","targetHints":{"allow":["GET"]}}],"collection":[{"href":"https:\/\/agora.xtec.cat\/ceippax\/wp-json\/wp\/v2\/pages"}],"about":[{"href":"https:\/\/agora.xtec.cat\/ceippax\/wp-json\/wp\/v2\/types\/page"}],"author":[{"embeddable":true,"href":"https:\/\/agora.xtec.cat\/ceippax\/wp-json\/wp\/v2\/users\/1"}],"replies":[{"embeddable":true,"href":"https:\/\/agora.xtec.cat\/ceippax\/wp-json\/wp\/v2\/comments?post=3612"}],"version-history":[{"count":7,"href":"https:\/\/agora.xtec.cat\/ceippax\/wp-json\/wp\/v2\/pages\/3612\/revisions"}],"predecessor-version":[{"id":11316,"href":"https:\/\/agora.xtec.cat\/ceippax\/wp-json\/wp\/v2\/pages\/3612\/revisions\/11316"}],"up":[{"embeddable":true,"href":"https:\/\/agora.xtec.cat\/ceippax\/wp-json\/wp\/v2\/pages\/241"}],"wp:attachment":[{"href":"https:\/\/agora.xtec.cat\/ceippax\/wp-json\/wp\/v2\/media?parent=3612"}],"curies":[{"name":"wp","href":"https:\/\/api.w.org\/{rel}","templated":true}]}}