{"id":219,"date":"2018-12-11T18:45:16","date_gmt":"2018-12-11T17:45:16","guid":{"rendered":"http:\/\/blocs.xtec.cat\/ceippax\/el-centre\/el-consell-escolar\/"},"modified":"2024-05-15T16:11:56","modified_gmt":"2024-05-15T14:11:56","slug":"el-consell-escolar","status":"publish","type":"page","link":"https:\/\/agora.xtec.cat\/ceippax\/el-centre\/el-consell-escolar\/","title":{"rendered":"4. EL CONSELL ESCOLAR"},"content":{"rendered":"<h4><\/h4>\n<p>&nbsp;<\/p>\n<h4 style=\"text-align: left;\"><span style=\"color: #008080;\"><strong>MEMBRES DEL CONSELL<\/strong><\/span><\/h4>\n<p>&nbsp;<\/p>\n<p><strong>DIRECTORA:\u00a0<\/strong>Eva Masvidal Sorinas<\/p>\n<p><strong>CAP D&#8217;ESTUDIS:<\/strong>\u00a0Marta Figueras Palau<\/p>\n<p><strong>SECRET\u00c0RIA: <\/strong>Patricia Rodr\u00edguez G\u00f3mez<\/p>\n<table style=\"height: 300px; width: 57.6037%;\">\n<tbody>\n<tr>\n<td style=\"width: 60.0555%;\"><strong>SECTOR PARES I MARES:<\/strong><\/p>\n<p>S\u00f2nia Bertran Piqu\u00e9<\/p>\n<p>Josep Panad\u00e8s Oll\u00e9<\/p>\n<p>Montserrat Forn\u00f3s Montan\u00e9<\/p>\n<p>M\u00f3nica G\u00f3mez Chico<\/p>\n<p>Cristina Plana Llaurad\u00f3<\/p>\n<p>Oriol Aguilera Agust\u00edn (Representant AFA)<\/td>\n<td style=\"width: 47.5372%;\"><strong style=\"line-height: 1.714285714; font-size: 1rem;\">SECTOR MESTRES:<\/strong><\/p>\n<p style=\"font-weight: 400;\">Anna Pastrana Bitr\u00eda<\/p>\n<p style=\"font-weight: 400;\">Rebeca Pont Castells<\/p>\n<p style=\"font-weight: 400;\">Elena Rion Segarra<\/p>\n<p>Susagna Gim\u00e9nez Arroyo<\/p>\n<p>Sonia Tur\u00f3n \u00c1lvarez<\/p>\n<p>Ver\u00f3nica Vecino L\u00e1zaro<\/td>\n<\/tr>\n<\/tbody>\n<\/table>\n<p><strong style=\"line-height: 1.714285714; font-size: 1rem;\">REPRESENTANT AJUNTAMENT: <\/strong>Toni Garcia Aguilar<\/p>\n<p><strong>SECTOR P.A.S.:\u00a0<\/strong>Ester Angl\u00e8s Vidal<\/p>\n<p><strong>SECTOR P.A.E.: <\/strong>Joan Raul L\u00f3pez Grippa<\/p>\n<table style=\"height: 114px; width: 540px;\">\n<tbody>\n<tr>\n<td style=\"width: 254px;\"><strong style=\"line-height: 1.714285714; font-size: 1rem;\">COMISSI\u00d3 ECON\u00d2MICA<\/strong><\/p>\n<p>Eva Masvidal Sorinas<\/p>\n<p>Patricia Rodr\u00edguez G\u00f3mez<\/p>\n<p>M\u00f3nica G\u00f3mez Chico<\/p>\n<p>Josep Panad\u00e8s Oll\u00e9<\/p>\n<p>Sonia Tur\u00f3n \u00c1lvarez<\/td>\n<td style=\"width: 278px;\"><strong>COMISSI\u00d3 PERMANENT<\/strong><\/p>\n<p style=\"font-weight: 400;\">Eva Masvidal Sorinas<\/p>\n<p style=\"font-weight: 400;\">Marta Figueras Palau<\/p>\n<p style=\"font-weight: 400;\">Patr\u00edcia Rodr\u00edguez G\u00f3mez<\/p>\n<p style=\"font-weight: 400;\">Montse Forn\u00f3s Montan\u00e9<\/p>\n<p>Anna Pastrana Bitr\u00eda<\/p>\n<p>&nbsp;<\/td>\n<\/tr>\n<tr>\n<td style=\"width: 254px; background-color: #ffffff;\"><strong>COMISSI\u00d3 CONVIV\u00c8NCIA<\/strong><\/p>\n<p style=\"font-weight: 400;\">Eva Masvidal Sorinas<\/p>\n<p style=\"font-weight: 400;\">S\u00f2nia Bertran Piqu\u00e9<\/p>\n<p style=\"font-weight: 400;\">Cristina Plana Llaurad\u00f3<\/p>\n<p>Elena Rion Segarra<\/td>\n<td style=\"width: 278px; background-color: #ffffff;\">&nbsp;<\/p>\n<p>&nbsp;<\/td>\n<\/tr>\n<\/tbody>\n<\/table>\n<p>&nbsp;<\/p>\n<p><strong>\u00a0<\/strong><\/p>\n","protected":false},"excerpt":{"rendered":"<p>&nbsp; MEMBRES DEL CONSELL &nbsp; DIRECTORA:\u00a0Eva Masvidal Sorinas CAP D&#8217;ESTUDIS:\u00a0Marta Figueras Palau SECRET\u00c0RIA: Patricia Rodr\u00edguez G\u00f3mez SECTOR PARES I MARES: S\u00f2nia Bertran Piqu\u00e9 Josep Panad\u00e8s Oll\u00e9 Montserrat Forn\u00f3s Montan\u00e9 M\u00f3nica G\u00f3mez Chico Cristina Plana Llaurad\u00f3 Oriol Aguilera Agust\u00edn (Representant AFA) SECTOR MESTRES: Anna Pastrana Bitr\u00eda Rebeca Pont Castells Elena Rion Segarra Susagna Gim\u00e9nez Arroyo Sonia [&hellip;]<\/p>\n","protected":false},"author":1,"featured_media":0,"parent":16,"menu_order":0,"comment_status":"open","ping_status":"open","template":"","meta":{"_bbp_topic_count":0,"_bbp_reply_count":0,"_bbp_total_topic_count":0,"_bbp_total_reply_count":0,"_bbp_voice_count":0,"_bbp_anonymous_reply_count":0,"_bbp_topic_count_hidden":0,"_bbp_reply_count_hidden":0,"_bbp_forum_subforum_count":0,"site-sidebar-layout":"default","site-content-layout":"","ast-site-content-layout":"","site-content-style":"default","site-sidebar-style":"default","ast-global-header-display":"","ast-banner-title-visibility":"","ast-main-header-display":"","ast-hfb-above-header-display":"","ast-hfb-below-header-display":"","ast-hfb-mobile-header-display":"","site-post-title":"","ast-breadcrumbs-content":"","ast-featured-img":"","footer-sml-layout":"","theme-transparent-header-meta":"","adv-header-id-meta":"","stick-header-meta":"","header-above-stick-meta":"","header-main-stick-meta":"","header-below-stick-meta":"","astra-migrate-meta-layouts":"default","ast-page-background-enabled":"default","ast-page-background-meta":{"desktop":{"background-color":"var(--ast-global-color-4)","background-image":"","background-repeat":"repeat","background-position":"center center","background-size":"auto","background-attachment":"scroll","background-type":"","background-media":"","overlay-type":"","overlay-color":"","overlay-opacity":"","overlay-gradient":""},"tablet":{"background-color":"","background-image":"","background-repeat":"repeat","background-position":"center center","background-size":"auto","background-attachment":"scroll","background-type":"","background-media":"","overlay-type":"","overlay-color":"","overlay-opacity":"","overlay-gradient":""},"mobile":{"background-color":"","background-image":"","background-repeat":"repeat","background-position":"center center","background-size":"auto","background-attachment":"scroll","background-type":"","background-media":"","overlay-type":"","overlay-color":"","overlay-opacity":"","overlay-gradient":""}},"ast-content-background-meta":{"desktop":{"background-color":"var(--ast-global-color-5)","background-image":"","background-repeat":"repeat","background-position":"center center","background-size":"auto","background-attachment":"scroll","background-type":"","background-media":"","overlay-type":"","overlay-color":"","overlay-opacity":"","overlay-gradient":""},"tablet":{"background-color":"var(--ast-global-color-5)","background-image":"","background-repeat":"repeat","background-position":"center center","background-size":"auto","background-attachment":"scroll","background-type":"","background-media":"","overlay-type":"","overlay-color":"","overlay-opacity":"","overlay-gradient":""},"mobile":{"background-color":"var(--ast-global-color-5)","background-image":"","background-repeat":"repeat","background-position":"center center","background-size":"auto","background-attachment":"scroll","background-type":"","background-media":"","overlay-type":"","overlay-color":"","overlay-opacity":"","overlay-gradient":""}},"footnotes":""},"class_list":["post-219","page","type-page","status-publish","hentry"],"post_mailing_queue_ids":[],"_links":{"self":[{"href":"https:\/\/agora.xtec.cat\/ceippax\/wp-json\/wp\/v2\/pages\/219","targetHints":{"allow":["GET"]}}],"collection":[{"href":"https:\/\/agora.xtec.cat\/ceippax\/wp-json\/wp\/v2\/pages"}],"about":[{"href":"https:\/\/agora.xtec.cat\/ceippax\/wp-json\/wp\/v2\/types\/page"}],"author":[{"embeddable":true,"href":"https:\/\/agora.xtec.cat\/ceippax\/wp-json\/wp\/v2\/users\/1"}],"replies":[{"embeddable":true,"href":"https:\/\/agora.xtec.cat\/ceippax\/wp-json\/wp\/v2\/comments?post=219"}],"version-history":[{"count":6,"href":"https:\/\/agora.xtec.cat\/ceippax\/wp-json\/wp\/v2\/pages\/219\/revisions"}],"predecessor-version":[{"id":9887,"href":"https:\/\/agora.xtec.cat\/ceippax\/wp-json\/wp\/v2\/pages\/219\/revisions\/9887"}],"up":[{"embeddable":true,"href":"https:\/\/agora.xtec.cat\/ceippax\/wp-json\/wp\/v2\/pages\/16"}],"wp:attachment":[{"href":"https:\/\/agora.xtec.cat\/ceippax\/wp-json\/wp\/v2\/media?parent=219"}],"curies":[{"name":"wp","href":"https:\/\/api.w.org\/{rel}","templated":true}]}}