{"id":2123,"date":"2023-03-30T10:39:08","date_gmt":"2023-03-30T08:39:08","guid":{"rendered":"https:\/\/agora.xtec.cat\/ceippauvilaterrassa\/?page_id=2123"},"modified":"2025-12-28T19:21:13","modified_gmt":"2025-12-28T18:21:13","slug":"representants","status":"publish","type":"page","link":"https:\/\/agora.xtec.cat\/ceippauvilaterrassa\/lescola\/consell-escolar\/representants\/","title":{"rendered":"Representants"},"content":{"rendered":"<p><strong>Equip Directiu<\/strong>:<\/p>\n<ul>\n<li>Marta Panad\u00e9s (directora en funcions)<\/li>\n<li>Neus L\u00f3pez (cap d&#8217;estudis)<\/li>\n<li>Merc\u00e8 \u00c1lvarez (secret\u00e0ria en funcions)<\/li>\n<\/ul>\n<p><strong>Sector Mestres<\/strong>:<\/p>\n<ul>\n<li>J\u00falia Aljama<\/li>\n<li>Merc\u00e8 \u00c1lvarez<\/li>\n<li>M\u00f2nica Jimbel<\/li>\n<li>Laura L\u00f3pez<\/li>\n<li>Lorena Qui\u00f1ones<\/li>\n<li>Cristina Ruiz<\/li>\n<\/ul>\n<p><strong>Sector PAS<\/strong>:<\/p>\n<ul>\n<li>Francisco Escudero<\/li>\n<\/ul>\n<p><strong>Sector PAE<\/strong>:<\/p>\n<ul>\n<li>N\u00faria Guti\u00e9rrez<\/li>\n<\/ul>\n<p><strong>Sector Fam\u00edlies<\/strong>:<\/p>\n<ul>\n<li>Daniele Vigano<\/li>\n<li>Nisrine Chemellali Makdoun<\/li>\n<li>Laura Castillo<\/li>\n<li>Khadi Mart\u00ednez (representant AFA)<\/li>\n<\/ul>\n<p><strong>Representant de l&#8217;Ajuntament<\/strong>:<\/p>\n<ul>\n<li>Montserrat Alba (regidora)<\/li>\n<\/ul>\n","protected":false},"excerpt":{"rendered":"<p>Equip Directiu: Marta Panad\u00e9s (directora en funcions) Neus L\u00f3pez (cap d&#8217;estudis) Merc\u00e8 \u00c1lvarez (secret\u00e0ria en funcions) Sector Mestres: J\u00falia Aljama Merc\u00e8 \u00c1lvarez M\u00f2nica Jimbel Laura L\u00f3pez Lorena Qui\u00f1ones Cristina Ruiz Sector PAS: Francisco Escudero Sector PAE: N\u00faria Guti\u00e9rrez Sector Fam\u00edlies: Daniele Vigano Nisrine Chemellali Makdoun Laura Castillo Khadi Mart\u00ednez (representant AFA) Representant de l&#8217;Ajuntament: Montserrat [&hellip;]<\/p>\n","protected":false},"author":7,"featured_media":0,"parent":2121,"menu_order":1,"comment_status":"closed","ping_status":"closed","template":"","meta":{"_bbp_topic_count":0,"_bbp_reply_count":0,"_bbp_total_topic_count":0,"_bbp_total_reply_count":0,"_bbp_voice_count":0,"_bbp_anonymous_reply_count":0,"_bbp_topic_count_hidden":0,"_bbp_reply_count_hidden":0,"_bbp_forum_subforum_count":0,"site-sidebar-layout":"default","site-content-layout":"","ast-site-content-layout":"","site-content-style":"default","site-sidebar-style":"default","ast-global-header-display":"","ast-banner-title-visibility":"","ast-main-header-display":"","ast-hfb-above-header-display":"","ast-hfb-below-header-display":"","ast-hfb-mobile-header-display":"","site-post-title":"","ast-breadcrumbs-content":"","ast-featured-img":"","footer-sml-layout":"","theme-transparent-header-meta":"","adv-header-id-meta":"","stick-header-meta":"","header-above-stick-meta":"","header-main-stick-meta":"","header-below-stick-meta":"","astra-migrate-meta-layouts":"default","ast-page-background-enabled":"default","ast-page-background-meta":{"desktop":{"background-color":"var(--ast-global-color-4)","background-image":"","background-repeat":"repeat","background-position":"center center","background-size":"auto","background-attachment":"scroll","background-type":"","background-media":"","overlay-type":"","overlay-color":"","overlay-opacity":"","overlay-gradient":""},"tablet":{"background-color":"","background-image":"","background-repeat":"repeat","background-position":"center center","background-size":"auto","background-attachment":"scroll","background-type":"","background-media":"","overlay-type":"","overlay-color":"","overlay-opacity":"","overlay-gradient":""},"mobile":{"background-color":"","background-image":"","background-repeat":"repeat","background-position":"center center","background-size":"auto","background-attachment":"scroll","background-type":"","background-media":"","overlay-type":"","overlay-color":"","overlay-opacity":"","overlay-gradient":""}},"ast-content-background-meta":{"desktop":{"background-color":"var(--ast-global-color-5)","background-image":"","background-repeat":"repeat","background-position":"center center","background-size":"auto","background-attachment":"scroll","background-type":"","background-media":"","overlay-type":"","overlay-color":"","overlay-opacity":"","overlay-gradient":""},"tablet":{"background-color":"var(--ast-global-color-5)","background-image":"","background-repeat":"repeat","background-position":"center center","background-size":"auto","background-attachment":"scroll","background-type":"","background-media":"","overlay-type":"","overlay-color":"","overlay-opacity":"","overlay-gradient":""},"mobile":{"background-color":"var(--ast-global-color-5)","background-image":"","background-repeat":"repeat","background-position":"center center","background-size":"auto","background-attachment":"scroll","background-type":"","background-media":"","overlay-type":"","overlay-color":"","overlay-opacity":"","overlay-gradient":""}},"footnotes":""},"class_list":["post-2123","page","type-page","status-publish","hentry"],"post_mailing_queue_ids":[],"_links":{"self":[{"href":"https:\/\/agora.xtec.cat\/ceippauvilaterrassa\/wp-json\/wp\/v2\/pages\/2123","targetHints":{"allow":["GET"]}}],"collection":[{"href":"https:\/\/agora.xtec.cat\/ceippauvilaterrassa\/wp-json\/wp\/v2\/pages"}],"about":[{"href":"https:\/\/agora.xtec.cat\/ceippauvilaterrassa\/wp-json\/wp\/v2\/types\/page"}],"author":[{"embeddable":true,"href":"https:\/\/agora.xtec.cat\/ceippauvilaterrassa\/wp-json\/wp\/v2\/users\/7"}],"replies":[{"embeddable":true,"href":"https:\/\/agora.xtec.cat\/ceippauvilaterrassa\/wp-json\/wp\/v2\/comments?post=2123"}],"version-history":[{"count":3,"href":"https:\/\/agora.xtec.cat\/ceippauvilaterrassa\/wp-json\/wp\/v2\/pages\/2123\/revisions"}],"predecessor-version":[{"id":2498,"href":"https:\/\/agora.xtec.cat\/ceippauvilaterrassa\/wp-json\/wp\/v2\/pages\/2123\/revisions\/2498"}],"up":[{"embeddable":true,"href":"https:\/\/agora.xtec.cat\/ceippauvilaterrassa\/wp-json\/wp\/v2\/pages\/2121"}],"wp:attachment":[{"href":"https:\/\/agora.xtec.cat\/ceippauvilaterrassa\/wp-json\/wp\/v2\/media?parent=2123"}],"curies":[{"name":"wp","href":"https:\/\/api.w.org\/{rel}","templated":true}]}}