{"id":38,"date":"2014-09-18T12:34:08","date_gmt":"2014-09-18T11:34:08","guid":{"rendered":"http:\/\/agora.xtec.cat\/ceippauvilaelpapiol\/?page_id=38"},"modified":"2018-11-05T12:09:50","modified_gmt":"2018-11-05T11:09:50","slug":"salut","status":"publish","type":"page","link":"https:\/\/agora.xtec.cat\/ceippauvilaelpapiol\/lescola\/salut\/","title":{"rendered":"Salut"},"content":{"rendered":"<h4><strong>Medicaci\u00f3 al centre:<\/strong><\/h4>\n<p>Des de l\u2019<strong>escola no s\u2019administrar\u00e0 cap tipus de medicament<\/strong> als alumnes. En el cas que algun alumne segueixi un tractament determinat, caldr\u00e0 que les fam\u00edlies ho comuniquin amb el nom, la dosi a administrar, l\u2019horari i una c\u00f2pia de la recepta m\u00e8dica.<\/p>\n<p><a href=\"http:\/\/agora.xtec.cat\/ceippauvilaelpapiol\/documents\/\"><span style=\"text-decoration: underline;\"><strong>Caldr\u00e0 tenir signada l&#8217;autoritzaci\u00f3 d&#8217;administraci\u00f3 de medicaments del dossier d&#8217;autoritzacions del curs.<\/strong><\/span><\/a><\/p>\n<p>&nbsp;<\/p>\n<h4><img loading=\"lazy\" decoding=\"async\" class=\"wp-image-2236 alignleft\" src=\"http:\/\/agora.xtec.cat\/ceippauvilaelpapiol\/wp-content\/uploads\/usu1485\/2014\/09\/TOs-convulsa.gif\" alt=\"\" width=\"341\" height=\"212\" \/><span style=\"text-decoration: underline;\"><strong>Administraci\u00f3 de paracetamol:<\/strong><\/span><\/h4>\n<p><strong>En cas de presentar febre superior a 38\u00baC <\/strong>de temperatura corporal <u>mentre s\u2019espera l\u2019arribada d\u2019algun familiar que el pugui portar a casa <\/u>es pot autoritzar a l&#8217;escola que s&#8217;administri paracetamol.<\/p>\n<p><a href=\"http:\/\/agora.xtec.cat\/ceippauvilaelpapiol\/documents\/\"><span style=\"text-decoration: underline;\"><strong>Caldr\u00e0 tenir signada l&#8217;autoritzaci\u00f3 d&#8217;administraci\u00f3 de medicaments del dossier d&#8217;autoritzacions del curs.<\/strong><\/span><\/a><\/p>\n<h4><\/h4>\n<h4><\/h4>\n<h4><\/h4>\n<p>&nbsp;<\/p>\n<h4><strong><span style=\"text-decoration: underline;\">Par\u00e0sits capil\u00b7lars &#8211; Polls:<\/span><\/strong><\/h4>\n<p>Us recordem que, segons consta a la normativa del nostre centre, <strong>no es pot assistir a l&#8217;escola amb el cap amb polls o ll\u00e9menes.<\/strong><\/p>\n<p><img loading=\"lazy\" decoding=\"async\" class=\"wp-image-2244 alignright\" src=\"http:\/\/agora.xtec.cat\/ceippauvilaelpapiol\/wp-content\/uploads\/usu1485\/2014\/09\/polls.bmp\" alt=\"\" width=\"249\" height=\"273\" \/>Si confirmeu la pres\u00e8ncia d\u2019aquest par\u00e0sit, la \u00fanica forma d&#8217;eradicar aquest problema \u00e9s fent\u00a0 correctament un tractament espec\u00edfic que heu d\u2019adquirir a les farm\u00e0cies<\/p>\n<p>Us adjuntem informaci\u00f3 del Col\u00b7legi de farmac\u00e8utics de Barcelona:<\/p>\n<p><strong><a href=\"http:\/\/agora.xtec.cat\/ceippauvilaelpapiol\/wp-content\/uploads\/usu1485\/2014\/09\/polls-col\u00b7legi-de-farmac\u00e8utics.pdf\">Informaci\u00f3 polls &#8211; col\u00b7legi de farmac\u00e8utics<\/a><\/strong><\/p>\n<p>&nbsp;<\/p>\n<p><u><br \/>\n<\/u><\/p>\n<p>&nbsp;<\/p>\n<p>Aqu\u00ed podeu veure el programa del Canal 33: <em>&#8220;Qu\u00e8 qui com&#8221;<\/em>, que ens explica que fer quan al cap d&#8217;un infant apareix una ll\u00e9mena o un poll i quins productes s\u00f3n eficients i quins no:<\/p>\n<p>&nbsp;<\/p>\n<p><a href=\"http:\/\/www.ccma.cat\/tv3\/alacarta\/programa\/Polls\/video\/3367290\/\"><img loading=\"lazy\" decoding=\"async\" class=\"aligncenter wp-image-2247\" src=\"http:\/\/agora.xtec.cat\/ceippauvilaelpapiol\/wp-content\/uploads\/usu1485\/2014\/09\/QueQuiCom1.png\" alt=\"\" width=\"415\" height=\"216\" srcset=\"https:\/\/agora.xtec.cat\/ceippauvilaelpapiol\/wp-content\/uploads\/usu1485\/2014\/09\/QueQuiCom1.png 702w, https:\/\/agora.xtec.cat\/ceippauvilaelpapiol\/wp-content\/uploads\/usu1485\/2014\/09\/QueQuiCom1-300x156.png 300w\" sizes=\"auto, (max-width: 415px) 100vw, 415px\" \/><\/a><\/p>\n<p>&nbsp;<\/p>\n<p>&nbsp;<\/p>\n","protected":false},"excerpt":{"rendered":"<p>Medicaci\u00f3 al centre:<br \/>\nDes de l\u2019escola no s\u2019administrar\u00e0 cap tipus de medicament als alumnes. En el cas que algun alumne segueixi un tractament determinat, caldr\u00e0 que les fam\u00edlies ho comuniquin amb el nom, la dosi a administrar, l\u2019horari i una c\u00f2pia de la recepta m\u00e8dica.<br \/>\n<a href=\"http:\/\/agora.xtec.cat\/ceippauvilaelpapiol\/documents\/\">Caldr\u00e0&hellip;  <a href=\"https:\/\/agora.xtec.cat\/ceippauvilaelpapiol\/lescola\/salut\/\" title=\"Read Salut\">Llegeix m\u00e9s\u00bb<\/a><\/p>\n","protected":false},"author":1,"featured_media":0,"parent":22,"menu_order":80,"comment_status":"closed","ping_status":"closed","template":"page-templates\/side-menu.php","meta":{"_bbp_topic_count":0,"_bbp_reply_count":0,"_bbp_total_topic_count":0,"_bbp_total_reply_count":0,"_bbp_voice_count":0,"_bbp_anonymous_reply_count":0,"_bbp_topic_count_hidden":0,"_bbp_reply_count_hidden":0,"_bbp_forum_subforum_count":0,"footnotes":""},"class_list":["post-38","page","type-page","status-publish","hentry"],"post_mailing_queue_ids":[],"_links":{"self":[{"href":"https:\/\/agora.xtec.cat\/ceippauvilaelpapiol\/wp-json\/wp\/v2\/pages\/38","targetHints":{"allow":["GET"]}}],"collection":[{"href":"https:\/\/agora.xtec.cat\/ceippauvilaelpapiol\/wp-json\/wp\/v2\/pages"}],"about":[{"href":"https:\/\/agora.xtec.cat\/ceippauvilaelpapiol\/wp-json\/wp\/v2\/types\/page"}],"author":[{"embeddable":true,"href":"https:\/\/agora.xtec.cat\/ceippauvilaelpapiol\/wp-json\/wp\/v2\/users\/1"}],"replies":[{"embeddable":true,"href":"https:\/\/agora.xtec.cat\/ceippauvilaelpapiol\/wp-json\/wp\/v2\/comments?post=38"}],"version-history":[{"count":4,"href":"https:\/\/agora.xtec.cat\/ceippauvilaelpapiol\/wp-json\/wp\/v2\/pages\/38\/revisions"}],"predecessor-version":[{"id":3036,"href":"https:\/\/agora.xtec.cat\/ceippauvilaelpapiol\/wp-json\/wp\/v2\/pages\/38\/revisions\/3036"}],"up":[{"embeddable":true,"href":"https:\/\/agora.xtec.cat\/ceippauvilaelpapiol\/wp-json\/wp\/v2\/pages\/22"}],"wp:attachment":[{"href":"https:\/\/agora.xtec.cat\/ceippauvilaelpapiol\/wp-json\/wp\/v2\/media?parent=38"}],"curies":[{"name":"wp","href":"https:\/\/api.w.org\/{rel}","templated":true}]}}