{"id":2143,"date":"2018-02-15T10:08:57","date_gmt":"2018-02-15T09:08:57","guid":{"rendered":"http:\/\/agora.xtec.cat\/ceippauvilaelpapiol\/?page_id=2143"},"modified":"2018-02-15T10:20:46","modified_gmt":"2018-02-15T09:20:46","slug":"primaria","status":"publish","type":"page","link":"https:\/\/agora.xtec.cat\/ceippauvilaelpapiol\/primaria\/","title":{"rendered":"Prim\u00e0ria"},"content":{"rendered":"<p><strong>En aquest apartat trobareu totes les activitats que van fent els vostres fills i filles segons el nivell que cursin enguany.<\/p>\n<p><strong>Aquest curs hem iniciat el treball de forma competencial a tota la prim\u00e0ria, a trav\u00e9s d&#8217;unitats en les que s&#8217;integren les diferents \u00e0rees del curr\u00edculum. Aquest treball pret\u00e9n posar a l&#8217;infant com a protagonista del seu propi aprenentatge, pel que resulta m\u00e9s significatiu i motivador.<\/strong><\/p>\n<p>Us animem a anar seguint les activitats dels vostres fills i filles a trav\u00e9s de la web!!!<\/strong><\/p>\n","protected":false},"excerpt":{"rendered":"<p>En aquest apartat trobareu totes les activitats que van fent els vostres fills i filles segons el nivell que cursin enguany.<br \/>\nAquest curs hem iniciat el treball de forma competencial a tota la prim\u00e0ria, a trav\u00e9s d&#8217;unitats en les que s&#8217;integren les diferents \u00e0rees del curr\u00edculum.&hellip;  <a href=\"https:\/\/agora.xtec.cat\/ceippauvilaelpapiol\/primaria\/\" title=\"Read Prim\u00e0ria\">Llegeix m\u00e9s\u00bb<\/a><\/p>\n","protected":false},"author":1,"featured_media":0,"parent":0,"menu_order":0,"comment_status":"closed","ping_status":"closed","template":"","meta":{"_bbp_topic_count":0,"_bbp_reply_count":0,"_bbp_total_topic_count":0,"_bbp_total_reply_count":0,"_bbp_voice_count":0,"_bbp_anonymous_reply_count":0,"_bbp_topic_count_hidden":0,"_bbp_reply_count_hidden":0,"_bbp_forum_subforum_count":0,"footnotes":""},"class_list":["post-2143","page","type-page","status-publish","hentry"],"post_mailing_queue_ids":[],"_links":{"self":[{"href":"https:\/\/agora.xtec.cat\/ceippauvilaelpapiol\/wp-json\/wp\/v2\/pages\/2143","targetHints":{"allow":["GET"]}}],"collection":[{"href":"https:\/\/agora.xtec.cat\/ceippauvilaelpapiol\/wp-json\/wp\/v2\/pages"}],"about":[{"href":"https:\/\/agora.xtec.cat\/ceippauvilaelpapiol\/wp-json\/wp\/v2\/types\/page"}],"author":[{"embeddable":true,"href":"https:\/\/agora.xtec.cat\/ceippauvilaelpapiol\/wp-json\/wp\/v2\/users\/1"}],"replies":[{"embeddable":true,"href":"https:\/\/agora.xtec.cat\/ceippauvilaelpapiol\/wp-json\/wp\/v2\/comments?post=2143"}],"version-history":[{"count":3,"href":"https:\/\/agora.xtec.cat\/ceippauvilaelpapiol\/wp-json\/wp\/v2\/pages\/2143\/revisions"}],"predecessor-version":[{"id":2158,"href":"https:\/\/agora.xtec.cat\/ceippauvilaelpapiol\/wp-json\/wp\/v2\/pages\/2143\/revisions\/2158"}],"wp:attachment":[{"href":"https:\/\/agora.xtec.cat\/ceippauvilaelpapiol\/wp-json\/wp\/v2\/media?parent=2143"}],"curies":[{"name":"wp","href":"https:\/\/api.w.org\/{rel}","templated":true}]}}