{"id":22,"date":"2014-09-18T12:19:57","date_gmt":"2014-09-18T11:19:57","guid":{"rendered":"http:\/\/agora.xtec.cat\/ceippaucasalssabadell\/?page_id=22"},"modified":"2016-01-06T18:48:51","modified_gmt":"2016-01-06T17:48:51","slug":"lescola","status":"publish","type":"page","link":"https:\/\/agora.xtec.cat\/ceippaucasalssabadell\/lescola\/","title":{"rendered":"L&#8217;escola"},"content":{"rendered":"<p style=\"text-align: justify;\">Escola d&#8217;Infantil i Prim\u00e0ria de doble l\u00ednia adscrit al <a href=\"http:\/\/www.xtec.net\/iescasablancas\/\" target=\"_blank\">IES Ferran Casablancas.<\/a><\/p>\n<p style=\"text-align: justify;\">Horari:\u00a0 de 9 a 12.30 i de 15.00 a 16:30 hores.<br \/>\nServeis escolars complementaris: Menjador, altres serveis i activitats extra-escolars.<\/p>\n<p><img loading=\"lazy\" decoding=\"async\" src=\"http:\/\/www.xtec.cat\/ceippaucasalssabadell\/images\/pau_casals_perfil.jpg\" alt=\"\" width=\"148\" height=\"132\" hspace=\"10\" vspace=\"10\" \/><\/p>\n<p style=\"text-align: justify;\">PAU CASALS (El nom del Centre) <a href=\"http:\/\/ca.wikipedia.org\/wiki\/Pau_Casals\" target=\"_blank\">Pau Casals i Defill\u00f3<\/a> ( El Vendrell, Catalunya 1876 &#8211; San Juan, Puerto Rico 1973 ) fou un violoncel\u00b7lista, pedagog, director i compositor musical catal\u00e0.<\/p>\n<p style=\"text-align: justify;\">Centre inaugurat el curs 1974-75. L&#8217;edifici consta de 2 m\u00f2duls: Gimn\u00e0s i vestidors i l&#8217;edifici escolar pr\u00f2piament dit amb planta baixa i dos pisos (19 aules ordin\u00e0ries, 1 USEE, 1 aula de racons, 1 aula de m\u00fasica, 2 aules d&#8217;Educaci\u00f3 Especial, 1 Laboratori, 1 aula de pl\u00e0stica, 2 aules d&#8217;inform\u00e0tica, 1 aula d&#8217;angl\u00e8s i biblioteca) un pati per educaci\u00f3 infantil i un pati per educaci\u00f3 prim\u00e0ria.<\/p>\n<p>Nombre d&#8217;alumnes: 475; Nombre de professors: 28,5 + 1 TEI + 1 educadora d&#8217;EE.<\/p>\n","protected":false},"excerpt":{"rendered":"<p>Escola d&#8217;Infantil i Prim\u00e0ria de doble l\u00ednia adscrit al <a href=\"http:\/\/www.xtec.net\/iescasablancas\/\" target=\"_blank\">IES Ferran Casablancas.<\/a><br \/>\nHorari:\u00a0 de 9 a 12.30 i de 15.00 a 16:30 hores.<br \/>\nServeis escolars complementaris: Menjador, altres serveis i activitats extra-escolars.<\/p>\n<p>PAU CASALS (El nom del Centre) <a href=\"http:\/\/ca.wikipedia.org\/wiki\/Pau_Casals\" target=\"_blank\">Pau Casals i Defill\u00f3<\/a> ( El&hellip;  <a href=\"https:\/\/agora.xtec.cat\/ceippaucasalssabadell\/lescola\/\" title=\"Read L&#8217;escola\">Llegeix m\u00e9s\u00bb<\/a><\/p>\n","protected":false},"author":1,"featured_media":0,"parent":0,"menu_order":0,"comment_status":"closed","ping_status":"closed","template":"page-templates\/side-menu.php","meta":{"_bbp_topic_count":0,"_bbp_reply_count":0,"_bbp_total_topic_count":0,"_bbp_total_reply_count":0,"_bbp_voice_count":0,"_bbp_anonymous_reply_count":0,"_bbp_topic_count_hidden":0,"_bbp_reply_count_hidden":0,"_bbp_forum_subforum_count":0,"footnotes":""},"class_list":["post-22","page","type-page","status-publish","hentry"],"post_mailing_queue_ids":[],"_links":{"self":[{"href":"https:\/\/agora.xtec.cat\/ceippaucasalssabadell\/wp-json\/wp\/v2\/pages\/22","targetHints":{"allow":["GET"]}}],"collection":[{"href":"https:\/\/agora.xtec.cat\/ceippaucasalssabadell\/wp-json\/wp\/v2\/pages"}],"about":[{"href":"https:\/\/agora.xtec.cat\/ceippaucasalssabadell\/wp-json\/wp\/v2\/types\/page"}],"author":[{"embeddable":true,"href":"https:\/\/agora.xtec.cat\/ceippaucasalssabadell\/wp-json\/wp\/v2\/users\/1"}],"replies":[{"embeddable":true,"href":"https:\/\/agora.xtec.cat\/ceippaucasalssabadell\/wp-json\/wp\/v2\/comments?post=22"}],"version-history":[{"count":2,"href":"https:\/\/agora.xtec.cat\/ceippaucasalssabadell\/wp-json\/wp\/v2\/pages\/22\/revisions"}],"predecessor-version":[{"id":194,"href":"https:\/\/agora.xtec.cat\/ceippaucasalssabadell\/wp-json\/wp\/v2\/pages\/22\/revisions\/194"}],"wp:attachment":[{"href":"https:\/\/agora.xtec.cat\/ceippaucasalssabadell\/wp-json\/wp\/v2\/media?parent=22"}],"curies":[{"name":"wp","href":"https:\/\/api.w.org\/{rel}","templated":true}]}}