{"id":30,"date":"2014-09-18T12:30:23","date_gmt":"2014-09-18T12:30:23","guid":{"rendered":"http:\/\/agora.xtec.cat\/ceippaucasals-hospitalet\/?page_id=30"},"modified":"2020-05-07T15:13:08","modified_gmt":"2020-05-07T13:13:08","slug":"instal%c2%b7lacions","status":"publish","type":"page","link":"https:\/\/agora.xtec.cat\/ceippaucasals-hospitalet\/instal%c2%b7lacions\/","title":{"rendered":"Instal\u00b7lacions"},"content":{"rendered":"<h2>Les nostres <a href=\"https:\/\/goo.gl\/photos\/vwWRcMcbqRSdGRea7\">intal\u00b7lacions:<\/a><\/h2>\n<p style=\"text-align: left;\" align=\"center\">L\u2019Escola Pau Casals disposa de <strong>12 aules d\u2019Educaci\u00f3 Prim\u00e0ria<\/strong> i <strong>6 d\u2019Educaci\u00f3 Infantil.<\/strong><\/p>\n<p style=\"text-align: left;\" align=\"center\">A l\u2019Edifici principal consta de tres plantes:<\/p>\n<ul>\n<li style=\"text-align: left;\">A la <strong>planta baixa<\/strong> podem trobar la\u00a0consergeria, la <strong>biblioteca<\/strong>, serveis, <strong>menjador<\/strong> i <strong>cuina<\/strong>, sala de mestres, despatxos de secretaria i direcci\u00f3.<\/li>\n<li style=\"text-align: left;\">Al <strong>primer pis<\/strong> es troben les classes de primer, segon, tercer i quart curs. Tamb\u00e9 hi ha l&#8217;<strong>aula d&#8217;inform\u00e0tica<\/strong>.<\/li>\n<li style=\"text-align: left;\">Al <strong>segon pis<\/strong> es troben les aules de cinqu\u00e8 i sis\u00e8 de prim\u00e0ria, l\u2019<strong>aula d\u2019acollida<\/strong>, l&#8217;<strong>aula d&#8217;angl\u00e8s<\/strong>, el <strong>laboratori<\/strong>, el <strong>taller<\/strong>, dues aules d&#8217;<strong>educaci\u00f3 especial<\/strong> i els serveis.<\/li>\n<\/ul>\n<p style=\"text-align: left;\">A l&#8217;Edifici d&#8217;Infantil consta de dues plantes:<\/p>\n<ul>\n<li style=\"text-align: left;\">A la <strong>planta baixa<\/strong> podem trobar la <strong>sala de psicomotricitat\u00a0<\/strong>i les dues aules de P3.<\/li>\n<li style=\"text-align: left;\">Al <strong>primer pis<\/strong> es troben les classes P4, P5, aula d&#8217;educaci\u00f3 especial i un espai pel treball diversificat. Tamb\u00e9 hi ha el despatx de l&#8217;<a href=\"https:\/\/agora.xtec.cat\/ceippaucasals-hospitalet\/categoria\/ampa\/\">AMPA<\/a>.<\/li>\n<\/ul>\n<h2 style=\"text-align: left;\" align=\"center\">Patis<\/h2>\n<p style=\"text-align: left;\" align=\"center\">L\u2019Escola disposa de <strong>dos<\/strong> patis:<\/p>\n<ul>\n<li>un pati per als alumnes de <strong>Prim\u00e0ria<\/strong> amb una <strong>pista de f\u00fatbol<\/strong> (i dos de <strong>b\u00e0squet<\/strong>), un <strong>sorral<\/strong> i una zona de <strong>jocs<\/strong>.<\/li>\n<li>un pati per als alumnes d&#8217;<strong>Infantil<\/strong> amb <strong>sorral<\/strong> i <strong>estructures de jocs<\/strong> adequats a la seva edat.<\/li>\n<\/ul>\n<p style=\"text-align: left;\" align=\"center\">Hi ha un <strong>horari<\/strong> de pati <span class=\"Estilo6\">per als alumnes de Prim\u00e0ria <\/span>que fa que els cursos rotin <span class=\"Estilo6\">en les estones d\u2019esbarjo amb la intenci\u00f3 que experimentin, a m\u00e9s del joc <\/span><span class=\"Estilo6\">lliure <\/span><span class=\"Estilo6\">o el passeig, els diversos <strong>esports<\/strong>, <strong>jocs tradicionals<\/strong> i lectura de <strong>c\u00f2mics<\/strong>.<\/span><\/p>\n<p style=\"text-align: left;\" align=\"center\">Els m\u00e9s petits disposen de <strong>bicicletes<\/strong> i <strong>joguines<\/strong> diferents per jugar al sorral.<\/p>\n<h2 style=\"text-align: left;\">Recursos TAC<\/h2>\n<p>El Centre disposa de <strong>Pissarres Digitals Interactives<\/strong> a totes les aules i\u00a0ordinadors amb <strong>connexi\u00f3 a Internet<\/strong>.<\/p>\n<p>L\u2019Aula d\u2019Inform\u00e0tica t\u00e9 uns <strong>20 ordinadors<\/strong> amb connexi\u00f3 a internet que facilita un <strong>\u00fas individual<\/strong> dels ordinadors per part d\u2019un grup nombr\u00f3s d\u2019alumnes. A m\u00e9s tenim ordinadors <strong>port\u00e0tils<\/strong> que poden ser utilitzats quan es necessitin.<\/p>\n<h2 style=\"text-align: left;\">Menjador<\/h2>\n<p>L&#8217;Escola disposa de <strong>cuina pr\u00f2pia<\/strong> i un menjador on els alumnes dinen per torns.<\/p>\n<p>Els usuaris del menjador poden ser <strong>fixos<\/strong> o <strong>espor\u00e0dics<\/strong>. Els usuaris fixos paguen el servei mensualment mitjan\u00e7ant domiciliaci\u00f3 banc\u00e0ria. Els usuaris eventuals han de comprar un tiquet a l&#8217;espai de l&#8217;encarregada de menjador a les 9 h. del mat\u00ed de dilluns a divendres.<\/p>\n<p>Cliqueu <a href=\"https:\/\/agora.xtec.cat\/ceippaucasals-hospitalet\/serveis\/menjador-escolar\/\">AQU\u00cd<\/a> si voleu saber-ne m\u00e9s.<\/p>\n<h2><\/h2>\n","protected":false},"excerpt":{"rendered":"<p>Les nostres <a href=\"https:\/\/goo.gl\/photos\/vwWRcMcbqRSdGRea7\">intal\u00b7lacions:<\/a><br \/>\nL\u2019Escola Pau Casals disposa de 12 aules d\u2019Educaci\u00f3 Prim\u00e0ria i 6 d\u2019Educaci\u00f3 Infantil.<br \/>\nA l\u2019Edifici principal consta de tres plantes:<\/p>\n<ul>\n<li style=\"text-align: left;\">A la planta baixa podem trobar la\u00a0consergeria, la biblioteca, serveis, menjador i cuina, sala de mestres, despatxos de secretaria i direcci\u00f3.<\/li>\n<li style=\"text-align:&hellip;  <a href=\"https:\/\/agora.xtec.cat\/ceippaucasals-hospitalet\/instal%c2%b7lacions\/\" title=\"Read Instal\u00b7lacions\">Llegeix m\u00e9s\u00bb<\/a><br \/>\n","protected":false},"author":2,"featured_media":0,"parent":0,"menu_order":40,"comment_status":"closed","ping_status":"closed","template":"page-templates\/side-menu.php","meta":{"_bbp_topic_count":0,"_bbp_reply_count":0,"_bbp_total_topic_count":0,"_bbp_total_reply_count":0,"_bbp_voice_count":0,"_bbp_anonymous_reply_count":0,"_bbp_topic_count_hidden":0,"_bbp_reply_count_hidden":0,"_bbp_forum_subforum_count":0,"footnotes":""},"class_list":["post-30","page","type-page","status-publish","hentry"],"post_mailing_queue_ids":[],"_links":{"self":[{"href":"https:\/\/agora.xtec.cat\/ceippaucasals-hospitalet\/wp-json\/wp\/v2\/pages\/30","targetHints":{"allow":["GET"]}}],"collection":[{"href":"https:\/\/agora.xtec.cat\/ceippaucasals-hospitalet\/wp-json\/wp\/v2\/pages"}],"about":[{"href":"https:\/\/agora.xtec.cat\/ceippaucasals-hospitalet\/wp-json\/wp\/v2\/types\/page"}],"author":[{"embeddable":true,"href":"https:\/\/agora.xtec.cat\/ceippaucasals-hospitalet\/wp-json\/wp\/v2\/users\/2"}],"replies":[{"embeddable":true,"href":"https:\/\/agora.xtec.cat\/ceippaucasals-hospitalet\/wp-json\/wp\/v2\/comments?post=30"}],"version-history":[{"count":4,"href":"https:\/\/agora.xtec.cat\/ceippaucasals-hospitalet\/wp-json\/wp\/v2\/pages\/30\/revisions"}],"predecessor-version":[{"id":3010,"href":"https:\/\/agora.xtec.cat\/ceippaucasals-hospitalet\/wp-json\/wp\/v2\/pages\/30\/revisions\/3010"}],"wp:attachment":[{"href":"https:\/\/agora.xtec.cat\/ceippaucasals-hospitalet\/wp-json\/wp\/v2\/media?parent=30"}],"curies":[{"name":"wp","href":"https:\/\/api.w.org\/{rel}","templated":true}]}}