{"id":2810,"date":"2020-04-19T17:57:56","date_gmt":"2020-04-19T15:57:56","guid":{"rendered":"https:\/\/agora.xtec.cat\/ceippaucasals-hospitalet\/?page_id=2810"},"modified":"2020-04-19T18:35:02","modified_gmt":"2020-04-19T16:35:02","slug":"serveis-socials","status":"publish","type":"page","link":"https:\/\/agora.xtec.cat\/ceippaucasals-hospitalet\/serveis-socials\/","title":{"rendered":"SERVEIS SOCIALS"},"content":{"rendered":"<p class=\"p1\"><span class=\"s1\" style=\"color: #000000;\"><b>Benvolgudes fam\u00edlies,<\/b><\/span><\/p>\n<p class=\"p1\"><span class=\"s1\" style=\"color: #000000;\"><b>Des de Serveis Socials ens demanen que us fem arribar el seg\u00fcent missatge:<br \/>\nSi alguna fam\u00edlia de l&#8217;escola es troba amb que els pares han estat diagnosticats de COVID-19 i no tenen xarxa familiar ni social per deixar els infants, us preguem que envieu missatge a aquest correu electr\u00f2nic:\u00a0<\/b><a style=\"color: #000000;\" href=\"mailto:a8034850@xtec.cat\"><span class=\"s2\"><b>a8034850@xtec.cat<\/b><\/span><\/a><b>\u00a0(el d&#8217;escola) i expliqueu la situaci\u00f3.<\/b><\/span><\/p>\n<p class=\"p1\"><span class=\"s1\" style=\"color: #000000;\"><b>Des de direcci\u00f3 ens posarem en contacte amb els Serveis Socials per tal de donar resposta.<\/b><\/span><\/p>\n<p class=\"p1\"><span class=\"s1\" style=\"color: #000000;\"><b>Rebeu una cordial salutaci\u00f3 i molta for\u00e7a.<\/b><\/span><\/p>\n<p class=\"p1\"><span class=\"s1\" style=\"color: #000000;\"><b>Apreciadas familias,<\/b><\/span><\/p>\n<p class=\"p1\"><span class=\"s1\" style=\"color: #000000;\"><b>Desde Servicios sociales nos solicitan que os hagamos llegar este mensaje.<br \/>\nSi alguna familia de la escuela se encuentra con que los padres han sido diagnosticados de COVID-19 i no tienen familia ni amigos con quienes dejar a los ni\u00f1os, os rogamos que nos envi\u00e9is un mensaje a este correo electr\u00f3nico:\u00a0<\/b><a style=\"color: #000000;\" href=\"mailto:a8034850@xtec.cat\"><span class=\"s2\"><b>a8034850@xtec.cat<\/b><\/span><\/a><b>\u00a0(el de la escuela) y expliqueis la situaci\u00f3n.<\/b><\/span><\/p>\n<p class=\"p1\"><span class=\"s1\" style=\"color: #000000;\"><b>Desde direcci\u00f3n nos pondremos en contacto con los Servicios Sociales para respuesta.<br \/>\nRecibid un cordial saludo y mucha fuerza.<\/b><\/span><\/p>\n","protected":false},"excerpt":{"rendered":"<p>Benvolgudes fam\u00edlies,<br \/>\nDes de Serveis Socials ens demanen que us fem arribar el seg\u00fcent missatge:<br \/>\nSi alguna fam\u00edlia de l&#8217;escola es troba amb que els pares han estat diagnosticats de COVID-19 i no tenen xarxa familiar ni social per deixar els infants, us preguem que envieu missatge&hellip;  <a href=\"https:\/\/agora.xtec.cat\/ceippaucasals-hospitalet\/serveis-socials\/\" title=\"Read SERVEIS SOCIALS\">Llegeix m\u00e9s\u00bb<\/a><\/p>\n","protected":false},"author":1,"featured_media":0,"parent":0,"menu_order":0,"comment_status":"closed","ping_status":"closed","template":"","meta":{"_bbp_topic_count":0,"_bbp_reply_count":0,"_bbp_total_topic_count":0,"_bbp_total_reply_count":0,"_bbp_voice_count":0,"_bbp_anonymous_reply_count":0,"_bbp_topic_count_hidden":0,"_bbp_reply_count_hidden":0,"_bbp_forum_subforum_count":0,"footnotes":""},"class_list":["post-2810","page","type-page","status-publish","hentry"],"post_mailing_queue_ids":[],"_links":{"self":[{"href":"https:\/\/agora.xtec.cat\/ceippaucasals-hospitalet\/wp-json\/wp\/v2\/pages\/2810","targetHints":{"allow":["GET"]}}],"collection":[{"href":"https:\/\/agora.xtec.cat\/ceippaucasals-hospitalet\/wp-json\/wp\/v2\/pages"}],"about":[{"href":"https:\/\/agora.xtec.cat\/ceippaucasals-hospitalet\/wp-json\/wp\/v2\/types\/page"}],"author":[{"embeddable":true,"href":"https:\/\/agora.xtec.cat\/ceippaucasals-hospitalet\/wp-json\/wp\/v2\/users\/1"}],"replies":[{"embeddable":true,"href":"https:\/\/agora.xtec.cat\/ceippaucasals-hospitalet\/wp-json\/wp\/v2\/comments?post=2810"}],"version-history":[{"count":1,"href":"https:\/\/agora.xtec.cat\/ceippaucasals-hospitalet\/wp-json\/wp\/v2\/pages\/2810\/revisions"}],"predecessor-version":[{"id":2811,"href":"https:\/\/agora.xtec.cat\/ceippaucasals-hospitalet\/wp-json\/wp\/v2\/pages\/2810\/revisions\/2811"}],"wp:attachment":[{"href":"https:\/\/agora.xtec.cat\/ceippaucasals-hospitalet\/wp-json\/wp\/v2\/media?parent=2810"}],"curies":[{"name":"wp","href":"https:\/\/api.w.org\/{rel}","templated":true}]}}