{"id":210,"date":"2016-04-18T12:49:49","date_gmt":"2016-04-18T11:49:49","guid":{"rendered":"http:\/\/agora.xtec.cat\/ceippaucasals-hospitalet\/?page_id=210"},"modified":"2022-10-03T13:05:58","modified_gmt":"2022-10-03T11:05:58","slug":"setmana-cultural","status":"publish","type":"page","link":"https:\/\/agora.xtec.cat\/ceippaucasals-hospitalet\/setmana-cultural\/","title":{"rendered":"Fem T\u00e0ndem"},"content":{"rendered":"<p>Des del curs passat la nostra escola participa en el Projecte Fem T\u00e0ndem amb la Fundaci\u00f3 Contorno Urbano.<\/p>\n<p><a href=\"http:\/\/www.l-h.cat\/proves\/webs\/culturaLHeduca\/detall_projectes.aspx?11q5JtEA9D7C7u1lE9qazCh3cEnsX0pdHf4CUEGT9s0Tg5fhGP143NbhZ9XTz1e7Kp4Z\"><img loading=\"lazy\" decoding=\"async\" class=\"alignnone wp-image-351\" src=\"http:\/\/agora.xtec.cat\/ceippaucasals-hospitalet\/wp-content\/uploads\/usu336\/2016\/04\/Fem-Tandem--1024x673.jpg\" alt=\"fem-tandem\" width=\"383\" height=\"252\" srcset=\"https:\/\/agora.xtec.cat\/ceippaucasals-hospitalet\/wp-content\/uploads\/usu336\/2016\/04\/Fem-Tandem--1024x673.jpg 1024w, https:\/\/agora.xtec.cat\/ceippaucasals-hospitalet\/wp-content\/uploads\/usu336\/2016\/04\/Fem-Tandem--300x197.jpg 300w, https:\/\/agora.xtec.cat\/ceippaucasals-hospitalet\/wp-content\/uploads\/usu336\/2016\/04\/Fem-Tandem--768x505.jpg 768w, https:\/\/agora.xtec.cat\/ceippaucasals-hospitalet\/wp-content\/uploads\/usu336\/2016\/04\/Fem-Tandem-.jpg 1615w\" sizes=\"auto, (max-width: 383px) 100vw, 383px\" \/><\/a><\/p>\n","protected":false},"excerpt":{"rendered":"<p>Des del curs passat la nostra escola participa en el Projecte Fem T\u00e0ndem amb la Fundaci\u00f3 Contorno Urbano.<br \/>\n<a href=\"http:\/\/www.l-h.cat\/proves\/webs\/culturaLHeduca\/detall_projectes.aspx?11q5JtEA9D7C7u1lE9qazCh3cEnsX0pdHf4CUEGT9s0Tg5fhGP143NbhZ9XTz1e7Kp4Z\"><\/a><\/p>\n","protected":false},"author":1,"featured_media":0,"parent":0,"menu_order":0,"comment_status":"closed","ping_status":"closed","template":"","meta":{"_bbp_topic_count":0,"_bbp_reply_count":0,"_bbp_total_topic_count":0,"_bbp_total_reply_count":0,"_bbp_voice_count":0,"_bbp_anonymous_reply_count":0,"_bbp_topic_count_hidden":0,"_bbp_reply_count_hidden":0,"_bbp_forum_subforum_count":0,"footnotes":""},"class_list":["post-210","page","type-page","status-publish","hentry"],"post_mailing_queue_ids":[],"_links":{"self":[{"href":"https:\/\/agora.xtec.cat\/ceippaucasals-hospitalet\/wp-json\/wp\/v2\/pages\/210","targetHints":{"allow":["GET"]}}],"collection":[{"href":"https:\/\/agora.xtec.cat\/ceippaucasals-hospitalet\/wp-json\/wp\/v2\/pages"}],"about":[{"href":"https:\/\/agora.xtec.cat\/ceippaucasals-hospitalet\/wp-json\/wp\/v2\/types\/page"}],"author":[{"embeddable":true,"href":"https:\/\/agora.xtec.cat\/ceippaucasals-hospitalet\/wp-json\/wp\/v2\/users\/1"}],"replies":[{"embeddable":true,"href":"https:\/\/agora.xtec.cat\/ceippaucasals-hospitalet\/wp-json\/wp\/v2\/comments?post=210"}],"version-history":[{"count":4,"href":"https:\/\/agora.xtec.cat\/ceippaucasals-hospitalet\/wp-json\/wp\/v2\/pages\/210\/revisions"}],"predecessor-version":[{"id":4983,"href":"https:\/\/agora.xtec.cat\/ceippaucasals-hospitalet\/wp-json\/wp\/v2\/pages\/210\/revisions\/4983"}],"wp:attachment":[{"href":"https:\/\/agora.xtec.cat\/ceippaucasals-hospitalet\/wp-json\/wp\/v2\/media?parent=210"}],"curies":[{"name":"wp","href":"https:\/\/api.w.org\/{rel}","templated":true}]}}