{"id":208,"date":"2016-04-18T12:49:40","date_gmt":"2016-04-18T11:49:40","guid":{"rendered":"http:\/\/agora.xtec.cat\/ceippaucasals-hospitalet\/?page_id=208"},"modified":"2020-05-07T16:07:31","modified_gmt":"2020-05-07T14:07:31","slug":"sociabilitzacio-de-llibres","status":"publish","type":"page","link":"https:\/\/agora.xtec.cat\/ceippaucasals-hospitalet\/sociabilitzacio-de-llibres\/","title":{"rendered":"Socialitzaci\u00f3 de llibres"},"content":{"rendered":"<p>La nostra escola t\u00e9 un projecte de socialitzaci\u00f3 de llibres pels alumnes de prim\u00e0ria.<\/p>\n<p><span style=\"font-weight: 400;\">1.-Al Cicle inicial nom\u00e9s estan socialitzats els llibres de lectura. Al cicle mitj\u00e0 i cicle superior tenen quasi tots els llibres socialitzats.\u00a0<\/span><\/p>\n<p><span style=\"font-weight: 400;\">2.-El llibre socialitzat es deixa en pr\u00e9stec a l\u2019alumne, per tant, el poden portar a casa per\u00f2 s\u2019ha de tornar a l\u2019escola a final de curs.\u00a0<\/span><\/p>\n<p><span style=\"font-weight: 400;\">3.-Els llibres en pr\u00e9stec no es podran escriure, ni subratllar, ni posar el nom a l\u2019interior.\u00a0<\/span><\/p>\n<p><span style=\"font-weight: 400;\">4.-En cas que l\u2019alumne perdi, trenqui o faci un mal \u00fas del llibre, la fam\u00edlia es responsabilitzar\u00e0 d\u2019abonar el preu del llibre o facilitar al centre un altre exemplar.\u00a0<\/span><\/p>\n<p><span style=\"font-weight: 400;\">5.-Quan finalitzi el proper curs escolar les fam\u00edlies hauran de cedir a l\u2019escola un altre llibre, per tal d\u2019anar renovant els llibres socialitzats.\u00a0<\/span><\/p>\n<p><span style=\"font-weight: 400;\">6.-Del pressupost de material hi ha una part que es destina a la renovaci\u00f3 dels llibres socialitzats, per tant, per gaudir d\u2019aquest projecte no s\u2019han de tenir deutes de material. <\/span><\/p>\n","protected":false},"excerpt":{"rendered":"<p>La nostra escola t\u00e9 un projecte de socialitzaci\u00f3 de llibres pels alumnes de prim\u00e0ria.<br \/>\n1.-Al Cicle inicial nom\u00e9s estan socialitzats els llibres de lectura. Al cicle mitj\u00e0 i cicle superior tenen quasi tots els llibres socialitzats.\u00a0<br \/>\n2.-El llibre socialitzat es deixa en pr\u00e9stec a l\u2019alumne, per tant,&hellip;  <a href=\"https:\/\/agora.xtec.cat\/ceippaucasals-hospitalet\/sociabilitzacio-de-llibres\/\" title=\"Read Socialitzaci\u00f3 de llibres\">Llegeix m\u00e9s\u00bb<\/a><\/p>\n","protected":false},"author":1,"featured_media":0,"parent":0,"menu_order":0,"comment_status":"closed","ping_status":"closed","template":"","meta":{"_bbp_topic_count":0,"_bbp_reply_count":0,"_bbp_total_topic_count":0,"_bbp_total_reply_count":0,"_bbp_voice_count":0,"_bbp_anonymous_reply_count":0,"_bbp_topic_count_hidden":0,"_bbp_reply_count_hidden":0,"_bbp_forum_subforum_count":0,"footnotes":""},"class_list":["post-208","page","type-page","status-publish","hentry"],"post_mailing_queue_ids":[],"_links":{"self":[{"href":"https:\/\/agora.xtec.cat\/ceippaucasals-hospitalet\/wp-json\/wp\/v2\/pages\/208","targetHints":{"allow":["GET"]}}],"collection":[{"href":"https:\/\/agora.xtec.cat\/ceippaucasals-hospitalet\/wp-json\/wp\/v2\/pages"}],"about":[{"href":"https:\/\/agora.xtec.cat\/ceippaucasals-hospitalet\/wp-json\/wp\/v2\/types\/page"}],"author":[{"embeddable":true,"href":"https:\/\/agora.xtec.cat\/ceippaucasals-hospitalet\/wp-json\/wp\/v2\/users\/1"}],"replies":[{"embeddable":true,"href":"https:\/\/agora.xtec.cat\/ceippaucasals-hospitalet\/wp-json\/wp\/v2\/comments?post=208"}],"version-history":[{"count":3,"href":"https:\/\/agora.xtec.cat\/ceippaucasals-hospitalet\/wp-json\/wp\/v2\/pages\/208\/revisions"}],"predecessor-version":[{"id":3015,"href":"https:\/\/agora.xtec.cat\/ceippaucasals-hospitalet\/wp-json\/wp\/v2\/pages\/208\/revisions\/3015"}],"wp:attachment":[{"href":"https:\/\/agora.xtec.cat\/ceippaucasals-hospitalet\/wp-json\/wp\/v2\/media?parent=208"}],"curies":[{"name":"wp","href":"https:\/\/api.w.org\/{rel}","templated":true}]}}