{"id":674,"date":"2019-04-10T20:43:59","date_gmt":"2019-04-10T18:43:59","guid":{"rendered":"https:\/\/agora.xtec.cat\/ceipparealgue\/?page_id=674"},"modified":"2026-04-27T18:41:33","modified_gmt":"2026-04-27T16:41:33","slug":"ampa","status":"publish","type":"page","link":"https:\/\/agora.xtec.cat\/ceipparealgue\/ampa\/","title":{"rendered":"AFA"},"content":{"rendered":"<header class=\"entry-header\"><\/header>\n<div class=\"entry-content\">\n<table>\n<tbody>\n<tr>\n<td width=\"283\"><strong>Horari atenci\u00f3 de l\u2019AFA<\/strong><\/td>\n<td width=\"283\">Divendres de 17 a 18h<\/td>\n<\/tr>\n<\/tbody>\n<\/table>\n<\/div>\n<p><em><span style=\"color: #0000ff;\"><strong>Associaci\u00f3 de fam\u00edlies d&#8217;alumnes (AFA)<\/strong><\/span><\/em><\/p>\n<p><em><strong>Qu\u00e8 s\u00f3n?<\/strong><\/em><\/p>\n<p>Les associacions de fam\u00edlies d&#8217;alumnes (AFA) s\u00f3n associacions sense \u00e0nim de lucre reconegudes legalment i que agrupen, volunt\u00e0riament, pares, mares o tutors dels estudiants del centre educatiu, que tenen unes normes de funcionament i estatuts propis regulats per la llei.<\/p>\n<p>La seva finalitat principal \u00e9s facilitar la participaci\u00f3 de les fam\u00edlies en les activitats del centre, contribuir a la millora de la qualitat del sistema i al govern dels centres i facilitar la prestaci\u00f3 de serveis fora de l&#8217;horari lectiu.<\/p>\n<p>L&#8217;AFA t\u00e9 com a funci\u00f3 b\u00e0sica treballar, conjuntament amb el centre educatiu, en l&#8217;educaci\u00f3 dels vostres fills, tot fomentant la comunicaci\u00f3 i la participaci\u00f3 dels pares, mares o tutors legals. Aix\u00ed mateix, en general, l&#8217;AFA \u00e9s corresponsable de les activitats educatives del centre, planifica i gestiona les activitats extraescolars, l&#8217;acollida matinal d&#8217;infants, el menjador, la formaci\u00f3 de pares i mares, etc.<\/p>\n<p>Les associacions de fam\u00edlies designen un representant de l&#8217;AFA en el consell escolar del centre educatiu.<\/p>\n<p>Els centres educatius han de potenciar la creaci\u00f3 d&#8217;associacions de fam\u00edlies i facilitar la relaci\u00f3 i el treball conjunt.<\/p>\n<p><em><strong>Composici\u00f3<\/strong><\/em><\/p>\n<p>Els \u00f2rgans de direcci\u00f3 de les AFA s\u00f3n:<\/p>\n<ul>\n<li>l&#8217;assemblea de pares, mares i tutors legals, on poden participar tots els membres de l&#8217;associaci\u00f3<\/li>\n<li>la junta, que est\u00e0 formada, com a m\u00ednim, per un president\/a, un secretari\/\u00e0ria i un tresorer\/a.<\/li>\n<\/ul>\n<p><strong><em>Normativa<\/em><\/strong><\/p>\n<ul>\n<li><a href=\"http:\/\/portaljuridic.gencat.cat\/ca\/pjur_ocults\/pjur_resultats_fitxa\/?action=fitxa&amp;mode=single&amp;documentId=545262&amp;language=ca_ES\"><strong>Decret 102\/2010, de 5 d&#8217;agost,<\/strong><\/a>\u00a0<strong><a href=\"http:\/\/portaljuridic.gencat.cat\/ca\/pjur_ocults\/pjur_resultats_fitxa\/?action=fitxa&amp;mode=single&amp;documentId=545262&amp;language=ca_ES\">\u00a0<\/a><\/strong>d&#8217;autonomia dels centres educatius\u00a0(DOGC n\u00fam. 5686, de 5.8.2010)<\/li>\n<\/ul>\n<ul>\n<li><a href=\"http:\/\/portaljuridic.gencat.cat\/ca\/pjur_ocults\/pjur_resultats_fitxa\/?action=fitxa&amp;mode=single&amp;documentId=26201&amp;language=ca_ES\"><strong>Decret 202\/1987, de 19 de maig,\u00a0<\/strong><\/a>pel qual es regulen les associacions de pares d&#8217;alumnes (DOGC n\u00fam. 854, de 19.6.1987)<\/li>\n<\/ul>\n","protected":false},"excerpt":{"rendered":"<p>Horari atenci\u00f3 de l\u2019AFA<br \/>\nDivendres de 17 a 18h<\/p>\n<p>Associaci\u00f3 de fam\u00edlies d&#8217;alumnes (AFA)<br \/>\nQu\u00e8 s\u00f3n?<br \/>\nLes associacions de fam\u00edlies d&#8217;alumnes (AFA) s\u00f3n associacions sense \u00e0nim de lucre reconegudes legalment i que agrupen, volunt\u00e0riament, pares, mares o tutors dels estudiants del centre educatiu, que tenen unes normes de funcionament&hellip;  <a href=\"https:\/\/agora.xtec.cat\/ceipparealgue\/ampa\/\" title=\"Read AFA\">Llegeix m\u00e9s\u00bb<\/a><\/p>\n","protected":false},"author":1,"featured_media":0,"parent":0,"menu_order":0,"comment_status":"closed","ping_status":"closed","template":"","meta":{"_bbp_topic_count":0,"_bbp_reply_count":0,"_bbp_total_topic_count":0,"_bbp_total_reply_count":0,"_bbp_voice_count":0,"_bbp_anonymous_reply_count":0,"_bbp_topic_count_hidden":0,"_bbp_reply_count_hidden":0,"_bbp_forum_subforum_count":0,"footnotes":""},"class_list":["post-674","page","type-page","status-publish","hentry"],"post_mailing_queue_ids":[],"_links":{"self":[{"href":"https:\/\/agora.xtec.cat\/ceipparealgue\/wp-json\/wp\/v2\/pages\/674","targetHints":{"allow":["GET"]}}],"collection":[{"href":"https:\/\/agora.xtec.cat\/ceipparealgue\/wp-json\/wp\/v2\/pages"}],"about":[{"href":"https:\/\/agora.xtec.cat\/ceipparealgue\/wp-json\/wp\/v2\/types\/page"}],"author":[{"embeddable":true,"href":"https:\/\/agora.xtec.cat\/ceipparealgue\/wp-json\/wp\/v2\/users\/1"}],"replies":[{"embeddable":true,"href":"https:\/\/agora.xtec.cat\/ceipparealgue\/wp-json\/wp\/v2\/comments?post=674"}],"version-history":[{"count":4,"href":"https:\/\/agora.xtec.cat\/ceipparealgue\/wp-json\/wp\/v2\/pages\/674\/revisions"}],"predecessor-version":[{"id":6784,"href":"https:\/\/agora.xtec.cat\/ceipparealgue\/wp-json\/wp\/v2\/pages\/674\/revisions\/6784"}],"wp:attachment":[{"href":"https:\/\/agora.xtec.cat\/ceipparealgue\/wp-json\/wp\/v2\/media?parent=674"}],"curies":[{"name":"wp","href":"https:\/\/api.w.org\/{rel}","templated":true}]}}

<header class="entry-header"></header>
<div class="entry-content">
<table>
<tbody>
<tr>
<td width="283"><strong>Horari atenció de l’AFA</strong></td>
<td width="283">Divendres de 17 a 18h</td>
</tr>
</tbody>
</table>
</div>
<p><em><span style="color: #0000ff;"><strong>Associació de famílies d&#8217;alumnes (AFA)</strong></span></em></p>
<p><em><strong>Què són?</strong></em></p>
<p>Les associacions de famílies d&#8217;alumnes (AFA) són associacions sense ànim de lucre reconegudes legalment i que agrupen, voluntàriament, pares, mares o tutors dels estudiants del centre educatiu, que tenen unes normes de funcionament i estatuts propis regulats per la llei.</p>
<p>La seva finalitat principal és facilitar la participació de les famílies en les activitats del centre, contribuir a la millora de la qualitat del sistema i al govern dels centres i facilitar la prestació de serveis fora de l&#8217;horari lectiu.</p>
<p>L&#8217;AFA té com a funció bàsica treballar, conjuntament amb el centre educatiu, en l&#8217;educació dels vostres fills, tot fomentant la comunicació i la participació dels pares, mares o tutors legals. Així mateix, en general, l&#8217;AFA és corresponsable de les activitats educatives del centre, planifica i gestiona les activitats extraescolars, l&#8217;acollida matinal d&#8217;infants, el menjador, la formació de pares i mares, etc.</p>
<p>Les associacions de famílies designen un representant de l&#8217;AFA en el consell escolar del centre educatiu.</p>
<p>Els centres educatius han de potenciar la creació d&#8217;associacions de famílies i facilitar la relació i el treball conjunt.</p>
<p><em><strong>Composició</strong></em></p>
<p>Els òrgans de direcció de les AFA són:</p>
<ul>
<li>l&#8217;assemblea de pares, mares i tutors legals, on poden participar tots els membres de l&#8217;associació</li>
<li>la junta, que està formada, com a mínim, per un president/a, un secretari/ària i un tresorer/a.</li>
</ul>
<p><strong><em>Normativa</em></strong></p>
<ul>
<li><a href="http://portaljuridic.gencat.cat/ca/pjur_ocults/pjur_resultats_fitxa/?action=fitxa&amp;mode=single&amp;documentId=545262&amp;language=ca_ES"><strong>Decret 102/2010, de 5 d&#8217;agost,</strong></a> <strong><a href="http://portaljuridic.gencat.cat/ca/pjur_ocults/pjur_resultats_fitxa/?action=fitxa&amp;mode=single&amp;documentId=545262&amp;language=ca_ES"> </a></strong>d&#8217;autonomia dels centres educatius (DOGC núm. 5686, de 5.8.2010)</li>
</ul>
<ul>
<li><a href="http://portaljuridic.gencat.cat/ca/pjur_ocults/pjur_resultats_fitxa/?action=fitxa&amp;mode=single&amp;documentId=26201&amp;language=ca_ES"><strong>Decret 202/1987, de 19 de maig, </strong></a>pel qual es regulen les associacions de pares d&#8217;alumnes (DOGC núm. 854, de 19.6.1987)</li>
</ul>

<p>Horari atenció de l’AFA<br />
Divendres de 17 a 18h</p>
<p>Associació de famílies d&#8217;alumnes (AFA)<br />
Què són?<br />
Les associacions de famílies d&#8217;alumnes (AFA) són associacions sense ànim de lucre reconegudes legalment i que agrupen, voluntàriament, pares, mares o tutors dels estudiants del centre educatiu, que tenen unes normes de funcionament&hellip;  <a href="https://agora.xtec.cat/ceipparealgue/ampa/" title="Read AFA">Llegeix més»</a></p>
