{"id":4032,"date":"2022-05-09T12:17:56","date_gmt":"2022-05-09T10:17:56","guid":{"rendered":"https:\/\/agora.xtec.cat\/ceipparealgue\/?page_id=4032"},"modified":"2023-04-17T12:25:54","modified_gmt":"2023-04-17T10:25:54","slug":"estrategia-digital-de-centre-edc","status":"publish","type":"page","link":"https:\/\/agora.xtec.cat\/ceipparealgue\/estrategia-digital-de-centre-edc\/","title":{"rendered":"Estrat\u00e8gia Digital de Centre (EDC)"},"content":{"rendered":"<p style=\"text-align: justify;\">L&#8217;<a href=\"https:\/\/sites.google.com\/parealgue.cat\/escola-pare-algu\/p%C3%A0gina-principal\">estrat\u00e8gia digital de centre<\/a> (EDC) defineix i concreta les l\u00ednies d&#8217;actuaci\u00f3 d&#8217;un centre que fan possible que docents, alumnat i centre assoleixin la compet\u00e8ncia digital. Per aconseguir aquesta compet\u00e8ncia digital, l&#8217;EDC compr\u00e8n tots els \u00e0mbits del centre: organitzatius, metodol\u00f2gics, curriculars i comunicatius, els quals s&#8217;han de veure necess\u00e0riament implicats i, si escau, transformats, des d\u2019una perspectiva d&#8217;innovaci\u00f3 i de millora cont\u00ednua.<\/p>\n<p style=\"text-align: justify;\">Els objectius de l&#8217;EDC es poden agrupar en cinc \u00e0mbits, que tenen com a fita el m\u00e0xim assoliment de la compet\u00e8ncia digital de l\u2019alumnat, del professorat i del centre:<\/p>\n<ul style=\"text-align: justify;\">\n<li>Assoliment de la compet\u00e8ncia digital<\/li>\n<li>Planificaci\u00f3 estrat\u00e8gica i organitzaci\u00f3<\/li>\n<li>Metodologies did\u00e0ctiques i innovaci\u00f3<\/li>\n<li>Inclusi\u00f3 digital i de g\u00e8nere<\/li>\n<li>Seguretat i protecci\u00f3 de dades<\/li>\n<\/ul>\n<p style=\"text-align: justify;\">Com a tal, des de l&#8217;escola Pare Algu\u00e9 s&#8217;est\u00e0 treballant en aquesta l\u00ednia i s&#8217;han elaborat els <a href=\"https:\/\/agora.xtec.cat\/ceipparealgue\/wp-content\/uploads\/usu157\/2022\/05\/punts-forts-i-punts-febles.pdf\">punts forts i punts febles<\/a> a partir d&#8217;una diagnosi amb diferents recursos com l&#8217;eina Selfie contestada per equip directiu, docents i alumnat. Seguidament, s&#8217;han passat uns formularis al personal no docent i a les fam\u00edlies.<\/p>\n<p>Un cop analitzada aquesta diagnosi i els punts forts i punts febles, des de la Comissi\u00f3 d&#8217;Estrat\u00e8gia Digital, s&#8217;han desplegat una s\u00e8rie d&#8217;<a href=\"https:\/\/agora.xtec.cat\/ceipparealgue\/wp-content\/uploads\/usu157\/2022\/07\/DIAGNOSI-I-OBJECTIUS-EDC-Pare-Algue-Punts-febles-objectius.pdf\">objectius <\/a>pel curs 22-23.<\/p>\n<p><span style=\"font-weight: 400;\">L\u2019avaluaci\u00f3 es veur\u00e0 reflectida a la PGA. Els membres de la comissi\u00f3 digital seran els i les encarregades de dur a terme aquesta avaluaci\u00f3. Seguidament, els membres de la comissi\u00f3 seran els encarregats de seleccionar les accions que toca dur a terme el curs en q\u00fcesti\u00f3.<\/span><\/p>\n<p dir=\"ltr\">D&#8217;altra banda, destacar la cultura digital que \u00e9s el conjunt d&#8217;actuacions d\u2019un centre que fan possible que docents, alumnat i centre assoleixin la compet\u00e8ncia digital.\u00a0 \u00c9s a dir, \u00e9s el conjunt d&#8217;accions, procediments, protocols i acords relacionats amb tots els \u00e0mbits digitals del centre. Des de l&#8217;Escola Pare Algu\u00e9 s&#8217;ha elaborat una <a href=\"https:\/\/sites.google.com\/parealgue.cat\/escola-pare-algu\/p%C3%A0gina-principal\/cultura-digital\/documentaci%C3%B3\">infografia amb els acords de protecci\u00f3 de dades<\/a>.<\/p>\n<p dir=\"ltr\"><a href=\"https:\/\/agora.xtec.cat\/ceipparealgue\/wp-content\/uploads\/usu157\/2023\/03\/ACORDS-PROTECCIO-DE-DADES.jpg\"><img loading=\"lazy\" decoding=\"async\" class=\"wp-image-4826 aligncenter\" src=\"https:\/\/agora.xtec.cat\/ceipparealgue\/wp-content\/uploads\/usu157\/2023\/03\/ACORDS-PROTECCIO-DE-DADES-1024x724.jpg\" alt=\"\" width=\"442\" height=\"312\" srcset=\"https:\/\/agora.xtec.cat\/ceipparealgue\/wp-content\/uploads\/usu157\/2023\/03\/ACORDS-PROTECCIO-DE-DADES-1024x724.jpg 1024w, https:\/\/agora.xtec.cat\/ceipparealgue\/wp-content\/uploads\/usu157\/2023\/03\/ACORDS-PROTECCIO-DE-DADES-300x212.jpg 300w, https:\/\/agora.xtec.cat\/ceipparealgue\/wp-content\/uploads\/usu157\/2023\/03\/ACORDS-PROTECCIO-DE-DADES-768x543.jpg 768w, https:\/\/agora.xtec.cat\/ceipparealgue\/wp-content\/uploads\/usu157\/2023\/03\/ACORDS-PROTECCIO-DE-DADES-1536x1086.jpg 1536w, https:\/\/agora.xtec.cat\/ceipparealgue\/wp-content\/uploads\/usu157\/2023\/03\/ACORDS-PROTECCIO-DE-DADES.jpg 2000w\" sizes=\"auto, (max-width: 442px) 100vw, 442px\" \/><\/a><\/p>\n","protected":false},"excerpt":{"rendered":"<p>L&#8217;<a href=\"https:\/\/sites.google.com\/parealgue.cat\/escola-pare-algu\/p%C3%A0gina-principal\">estrat\u00e8gia digital de centre<\/a> (EDC) defineix i concreta les l\u00ednies d&#8217;actuaci\u00f3 d&#8217;un centre que fan possible que docents, alumnat i centre assoleixin la compet\u00e8ncia digital. Per aconseguir aquesta compet\u00e8ncia digital, l&#8217;EDC compr\u00e8n tots els \u00e0mbits del centre: organitzatius, metodol\u00f2gics, curriculars i comunicatius, els quals&hellip;  <a href=\"https:\/\/agora.xtec.cat\/ceipparealgue\/estrategia-digital-de-centre-edc\/\" title=\"Read Estrat\u00e8gia Digital de Centre (EDC)\">Llegeix m\u00e9s\u00bb<\/a><\/p>\n","protected":false},"author":1,"featured_media":0,"parent":0,"menu_order":0,"comment_status":"closed","ping_status":"closed","template":"","meta":{"_bbp_topic_count":0,"_bbp_reply_count":0,"_bbp_total_topic_count":0,"_bbp_total_reply_count":0,"_bbp_voice_count":0,"_bbp_anonymous_reply_count":0,"_bbp_topic_count_hidden":0,"_bbp_reply_count_hidden":0,"_bbp_forum_subforum_count":0,"footnotes":""},"class_list":["post-4032","page","type-page","status-publish","hentry"],"post_mailing_queue_ids":[],"_links":{"self":[{"href":"https:\/\/agora.xtec.cat\/ceipparealgue\/wp-json\/wp\/v2\/pages\/4032","targetHints":{"allow":["GET"]}}],"collection":[{"href":"https:\/\/agora.xtec.cat\/ceipparealgue\/wp-json\/wp\/v2\/pages"}],"about":[{"href":"https:\/\/agora.xtec.cat\/ceipparealgue\/wp-json\/wp\/v2\/types\/page"}],"author":[{"embeddable":true,"href":"https:\/\/agora.xtec.cat\/ceipparealgue\/wp-json\/wp\/v2\/users\/1"}],"replies":[{"embeddable":true,"href":"https:\/\/agora.xtec.cat\/ceipparealgue\/wp-json\/wp\/v2\/comments?post=4032"}],"version-history":[{"count":3,"href":"https:\/\/agora.xtec.cat\/ceipparealgue\/wp-json\/wp\/v2\/pages\/4032\/revisions"}],"predecessor-version":[{"id":4856,"href":"https:\/\/agora.xtec.cat\/ceipparealgue\/wp-json\/wp\/v2\/pages\/4032\/revisions\/4856"}],"wp:attachment":[{"href":"https:\/\/agora.xtec.cat\/ceipparealgue\/wp-json\/wp\/v2\/media?parent=4032"}],"curies":[{"name":"wp","href":"https:\/\/api.w.org\/{rel}","templated":true}]}}

Estratègia Digital de Centre (EDC)

<p style="text-align: justify;">L&#8217;<a href="https://sites.google.com/parealgue.cat/escola-pare-algu/p%C3%A0gina-principal">estratègia digital de centre</a> (EDC) defineix i concreta les línies d&#8217;actuació d&#8217;un centre que fan possible que docents, alumnat i centre assoleixin la competència digital. Per aconseguir aquesta competència digital, l&#8217;EDC comprèn tots els àmbits del centre: organitzatius, metodològics, curriculars i comunicatius, els quals s&#8217;han de veure necessàriament implicats i, si escau, transformats, des d’una perspectiva d&#8217;innovació i de millora contínua.</p>
<p style="text-align: justify;">Els objectius de l&#8217;EDC es poden agrupar en cinc àmbits, que tenen com a fita el màxim assoliment de la competència digital de l’alumnat, del professorat i del centre:</p>
<ul style="text-align: justify;">
<li>Assoliment de la competència digital</li>
<li>Planificació estratègica i organització</li>
<li>Metodologies didàctiques i innovació</li>
<li>Inclusió digital i de gènere</li>
<li>Seguretat i protecció de dades</li>
</ul>
<p style="text-align: justify;">Com a tal, des de l&#8217;escola Pare Algué s&#8217;està treballant en aquesta línia i s&#8217;han elaborat els <a href="https://agora.xtec.cat/ceipparealgue/wp-content/uploads/usu157/2022/05/punts-forts-i-punts-febles.pdf">punts forts i punts febles</a> a partir d&#8217;una diagnosi amb diferents recursos com l&#8217;eina Selfie contestada per equip directiu, docents i alumnat. Seguidament, s&#8217;han passat uns formularis al personal no docent i a les famílies.</p>
<p>Un cop analitzada aquesta diagnosi i els punts forts i punts febles, des de la Comissió d&#8217;Estratègia Digital, s&#8217;han desplegat una sèrie d&#8217;<a href="https://agora.xtec.cat/ceipparealgue/wp-content/uploads/usu157/2022/07/DIAGNOSI-I-OBJECTIUS-EDC-Pare-Algue-Punts-febles-objectius.pdf">objectius </a>pel curs 22-23.</p>
<p><span style="font-weight: 400;">L’avaluació es veurà reflectida a la PGA. Els membres de la comissió digital seran els i les encarregades de dur a terme aquesta avaluació. Seguidament, els membres de la comissió seran els encarregats de seleccionar les accions que toca dur a terme el curs en qüestió.</span></p>
<p dir="ltr">D&#8217;altra banda, destacar la cultura digital que és el conjunt d&#8217;actuacions d’un centre que fan possible que docents, alumnat i centre assoleixin la competència digital.  És a dir, és el conjunt d&#8217;accions, procediments, protocols i acords relacionats amb tots els àmbits digitals del centre. Des de l&#8217;Escola Pare Algué s&#8217;ha elaborat una <a href="https://sites.google.com/parealgue.cat/escola-pare-algu/p%C3%A0gina-principal/cultura-digital/documentaci%C3%B3">infografia amb els acords de protecció de dades</a>.</p>
<p dir="ltr"><a href="https://agora.xtec.cat/ceipparealgue/wp-content/uploads/usu157/2023/03/ACORDS-PROTECCIO-DE-DADES.jpg"><img loading="lazy" decoding="async" class="wp-image-4826 aligncenter" src="https://agora.xtec.cat/ceipparealgue/wp-content/uploads/usu157/2023/03/ACORDS-PROTECCIO-DE-DADES-1024x724.jpg" alt="" width="442" height="312" srcset="https://agora.xtec.cat/ceipparealgue/wp-content/uploads/usu157/2023/03/ACORDS-PROTECCIO-DE-DADES-1024x724.jpg 1024w, https://agora.xtec.cat/ceipparealgue/wp-content/uploads/usu157/2023/03/ACORDS-PROTECCIO-DE-DADES-300x212.jpg 300w, https://agora.xtec.cat/ceipparealgue/wp-content/uploads/usu157/2023/03/ACORDS-PROTECCIO-DE-DADES-768x543.jpg 768w, https://agora.xtec.cat/ceipparealgue/wp-content/uploads/usu157/2023/03/ACORDS-PROTECCIO-DE-DADES-1536x1086.jpg 1536w, https://agora.xtec.cat/ceipparealgue/wp-content/uploads/usu157/2023/03/ACORDS-PROTECCIO-DE-DADES.jpg 2000w" sizes="auto, (max-width: 442px) 100vw, 442px" /></a></p>

<p>L&#8217;<a href="https://sites.google.com/parealgue.cat/escola-pare-algu/p%C3%A0gina-principal">estratègia digital de centre</a> (EDC) defineix i concreta les línies d&#8217;actuació d&#8217;un centre que fan possible que docents, alumnat i centre assoleixin la competència digital. Per aconseguir aquesta competència digital, l&#8217;EDC comprèn tots els àmbits del centre: organitzatius, metodològics, curriculars i comunicatius, els quals&hellip;  <a href="https://agora.xtec.cat/ceipparealgue/estrategia-digital-de-centre-edc/" title="Read Estratègia Digital de Centre (EDC)">Llegeix més»</a></p>
