{"id":4006,"date":"2022-05-05T12:11:35","date_gmt":"2022-05-05T10:11:35","guid":{"rendered":"https:\/\/agora.xtec.cat\/ceipparealgue\/?page_id=4006"},"modified":"2024-02-16T09:15:00","modified_gmt":"2024-02-16T08:15:00","slug":"taller-de-catala-basic-per-a-families","status":"publish","type":"page","link":"https:\/\/agora.xtec.cat\/ceipparealgue\/activitats-extraescolars-i-tallers\/taller-de-catala-basic-per-a-families\/","title":{"rendered":"Taller de catal\u00e0 b\u00e0sic per a fam\u00edlies"},"content":{"rendered":"<p style=\"text-align: justify;\">L&#8217;escola Pare Algu\u00e9 ha organitzat un curs de nivell inicial per a les fam\u00edlies que volen comen\u00e7ar a aprendre el catal\u00e0. Aquest taller cerca diferents objectius com: adquirir coneixements de llengua, cultura, societat i entorn escolar, facilitar la interrelaci\u00f3 amb l\u2019escola, fomentar la continu\u00eftat de l\u2019aprenentatge de la llengua i fomentar la socialitzaci\u00f3 de les fam\u00edlies a l\u2019escola i a l\u2019entorn.<\/p>\n<p>Activitat promoguda i financiada pel PMOE 23-24.<\/p>\n<p>Horari:<\/p>\n<ul>\n<li>Dimecres (quinzenalment de 3 a 5)<\/li>\n<\/ul>\n<p><a href=\"https:\/\/agora.xtec.cat\/ceipparealgue\/wp-content\/uploads\/usu157\/2024\/02\/logos-PROA-1.jpg\"><img loading=\"lazy\" decoding=\"async\" class=\"alignnone size-large wp-image-5368\" src=\"https:\/\/agora.xtec.cat\/ceipparealgue\/wp-content\/uploads\/usu157\/2024\/02\/logos-PROA-1-1024x307.jpg\" alt=\"\" width=\"1024\" height=\"307\" srcset=\"https:\/\/agora.xtec.cat\/ceipparealgue\/wp-content\/uploads\/usu157\/2024\/02\/logos-PROA-1-1024x307.jpg 1024w, https:\/\/agora.xtec.cat\/ceipparealgue\/wp-content\/uploads\/usu157\/2024\/02\/logos-PROA-1-300x90.jpg 300w, https:\/\/agora.xtec.cat\/ceipparealgue\/wp-content\/uploads\/usu157\/2024\/02\/logos-PROA-1-768x230.jpg 768w, https:\/\/agora.xtec.cat\/ceipparealgue\/wp-content\/uploads\/usu157\/2024\/02\/logos-PROA-1.jpg 1102w\" sizes=\"auto, (max-width: 1024px) 100vw, 1024px\" \/><\/a><\/p>\n","protected":false},"excerpt":{"rendered":"<p>L&#8217;escola Pare Algu\u00e9 ha organitzat un curs de nivell inicial per a les fam\u00edlies que volen comen\u00e7ar a aprendre el catal\u00e0. Aquest taller cerca diferents objectius com: adquirir coneixements de llengua, cultura, societat i entorn escolar, facilitar la interrelaci\u00f3 amb l\u2019escola, fomentar la continu\u00eftat de&hellip;  <a href=\"https:\/\/agora.xtec.cat\/ceipparealgue\/activitats-extraescolars-i-tallers\/taller-de-catala-basic-per-a-families\/\" title=\"Read Taller de catal\u00e0 b\u00e0sic per a fam\u00edlies\">Llegeix m\u00e9s\u00bb<\/a><\/p>\n","protected":false},"author":1,"featured_media":0,"parent":3983,"menu_order":0,"comment_status":"closed","ping_status":"closed","template":"","meta":{"_bbp_topic_count":0,"_bbp_reply_count":0,"_bbp_total_topic_count":0,"_bbp_total_reply_count":0,"_bbp_voice_count":0,"_bbp_anonymous_reply_count":0,"_bbp_topic_count_hidden":0,"_bbp_reply_count_hidden":0,"_bbp_forum_subforum_count":0,"footnotes":""},"class_list":["post-4006","page","type-page","status-publish","hentry"],"post_mailing_queue_ids":[],"_links":{"self":[{"href":"https:\/\/agora.xtec.cat\/ceipparealgue\/wp-json\/wp\/v2\/pages\/4006","targetHints":{"allow":["GET"]}}],"collection":[{"href":"https:\/\/agora.xtec.cat\/ceipparealgue\/wp-json\/wp\/v2\/pages"}],"about":[{"href":"https:\/\/agora.xtec.cat\/ceipparealgue\/wp-json\/wp\/v2\/types\/page"}],"author":[{"embeddable":true,"href":"https:\/\/agora.xtec.cat\/ceipparealgue\/wp-json\/wp\/v2\/users\/1"}],"replies":[{"embeddable":true,"href":"https:\/\/agora.xtec.cat\/ceipparealgue\/wp-json\/wp\/v2\/comments?post=4006"}],"version-history":[{"count":5,"href":"https:\/\/agora.xtec.cat\/ceipparealgue\/wp-json\/wp\/v2\/pages\/4006\/revisions"}],"predecessor-version":[{"id":5369,"href":"https:\/\/agora.xtec.cat\/ceipparealgue\/wp-json\/wp\/v2\/pages\/4006\/revisions\/5369"}],"up":[{"embeddable":true,"href":"https:\/\/agora.xtec.cat\/ceipparealgue\/wp-json\/wp\/v2\/pages\/3983"}],"wp:attachment":[{"href":"https:\/\/agora.xtec.cat\/ceipparealgue\/wp-json\/wp\/v2\/media?parent=4006"}],"curies":[{"name":"wp","href":"https:\/\/api.w.org\/{rel}","templated":true}]}}

Taller de català bàsic per a famílies

<p style="text-align: justify;">L&#8217;escola Pare Algué ha organitzat un curs de nivell inicial per a les famílies que volen començar a aprendre el català. Aquest taller cerca diferents objectius com: adquirir coneixements de llengua, cultura, societat i entorn escolar, facilitar la interrelació amb l’escola, fomentar la continuïtat de l’aprenentatge de la llengua i fomentar la socialització de les famílies a l’escola i a l’entorn.</p>
<p>Activitat promoguda i financiada pel PMOE 23-24.</p>
<p>Horari:</p>
<ul>
<li>Dimecres (quinzenalment de 3 a 5)</li>
</ul>
<p><a href="https://agora.xtec.cat/ceipparealgue/wp-content/uploads/usu157/2024/02/logos-PROA-1.jpg"><img loading="lazy" decoding="async" class="alignnone size-large wp-image-5368" src="https://agora.xtec.cat/ceipparealgue/wp-content/uploads/usu157/2024/02/logos-PROA-1-1024x307.jpg" alt="" width="1024" height="307" srcset="https://agora.xtec.cat/ceipparealgue/wp-content/uploads/usu157/2024/02/logos-PROA-1-1024x307.jpg 1024w, https://agora.xtec.cat/ceipparealgue/wp-content/uploads/usu157/2024/02/logos-PROA-1-300x90.jpg 300w, https://agora.xtec.cat/ceipparealgue/wp-content/uploads/usu157/2024/02/logos-PROA-1-768x230.jpg 768w, https://agora.xtec.cat/ceipparealgue/wp-content/uploads/usu157/2024/02/logos-PROA-1.jpg 1102w" sizes="auto, (max-width: 1024px) 100vw, 1024px" /></a></p>

<p>L&#8217;escola Pare Algué ha organitzat un curs de nivell inicial per a les famílies que volen començar a aprendre el català. Aquest taller cerca diferents objectius com: adquirir coneixements de llengua, cultura, societat i entorn escolar, facilitar la interrelació amb l’escola, fomentar la continuïtat de&hellip;  <a href="https://agora.xtec.cat/ceipparealgue/activitats-extraescolars-i-tallers/taller-de-catala-basic-per-a-families/" title="Read Taller de català bàsic per a famílies">Llegeix més»</a></p>
