{"id":3963,"date":"2022-05-05T11:50:32","date_gmt":"2022-05-05T09:50:32","guid":{"rendered":"https:\/\/agora.xtec.cat\/ceipparealgue\/?page_id=3963"},"modified":"2024-01-18T10:45:47","modified_gmt":"2024-01-18T09:45:47","slug":"iniciacio-multiesportiva","status":"publish","type":"page","link":"https:\/\/agora.xtec.cat\/ceipparealgue\/iniciacio-multiesportiva\/","title":{"rendered":"Iniciaci\u00f3 multiesportiva"},"content":{"rendered":"<p><span style=\"font-weight: 400;\">Des de l\u2019escola Pare Algu\u00e9\u00a0 es procura que l\u2019esport sigui una ajuda en el desenvolupament del nen\/a, integrant-lo dins el conjunt global de la seva educaci\u00f3, per aix\u00f2 la proposta articula una s\u00e8rie d\u2019activitats \u201cmultiesportives\u201d, per dur-les a terme en l\u2019\u00e0mbit dels extraescolars.<\/span><\/p>\n<p><span style=\"font-weight: 400;\">Mitjan\u00e7ant aquesta activitat els nens i nenes d\u2019educaci\u00f3 prim\u00e0ria podran con\u00e8ixer les diverses funcions del seu cos executant activitats per posar en marxa el seu cos. \u00c9s a dir, la finalitat \u00e9s que les nenes i nens aprenguin a moure\u2019s, a socialitzar i a comunicar-se d\u2019una forma divertida, d\u2019aquesta manera es desenvolupen diferents valors.<\/span><\/p>\n<p><span style=\"font-weight: 400;\">Activitat promoguda i finan\u00e7ada per l\u2019Ajuntament de Manresa.<\/span><\/p>\n<p><strong>Horari:<\/strong><\/p>\n<ul>\n<li style=\"font-weight: 400;\" aria-level=\"1\"><span style=\"font-weight: 400;\">Dilluns 1r, 2n, 3r (17:00 a 18:30)<\/span><\/li>\n<li style=\"font-weight: 400;\" aria-level=\"1\"><span style=\"font-weight: 400;\">Dimarts 4t, 5\u00e8 i 6\u00e8 (17:00 a 18:30)<\/span><\/li>\n<li style=\"font-weight: 400;\" aria-level=\"1\"><span style=\"font-weight: 400;\">Dimecres 1r, 2n, 3r (17:00 a 18:30)<\/span><\/li>\n<li style=\"font-weight: 400;\" aria-level=\"1\"><span style=\"font-weight: 400;\">Dijous 4t, 5\u00e8 i 6\u00e8 (17:00 a 18:30)<\/span><\/li>\n<\/ul>\n","protected":false},"excerpt":{"rendered":"<p>Des de l\u2019escola Pare Algu\u00e9\u00a0 es procura que l\u2019esport sigui una ajuda en el desenvolupament del nen\/a, integrant-lo dins el conjunt global de la seva educaci\u00f3, per aix\u00f2 la proposta articula una s\u00e8rie d\u2019activitats \u201cmultiesportives\u201d, per dur-les a terme en l\u2019\u00e0mbit dels extraescolars.<br \/>\nMitjan\u00e7ant aquesta activitat&hellip;  <a href=\"https:\/\/agora.xtec.cat\/ceipparealgue\/iniciacio-multiesportiva\/\" title=\"Read Iniciaci\u00f3 multiesportiva\">Llegeix m\u00e9s\u00bb<\/a><\/p>\n","protected":false},"author":1,"featured_media":0,"parent":0,"menu_order":0,"comment_status":"closed","ping_status":"closed","template":"","meta":{"_bbp_topic_count":0,"_bbp_reply_count":0,"_bbp_total_topic_count":0,"_bbp_total_reply_count":0,"_bbp_voice_count":0,"_bbp_anonymous_reply_count":0,"_bbp_topic_count_hidden":0,"_bbp_reply_count_hidden":0,"_bbp_forum_subforum_count":0,"footnotes":""},"class_list":["post-3963","page","type-page","status-publish","hentry"],"post_mailing_queue_ids":[],"_links":{"self":[{"href":"https:\/\/agora.xtec.cat\/ceipparealgue\/wp-json\/wp\/v2\/pages\/3963","targetHints":{"allow":["GET"]}}],"collection":[{"href":"https:\/\/agora.xtec.cat\/ceipparealgue\/wp-json\/wp\/v2\/pages"}],"about":[{"href":"https:\/\/agora.xtec.cat\/ceipparealgue\/wp-json\/wp\/v2\/types\/page"}],"author":[{"embeddable":true,"href":"https:\/\/agora.xtec.cat\/ceipparealgue\/wp-json\/wp\/v2\/users\/1"}],"replies":[{"embeddable":true,"href":"https:\/\/agora.xtec.cat\/ceipparealgue\/wp-json\/wp\/v2\/comments?post=3963"}],"version-history":[{"count":4,"href":"https:\/\/agora.xtec.cat\/ceipparealgue\/wp-json\/wp\/v2\/pages\/3963\/revisions"}],"predecessor-version":[{"id":5283,"href":"https:\/\/agora.xtec.cat\/ceipparealgue\/wp-json\/wp\/v2\/pages\/3963\/revisions\/5283"}],"wp:attachment":[{"href":"https:\/\/agora.xtec.cat\/ceipparealgue\/wp-json\/wp\/v2\/media?parent=3963"}],"curies":[{"name":"wp","href":"https:\/\/api.w.org\/{rel}","templated":true}]}}

Iniciació multiesportiva

<p><span style="font-weight: 400;">Des de l’escola Pare Algué  es procura que l’esport sigui una ajuda en el desenvolupament del nen/a, integrant-lo dins el conjunt global de la seva educació, per això la proposta articula una sèrie d’activitats “multiesportives”, per dur-les a terme en l’àmbit dels extraescolars.</span></p>
<p><span style="font-weight: 400;">Mitjançant aquesta activitat els nens i nenes d’educació primària podran conèixer les diverses funcions del seu cos executant activitats per posar en marxa el seu cos. És a dir, la finalitat és que les nenes i nens aprenguin a moure’s, a socialitzar i a comunicar-se d’una forma divertida, d’aquesta manera es desenvolupen diferents valors.</span></p>
<p><span style="font-weight: 400;">Activitat promoguda i finançada per l’Ajuntament de Manresa.</span></p>
<p><strong>Horari:</strong></p>
<ul>
<li style="font-weight: 400;" aria-level="1"><span style="font-weight: 400;">Dilluns 1r, 2n, 3r (17:00 a 18:30)</span></li>
<li style="font-weight: 400;" aria-level="1"><span style="font-weight: 400;">Dimarts 4t, 5è i 6è (17:00 a 18:30)</span></li>
<li style="font-weight: 400;" aria-level="1"><span style="font-weight: 400;">Dimecres 1r, 2n, 3r (17:00 a 18:30)</span></li>
<li style="font-weight: 400;" aria-level="1"><span style="font-weight: 400;">Dijous 4t, 5è i 6è (17:00 a 18:30)</span></li>
</ul>

<p>Des de l’escola Pare Algué  es procura que l’esport sigui una ajuda en el desenvolupament del nen/a, integrant-lo dins el conjunt global de la seva educació, per això la proposta articula una sèrie d’activitats “multiesportives”, per dur-les a terme en l’àmbit dels extraescolars.<br />
Mitjançant aquesta activitat&hellip;  <a href="https://agora.xtec.cat/ceipparealgue/iniciacio-multiesportiva/" title="Read Iniciació multiesportiva">Llegeix més»</a></p>
