{"id":30,"date":"2014-09-18T12:30:23","date_gmt":"2014-09-18T10:30:23","guid":{"rendered":"http:\/\/agora.xtec.cat\/ceipparealgue\/?page_id=30"},"modified":"2021-11-25T11:55:33","modified_gmt":"2021-11-25T10:55:33","slug":"instal%c2%b7lacions","status":"publish","type":"page","link":"https:\/\/agora.xtec.cat\/ceipparealgue\/lescola\/instal%c2%b7lacions\/","title":{"rendered":"Instal\u00b7lacions"},"content":{"rendered":"<p>L\u2019escola consta d\u2019un edifici i un pati. En el pati hi ha un m\u00f2dul on hi ha ubicada la classe de EI3.<\/p>\n<p>L\u2019edifici consta de:<\/p>\n<ul>\n<li>Planta baixa: aules d\u2019educaci\u00f3 infantil (EI4 i EI5), aules d\u2019educaci\u00f3 prim\u00e0ria, una aula d\u2019educaci\u00f3 especial, dues aules de refor\u00e7, una aula d\u2019acollida, una aula d\u2019inform\u00e0tica, una aula de ci\u00e8ncies, el gimn\u00e0s i el menjador.<\/li>\n<li>Primera planta: sala de mestres i despatxos de l\u2019equip directiu aix\u00ed com de la TIS i l\u2019administrativa.<\/li>\n<\/ul>\n","protected":false},"excerpt":{"rendered":"<p>L\u2019escola consta d\u2019un edifici i un pati. En el pati hi ha un m\u00f2dul on hi ha ubicada la classe de EI3.<br \/>\nL\u2019edifici consta de:<\/p>\n<ul>\n<li>Planta baixa: aules d\u2019educaci\u00f3 infantil (EI4 i EI5), aules d\u2019educaci\u00f3 prim\u00e0ria, una aula d\u2019educaci\u00f3 especial, dues aules de refor\u00e7, una aula d\u2019acollida,&hellip;  <a href=\"https:\/\/agora.xtec.cat\/ceipparealgue\/lescola\/instal%c2%b7lacions\/\" title=\"Read Instal\u00b7lacions\">Llegeix m\u00e9s\u00bb<\/a><br \/>\n","protected":false},"author":1,"featured_media":0,"parent":22,"menu_order":6,"comment_status":"closed","ping_status":"closed","template":"page-templates\/side-menu.php","meta":{"_bbp_topic_count":0,"_bbp_reply_count":0,"_bbp_total_topic_count":0,"_bbp_total_reply_count":0,"_bbp_voice_count":0,"_bbp_anonymous_reply_count":0,"_bbp_topic_count_hidden":0,"_bbp_reply_count_hidden":0,"_bbp_forum_subforum_count":0,"footnotes":""},"class_list":["post-30","page","type-page","status-publish","hentry"],"post_mailing_queue_ids":[],"_links":{"self":[{"href":"https:\/\/agora.xtec.cat\/ceipparealgue\/wp-json\/wp\/v2\/pages\/30","targetHints":{"allow":["GET"]}}],"collection":[{"href":"https:\/\/agora.xtec.cat\/ceipparealgue\/wp-json\/wp\/v2\/pages"}],"about":[{"href":"https:\/\/agora.xtec.cat\/ceipparealgue\/wp-json\/wp\/v2\/types\/page"}],"author":[{"embeddable":true,"href":"https:\/\/agora.xtec.cat\/ceipparealgue\/wp-json\/wp\/v2\/users\/1"}],"replies":[{"embeddable":true,"href":"https:\/\/agora.xtec.cat\/ceipparealgue\/wp-json\/wp\/v2\/comments?post=30"}],"version-history":[{"count":4,"href":"https:\/\/agora.xtec.cat\/ceipparealgue\/wp-json\/wp\/v2\/pages\/30\/revisions"}],"predecessor-version":[{"id":3667,"href":"https:\/\/agora.xtec.cat\/ceipparealgue\/wp-json\/wp\/v2\/pages\/30\/revisions\/3667"}],"up":[{"embeddable":true,"href":"https:\/\/agora.xtec.cat\/ceipparealgue\/wp-json\/wp\/v2\/pages\/22"}],"wp:attachment":[{"href":"https:\/\/agora.xtec.cat\/ceipparealgue\/wp-json\/wp\/v2\/media?parent=30"}],"curies":[{"name":"wp","href":"https:\/\/api.w.org\/{rel}","templated":true}]}}

<p>L’escola consta d’un edifici i un pati. En el pati hi ha un mòdul on hi ha ubicada la classe de EI3.</p>
<p>L’edifici consta de:</p>
<ul>
<li>Planta baixa: aules d’educació infantil (EI4 i EI5), aules d’educació primària, una aula d’educació especial, dues aules de reforç, una aula d’acollida, una aula d’informàtica, una aula de ciències, el gimnàs i el menjador.</li>
<li>Primera planta: sala de mestres i despatxos de l’equip directiu així com de la TIS i l’administrativa.</li>
</ul>

<p>L’escola consta d’un edifici i un pati. En el pati hi ha un mòdul on hi ha ubicada la classe de EI3.<br />
L’edifici consta de:</p>
<ul>
<li>Planta baixa: aules d’educació infantil (EI4 i EI5), aules d’educació primària, una aula d’educació especial, dues aules de reforç, una aula d’acollida,&hellip;  <a href="https://agora.xtec.cat/ceipparealgue/lescola/instal%c2%b7lacions/" title="Read Instal·lacions">Llegeix més»</a><br />
