{"id":2803,"date":"2020-07-28T16:45:57","date_gmt":"2020-07-28T14:45:57","guid":{"rendered":"https:\/\/agora.xtec.cat\/ceipparealgue\/?page_id=2803"},"modified":"2021-04-11T18:18:22","modified_gmt":"2021-04-11T16:18:22","slug":"pla-de-consum-de-fruita-a-les-escoles","status":"publish","type":"page","link":"https:\/\/agora.xtec.cat\/ceipparealgue\/informacio\/pla-de-consum-de-fruita-a-les-escoles\/","title":{"rendered":"Pla de consum de fruita a les escoles"},"content":{"rendered":"<div class=\"basic_text col-xs-12\">\n<p>El Departament d\u2019Agricultura, Ramaderia, Pesca i Alimentaci\u00f3 amb la col\u00b7laboraci\u00f3 dels Departaments d\u2019Educaci\u00f3 i Salut han engegat, un curs m\u00e9s, el pla de consum de fruites i verdures a l\u2019escola.<\/p>\n<\/div>\n<p>Aquest pla \u00e9s una iniciativa que consisteix a distribuir gratu\u00eftament fruita i verdura fresca a les escoles per consumir durant l\u2019esmorzar.<\/p>\n<p>La fruita es distribueix en funci\u00f3 de l\u2019estaci\u00f3 de l\u2019any, la proximitat del centre a la producci\u00f3 i la qualitat.<\/p>\n<p>A l&#8217;Escola Pare Algu\u00e9 fa anys que participem en aquest programa i, mensualment, rebem caixes de fruita i hortalisses per tal d\u2019augmentar el consum de fruita i per incidir en la necessitat d\u2019una alimentaci\u00f3 saludable. Aix\u00ed que, una setmana al mes, l\u2019alumnat pot escollir menjar les fruites i hortalisses que arriben del programa a l\u2019hora d\u2019esmorzar.<\/p>\n<p>\u00c9s una iniciativa de la Uni\u00f3 Europea amb l&#8217;acci\u00f3 conjunta dels departaments d\u2019Agricultura, Salut i Ensenyament.<\/p>\n<p>Els objectius s\u00f3n:<\/p>\n<ul>\n<li>Oferir fruita gratu\u00efta en els esmorzars i berenars dins del centre escolar.<\/li>\n<li>Informar sobre els beneficis de pujar el consum de fruites i verdures, i sobre la seva diversitat, trets, producci\u00f3, estacionalitat, etc.<\/li>\n<li>Proposar el consum de fruites com una alternativa excel\u00b7lent al consum d\u2019altres aliments amb menys qualitat nutricional.<\/li>\n<\/ul>\n<p>Es pret\u00e9n amb aix\u00f2 afavorir la salut dels infants i promoure el consum de fruites, verdures, fruita seca, llegums, aigua i joc actiu.<\/p>\n<p>I tamb\u00e9 reduir el consum llaminadures, begudes refrescants, brioxeria i videojocs sedentaris.<\/p>\n<p style=\"text-align: center;\"><iframe loading=\"lazy\" src=\"https:\/\/www.youtube.com\/embed\/qaizEuZd6KU\" width=\"560\" height=\"315\" frameborder=\"0\"><\/iframe><\/p>\n<p><a href=\"https:\/\/agora.xtec.cat\/ceipparealgue\/wp-content\/uploads\/usu157\/2020\/07\/cartell-programa-consum-fruita-hortalisses-escoles-unio-europea.pdf\">Cartell del Programa<\/a><\/p>\n<p><a href=\"https:\/\/agora.xtec.cat\/ceipparealgue\/wp-content\/uploads\/usu157\/2020\/07\/triptic-programa-consum-fruita-hortalisses-escoles-unio-europea.pdf\">Tr\u00edptic del Programa<\/a><\/p>\n","protected":false},"excerpt":{"rendered":"<p>El Departament d\u2019Agricultura, Ramaderia, Pesca i Alimentaci\u00f3 amb la col\u00b7laboraci\u00f3 dels Departaments d\u2019Educaci\u00f3 i Salut han engegat, un curs m\u00e9s, el pla de consum de fruites i verdures a l\u2019escola.<\/p>\n<p>Aquest pla \u00e9s una iniciativa que consisteix a distribuir gratu\u00eftament fruita i verdura fresca a les&hellip;  <a href=\"https:\/\/agora.xtec.cat\/ceipparealgue\/informacio\/pla-de-consum-de-fruita-a-les-escoles\/\" title=\"Read Pla de consum de fruita a les escoles\">Llegeix m\u00e9s\u00bb<\/a><\/p>\n","protected":false},"author":1,"featured_media":0,"parent":510,"menu_order":5,"comment_status":"closed","ping_status":"closed","template":"","meta":{"_bbp_topic_count":0,"_bbp_reply_count":0,"_bbp_total_topic_count":0,"_bbp_total_reply_count":0,"_bbp_voice_count":0,"_bbp_anonymous_reply_count":0,"_bbp_topic_count_hidden":0,"_bbp_reply_count_hidden":0,"_bbp_forum_subforum_count":0,"footnotes":""},"class_list":["post-2803","page","type-page","status-publish","hentry"],"post_mailing_queue_ids":[],"_links":{"self":[{"href":"https:\/\/agora.xtec.cat\/ceipparealgue\/wp-json\/wp\/v2\/pages\/2803","targetHints":{"allow":["GET"]}}],"collection":[{"href":"https:\/\/agora.xtec.cat\/ceipparealgue\/wp-json\/wp\/v2\/pages"}],"about":[{"href":"https:\/\/agora.xtec.cat\/ceipparealgue\/wp-json\/wp\/v2\/types\/page"}],"author":[{"embeddable":true,"href":"https:\/\/agora.xtec.cat\/ceipparealgue\/wp-json\/wp\/v2\/users\/1"}],"replies":[{"embeddable":true,"href":"https:\/\/agora.xtec.cat\/ceipparealgue\/wp-json\/wp\/v2\/comments?post=2803"}],"version-history":[{"count":4,"href":"https:\/\/agora.xtec.cat\/ceipparealgue\/wp-json\/wp\/v2\/pages\/2803\/revisions"}],"predecessor-version":[{"id":3366,"href":"https:\/\/agora.xtec.cat\/ceipparealgue\/wp-json\/wp\/v2\/pages\/2803\/revisions\/3366"}],"up":[{"embeddable":true,"href":"https:\/\/agora.xtec.cat\/ceipparealgue\/wp-json\/wp\/v2\/pages\/510"}],"wp:attachment":[{"href":"https:\/\/agora.xtec.cat\/ceipparealgue\/wp-json\/wp\/v2\/media?parent=2803"}],"curies":[{"name":"wp","href":"https:\/\/api.w.org\/{rel}","templated":true}]}}

<div class="basic_text col-xs-12">
<p>El Departament d’Agricultura, Ramaderia, Pesca i Alimentació amb la col·laboració dels Departaments d’Educació i Salut han engegat, un curs més, el pla de consum de fruites i verdures a l’escola.</p>
</div>
<p>Aquest pla és una iniciativa que consisteix a distribuir gratuïtament fruita i verdura fresca a les escoles per consumir durant l’esmorzar.</p>
<p>La fruita es distribueix en funció de l’estació de l’any, la proximitat del centre a la producció i la qualitat.</p>
<p>A l&#8217;Escola Pare Algué fa anys que participem en aquest programa i, mensualment, rebem caixes de fruita i hortalisses per tal d’augmentar el consum de fruita i per incidir en la necessitat d’una alimentació saludable. Així que, una setmana al mes, l’alumnat pot escollir menjar les fruites i hortalisses que arriben del programa a l’hora d’esmorzar.</p>
<p>És una iniciativa de la Unió Europea amb l&#8217;acció conjunta dels departaments d’Agricultura, Salut i Ensenyament.</p>
<p>Els objectius són:</p>
<ul>
<li>Oferir fruita gratuïta en els esmorzars i berenars dins del centre escolar.</li>
<li>Informar sobre els beneficis de pujar el consum de fruites i verdures, i sobre la seva diversitat, trets, producció, estacionalitat, etc.</li>
<li>Proposar el consum de fruites com una alternativa excel·lent al consum d’altres aliments amb menys qualitat nutricional.</li>
</ul>
<p>Es pretén amb això afavorir la salut dels infants i promoure el consum de fruites, verdures, fruita seca, llegums, aigua i joc actiu.</p>
<p>I també reduir el consum llaminadures, begudes refrescants, brioxeria i videojocs sedentaris.</p>
<p style="text-align: center;"><iframe loading="lazy" src="https://www.youtube.com/embed/qaizEuZd6KU" width="560" height="315" frameborder="0"></iframe></p>
<p><a href="https://agora.xtec.cat/ceipparealgue/wp-content/uploads/usu157/2020/07/cartell-programa-consum-fruita-hortalisses-escoles-unio-europea.pdf">Cartell del Programa</a></p>
<p><a href="https://agora.xtec.cat/ceipparealgue/wp-content/uploads/usu157/2020/07/triptic-programa-consum-fruita-hortalisses-escoles-unio-europea.pdf">Tríptic del Programa</a></p>

<p>El Departament d’Agricultura, Ramaderia, Pesca i Alimentació amb la col·laboració dels Departaments d’Educació i Salut han engegat, un curs més, el pla de consum de fruites i verdures a l’escola.</p>
<p>Aquest pla és una iniciativa que consisteix a distribuir gratuïtament fruita i verdura fresca a les&hellip;  <a href="https://agora.xtec.cat/ceipparealgue/informacio/pla-de-consum-de-fruita-a-les-escoles/" title="Read Pla de consum de fruita a les escoles">Llegeix més»</a></p>
