{"id":786,"date":"2024-06-10T14:51:27","date_gmt":"2024-06-10T12:51:27","guid":{"rendered":"http:\/\/agora.xtec.cat\/ceippallach-figueres\/?page_id=786"},"modified":"2025-07-15T19:54:12","modified_gmt":"2025-07-15T17:54:12","slug":"menjador","status":"publish","type":"page","link":"https:\/\/agora.xtec.cat\/ceippallach-figueres\/serveis\/menjador\/","title":{"rendered":"Menjador"},"content":{"rendered":"<p>El menjador de la nostra escola est\u00e0 gestionat per l&#8217;empresa Serunion. Per temes relacionats amb el menjador cal trucar abans de les 10 del mat\u00ed al tel\u00e8fon 872 550 110. Podeu consultar el menu de cada dia a trav\u00e9s de l&#8217;aplicaci\u00f3 ColeChef.<\/p>\n<p>&nbsp;<\/p>\n<p><a href=\"https:\/\/agora.xtec.cat\/ceippallach-figueres\/wp-content\/uploads\/usu654\/2024\/09\/Renovacio.pdf\">En aquest document<\/a> hi trobareu tota la informaci\u00f3 de com renovar el menjador pel curs 2024-2025.<\/p>\n<p><a href=\"https:\/\/agora.xtec.cat\/ceippallach-figueres\/wp-content\/uploads\/usu654\/2024\/09\/Normativa_Preus.pdf\">En aquest document<\/a>\u00a0hi trobareu la normativa de contractaci\u00f3 del menjador amb els preus d&#8217;aquest curs.<\/p>\n<p><a href=\"https:\/\/agora.xtec.cat\/ceippallach-figueres\/wp-content\/uploads\/usu654\/2024\/09\/Nous_alumnes.pdf\">En aquest document<\/a> hi trobareu tota la informaci\u00f3 del menjador per les fam\u00edlies noves a l&#8217;escola amb l&#8217;explicaci\u00f3 de com funciona l&#8217;aplicaci\u00f3 ColeChef de gesti\u00f3 del servei de menjador.<\/p>\n<p><a href=\"https:\/\/agora.xtec.cat\/ceippallach-figueres\/wp-content\/uploads\/usu654\/2021\/03\/Comunicat-men%C3%BAs-Escola-Mar%C3%A7-2021.pdf\">En aquest document<\/a> hi trobareu els canvis que es van fer el 2021 en els men\u00fas per oferir una dieta m\u00e9s sana.<\/p>\n<p><a href=\"https:\/\/agora.xtec.cat\/ceippallach-figueres\/docs\/pla-de-funcionament-del-menjador-24-25\/?bp-attachment=PLA-DE-FUNCIONAMENT-JOSEP-PALLACH-24-25.pdf\">En aquest document<\/a> hi trobareu la informaci\u00f3 detallada del funcionament del menjador escolar per aquest curs 2024-2025.<\/p>\n<p>&nbsp;<\/p>\n<p><a href=\"https:\/\/agora.xtec.cat\/ceippallach-figueres\/docs\/menu-del-mes\/\">Aqu\u00ed hi teniu els men\u00fas d&#8217;aquest mes.<\/a><\/p>\n","protected":false},"excerpt":{"rendered":"<p>El menjador de la nostra escola est\u00e0 gestionat per l&#8217;empresa Serunion. Per temes relacionats amb el menjador cal trucar abans de les 10 del mat\u00ed al tel\u00e8fon 872 550 110. Podeu consultar el menu de cada dia a trav\u00e9s de l&#8217;aplicaci\u00f3 ColeChef. &nbsp; En aquest document hi trobareu tota la informaci\u00f3 de com renovar el [&hellip;]<\/p>\n","protected":false},"author":1,"featured_media":0,"parent":66,"menu_order":0,"comment_status":"closed","ping_status":"closed","template":"","meta":{"_bbp_topic_count":0,"_bbp_reply_count":0,"_bbp_total_topic_count":0,"_bbp_total_reply_count":0,"_bbp_voice_count":0,"_bbp_anonymous_reply_count":0,"_bbp_topic_count_hidden":0,"_bbp_reply_count_hidden":0,"_bbp_forum_subforum_count":0,"site-sidebar-layout":"default","site-content-layout":"","ast-site-content-layout":"default","site-content-style":"default","site-sidebar-style":"default","ast-global-header-display":"","ast-banner-title-visibility":"","ast-main-header-display":"","ast-hfb-above-header-display":"","ast-hfb-below-header-display":"","ast-hfb-mobile-header-display":"","site-post-title":"","ast-breadcrumbs-content":"","ast-featured-img":"","footer-sml-layout":"","theme-transparent-header-meta":"default","adv-header-id-meta":"","stick-header-meta":"","header-above-stick-meta":"","header-main-stick-meta":"","header-below-stick-meta":"","astra-migrate-meta-layouts":"set","ast-page-background-enabled":"default","ast-page-background-meta":{"desktop":{"background-color":"var(--ast-global-color-4)","background-image":"","background-repeat":"repeat","background-position":"center center","background-size":"auto","background-attachment":"scroll","background-type":"","background-media":"","overlay-type":"","overlay-color":"","overlay-opacity":"","overlay-gradient":""},"tablet":{"background-color":"","background-image":"","background-repeat":"repeat","background-position":"center center","background-size":"auto","background-attachment":"scroll","background-type":"","background-media":"","overlay-type":"","overlay-color":"","overlay-opacity":"","overlay-gradient":""},"mobile":{"background-color":"","background-image":"","background-repeat":"repeat","background-position":"center center","background-size":"auto","background-attachment":"scroll","background-type":"","background-media":"","overlay-type":"","overlay-color":"","overlay-opacity":"","overlay-gradient":""}},"ast-content-background-meta":{"desktop":{"background-color":"var(--ast-global-color-5)","background-image":"","background-repeat":"repeat","background-position":"center center","background-size":"auto","background-attachment":"scroll","background-type":"","background-media":"","overlay-type":"","overlay-color":"","overlay-opacity":"","overlay-gradient":""},"tablet":{"background-color":"var(--ast-global-color-5)","background-image":"","background-repeat":"repeat","background-position":"center center","background-size":"auto","background-attachment":"scroll","background-type":"","background-media":"","overlay-type":"","overlay-color":"","overlay-opacity":"","overlay-gradient":""},"mobile":{"background-color":"var(--ast-global-color-5)","background-image":"","background-repeat":"repeat","background-position":"center center","background-size":"auto","background-attachment":"scroll","background-type":"","background-media":"","overlay-type":"","overlay-color":"","overlay-opacity":"","overlay-gradient":""}},"footnotes":""},"class_list":["post-786","page","type-page","status-publish","hentry"],"post_mailing_queue_ids":[],"_links":{"self":[{"href":"https:\/\/agora.xtec.cat\/ceippallach-figueres\/wp-json\/wp\/v2\/pages\/786","targetHints":{"allow":["GET"]}}],"collection":[{"href":"https:\/\/agora.xtec.cat\/ceippallach-figueres\/wp-json\/wp\/v2\/pages"}],"about":[{"href":"https:\/\/agora.xtec.cat\/ceippallach-figueres\/wp-json\/wp\/v2\/types\/page"}],"author":[{"embeddable":true,"href":"https:\/\/agora.xtec.cat\/ceippallach-figueres\/wp-json\/wp\/v2\/users\/1"}],"replies":[{"embeddable":true,"href":"https:\/\/agora.xtec.cat\/ceippallach-figueres\/wp-json\/wp\/v2\/comments?post=786"}],"version-history":[{"count":6,"href":"https:\/\/agora.xtec.cat\/ceippallach-figueres\/wp-json\/wp\/v2\/pages\/786\/revisions"}],"predecessor-version":[{"id":5683,"href":"https:\/\/agora.xtec.cat\/ceippallach-figueres\/wp-json\/wp\/v2\/pages\/786\/revisions\/5683"}],"up":[{"embeddable":true,"href":"https:\/\/agora.xtec.cat\/ceippallach-figueres\/wp-json\/wp\/v2\/pages\/66"}],"wp:attachment":[{"href":"https:\/\/agora.xtec.cat\/ceippallach-figueres\/wp-json\/wp\/v2\/media?parent=786"}],"curies":[{"name":"wp","href":"https:\/\/api.w.org\/{rel}","templated":true}]}}

<p>El menjador de la nostra escola està gestionat per l&#8217;empresa Serunion. Per temes relacionats amb el menjador cal trucar abans de les 10 del matí al telèfon 872 550 110. Podeu consultar el menu de cada dia a través de l&#8217;aplicació ColeChef.</p>
<p>&nbsp;</p>
<p><a href="https://agora.xtec.cat/ceippallach-figueres/wp-content/uploads/usu654/2024/09/Renovacio.pdf">En aquest document</a> hi trobareu tota la informació de com renovar el menjador pel curs 2024-2025.</p>
<p><a href="https://agora.xtec.cat/ceippallach-figueres/wp-content/uploads/usu654/2024/09/Normativa_Preus.pdf">En aquest document</a> hi trobareu la normativa de contractació del menjador amb els preus d&#8217;aquest curs.</p>
<p><a href="https://agora.xtec.cat/ceippallach-figueres/wp-content/uploads/usu654/2024/09/Nous_alumnes.pdf">En aquest document</a> hi trobareu tota la informació del menjador per les famílies noves a l&#8217;escola amb l&#8217;explicació de com funciona l&#8217;aplicació ColeChef de gestió del servei de menjador.</p>
<p><a href="https://agora.xtec.cat/ceippallach-figueres/wp-content/uploads/usu654/2021/03/Comunicat-men%C3%BAs-Escola-Mar%C3%A7-2021.pdf">En aquest document</a> hi trobareu els canvis que es van fer el 2021 en els menús per oferir una dieta més sana.</p>
<p><a href="https://agora.xtec.cat/ceippallach-figueres/docs/pla-de-funcionament-del-menjador-24-25/?bp-attachment=PLA-DE-FUNCIONAMENT-JOSEP-PALLACH-24-25.pdf">En aquest document</a> hi trobareu la informació detallada del funcionament del menjador escolar per aquest curs 2024-2025.</p>
<p>&nbsp;</p>
<p><a href="https://agora.xtec.cat/ceippallach-figueres/docs/menu-del-mes/">Aquí hi teniu els menús d&#8217;aquest mes.</a></p>

<p>El menjador de la nostra escola està gestionat per l&#8217;empresa Serunion. Per temes relacionats amb el menjador cal trucar abans de les 10 del matí al telèfon 872 550 110. Podeu consultar el menu de cada dia a través de l&#8217;aplicació ColeChef. &nbsp; En aquest document hi trobareu tota la informació de com renovar el [&hellip;]</p>
