{"id":760,"date":"2016-10-10T14:31:23","date_gmt":"2016-10-10T13:31:23","guid":{"rendered":"http:\/\/agora.xtec.cat\/ceippallach-figueres\/?page_id=760"},"modified":"2021-10-13T09:31:34","modified_gmt":"2021-10-13T07:31:34","slug":"escacs-a-lescola","status":"publish","type":"page","link":"https:\/\/agora.xtec.cat\/ceippallach-figueres\/projecte-educatiu\/escacs-a-lescola\/","title":{"rendered":"Escacs a l&#8217;escola"},"content":{"rendered":"<p><a href=\"http:\/\/agora.xtec.cat\/ceippallach-figueres\/wp-content\/uploads\/usu654\/2016\/10\/DSC_0511.jpg\"><img loading=\"lazy\" decoding=\"async\" class=\"alignnone size-large wp-image-761\" src=\"http:\/\/agora.xtec.cat\/ceippallach-figueres\/wp-content\/uploads\/usu654\/2016\/10\/DSC_0511-1024x576.jpg\" alt=\"dsc_0511\" width=\"1024\" height=\"576\" srcset=\"https:\/\/agora.xtec.cat\/ceippallach-figueres\/wp-content\/uploads\/usu654\/2016\/10\/DSC_0511-1024x576.jpg 1024w, https:\/\/agora.xtec.cat\/ceippallach-figueres\/wp-content\/uploads\/usu654\/2016\/10\/DSC_0511-300x169.jpg 300w, https:\/\/agora.xtec.cat\/ceippallach-figueres\/wp-content\/uploads\/usu654\/2016\/10\/DSC_0511-768x432.jpg 768w\" sizes=\"auto, (max-width: 1024px) 100vw, 1024px\" \/><\/a><\/p>\n<p>El curs 2013-2014 es va comen\u00e7ar el projecte &#8220;Escacs a l&#8217;escola&#8221;, que consisteix en treballar part dels continguts escolars a trav\u00e9s dels escacs. Aquest projecte, que est\u00e0 impulsat pel Departament d&#8217;Ensenyament, la Universitat de Girona, la Universitat de Lleida i la Federaci\u00f3 Catalana d\u2019Escacs, s&#8217;est\u00e0 portant a terme en m\u00e9s de 100 escoles de tot Catalunya.<\/p>\n<p>Si b\u00e9 en un principi qui hi participaven eren els alumnes de Cicle Inicial, posteriorment s&#8217;ha anat ampliant i ja fa uns anys que es treballa a tots els cursos de Prim\u00e0ria.<\/p>\n<p><a href=\"http:\/\/escacs.cat\/index.php\/escoles\/noticies\">Podeu veure aqu\u00ed not\u00edcies a la premsa relacionades amb el projecte.<\/a><\/p>\n<p>A m\u00e9s, l&#8217;alumnat de 2n participa al projectes &#8220;Escacs a les aules&#8221; impulsat pel Club d&#8217;Escacs Figueres i l&#8217;Ajuntament de la ciutat, reben classes de monitors del club i fan una trobada a finals de curs en qu\u00e8 juguen amb nens i nenes d&#8217;altres escoles de Figueres.<\/p>\n","protected":false},"excerpt":{"rendered":"<p>El curs 2013-2014 es va comen\u00e7ar el projecte &#8220;Escacs a l&#8217;escola&#8221;, que consisteix en treballar part dels continguts escolars a trav\u00e9s dels escacs. Aquest projecte, que est\u00e0 impulsat pel Departament d&#8217;Ensenyament, la Universitat de Girona, la Universitat de Lleida i la Federaci\u00f3 Catalana d\u2019Escacs, s&#8217;est\u00e0 portant a terme en m\u00e9s de 100 escoles de tot [&hellip;]<\/p>\n","protected":false},"author":1,"featured_media":0,"parent":64,"menu_order":0,"comment_status":"closed","ping_status":"closed","template":"","meta":{"_bbp_topic_count":0,"_bbp_reply_count":0,"_bbp_total_topic_count":0,"_bbp_total_reply_count":0,"_bbp_voice_count":0,"_bbp_anonymous_reply_count":0,"_bbp_topic_count_hidden":0,"_bbp_reply_count_hidden":0,"_bbp_forum_subforum_count":0,"site-sidebar-layout":"default","site-content-layout":"","ast-site-content-layout":"","site-content-style":"default","site-sidebar-style":"default","ast-global-header-display":"","ast-banner-title-visibility":"","ast-main-header-display":"","ast-hfb-above-header-display":"","ast-hfb-below-header-display":"","ast-hfb-mobile-header-display":"","site-post-title":"","ast-breadcrumbs-content":"","ast-featured-img":"","footer-sml-layout":"","theme-transparent-header-meta":"","adv-header-id-meta":"","stick-header-meta":"","header-above-stick-meta":"","header-main-stick-meta":"","header-below-stick-meta":"","astra-migrate-meta-layouts":"default","ast-page-background-enabled":"default","ast-page-background-meta":{"desktop":{"background-color":"var(--ast-global-color-4)","background-image":"","background-repeat":"repeat","background-position":"center center","background-size":"auto","background-attachment":"scroll","background-type":"","background-media":"","overlay-type":"","overlay-color":"","overlay-opacity":"","overlay-gradient":""},"tablet":{"background-color":"","background-image":"","background-repeat":"repeat","background-position":"center center","background-size":"auto","background-attachment":"scroll","background-type":"","background-media":"","overlay-type":"","overlay-color":"","overlay-opacity":"","overlay-gradient":""},"mobile":{"background-color":"","background-image":"","background-repeat":"repeat","background-position":"center center","background-size":"auto","background-attachment":"scroll","background-type":"","background-media":"","overlay-type":"","overlay-color":"","overlay-opacity":"","overlay-gradient":""}},"ast-content-background-meta":{"desktop":{"background-color":"var(--ast-global-color-5)","background-image":"","background-repeat":"repeat","background-position":"center center","background-size":"auto","background-attachment":"scroll","background-type":"","background-media":"","overlay-type":"","overlay-color":"","overlay-opacity":"","overlay-gradient":""},"tablet":{"background-color":"var(--ast-global-color-5)","background-image":"","background-repeat":"repeat","background-position":"center center","background-size":"auto","background-attachment":"scroll","background-type":"","background-media":"","overlay-type":"","overlay-color":"","overlay-opacity":"","overlay-gradient":""},"mobile":{"background-color":"var(--ast-global-color-5)","background-image":"","background-repeat":"repeat","background-position":"center center","background-size":"auto","background-attachment":"scroll","background-type":"","background-media":"","overlay-type":"","overlay-color":"","overlay-opacity":"","overlay-gradient":""}},"footnotes":""},"class_list":["post-760","page","type-page","status-publish","hentry"],"post_mailing_queue_ids":[],"_links":{"self":[{"href":"https:\/\/agora.xtec.cat\/ceippallach-figueres\/wp-json\/wp\/v2\/pages\/760","targetHints":{"allow":["GET"]}}],"collection":[{"href":"https:\/\/agora.xtec.cat\/ceippallach-figueres\/wp-json\/wp\/v2\/pages"}],"about":[{"href":"https:\/\/agora.xtec.cat\/ceippallach-figueres\/wp-json\/wp\/v2\/types\/page"}],"author":[{"embeddable":true,"href":"https:\/\/agora.xtec.cat\/ceippallach-figueres\/wp-json\/wp\/v2\/users\/1"}],"replies":[{"embeddable":true,"href":"https:\/\/agora.xtec.cat\/ceippallach-figueres\/wp-json\/wp\/v2\/comments?post=760"}],"version-history":[{"count":3,"href":"https:\/\/agora.xtec.cat\/ceippallach-figueres\/wp-json\/wp\/v2\/pages\/760\/revisions"}],"predecessor-version":[{"id":4615,"href":"https:\/\/agora.xtec.cat\/ceippallach-figueres\/wp-json\/wp\/v2\/pages\/760\/revisions\/4615"}],"up":[{"embeddable":true,"href":"https:\/\/agora.xtec.cat\/ceippallach-figueres\/wp-json\/wp\/v2\/pages\/64"}],"wp:attachment":[{"href":"https:\/\/agora.xtec.cat\/ceippallach-figueres\/wp-json\/wp\/v2\/media?parent=760"}],"curies":[{"name":"wp","href":"https:\/\/api.w.org\/{rel}","templated":true}]}}

<p><a href="http://agora.xtec.cat/ceippallach-figueres/wp-content/uploads/usu654/2016/10/DSC_0511.jpg"><img loading="lazy" decoding="async" class="alignnone size-large wp-image-761" src="http://agora.xtec.cat/ceippallach-figueres/wp-content/uploads/usu654/2016/10/DSC_0511-1024x576.jpg" alt="dsc_0511" width="1024" height="576" srcset="https://agora.xtec.cat/ceippallach-figueres/wp-content/uploads/usu654/2016/10/DSC_0511-1024x576.jpg 1024w, https://agora.xtec.cat/ceippallach-figueres/wp-content/uploads/usu654/2016/10/DSC_0511-300x169.jpg 300w, https://agora.xtec.cat/ceippallach-figueres/wp-content/uploads/usu654/2016/10/DSC_0511-768x432.jpg 768w" sizes="auto, (max-width: 1024px) 100vw, 1024px" /></a></p>
<p>El curs 2013-2014 es va començar el projecte &#8220;Escacs a l&#8217;escola&#8221;, que consisteix en treballar part dels continguts escolars a través dels escacs. Aquest projecte, que està impulsat pel Departament d&#8217;Ensenyament, la Universitat de Girona, la Universitat de Lleida i la Federació Catalana d’Escacs, s&#8217;està portant a terme en més de 100 escoles de tot Catalunya.</p>
<p>Si bé en un principi qui hi participaven eren els alumnes de Cicle Inicial, posteriorment s&#8217;ha anat ampliant i ja fa uns anys que es treballa a tots els cursos de Primària.</p>
<p><a href="http://escacs.cat/index.php/escoles/noticies">Podeu veure aquí notícies a la premsa relacionades amb el projecte.</a></p>
<p>A més, l&#8217;alumnat de 2n participa al projectes &#8220;Escacs a les aules&#8221; impulsat pel Club d&#8217;Escacs Figueres i l&#8217;Ajuntament de la ciutat, reben classes de monitors del club i fan una trobada a finals de curs en què juguen amb nens i nenes d&#8217;altres escoles de Figueres.</p>

<p>El curs 2013-2014 es va començar el projecte &#8220;Escacs a l&#8217;escola&#8221;, que consisteix en treballar part dels continguts escolars a través dels escacs. Aquest projecte, que està impulsat pel Departament d&#8217;Ensenyament, la Universitat de Girona, la Universitat de Lleida i la Federació Catalana d’Escacs, s&#8217;està portant a terme en més de 100 escoles de tot [&hellip;]</p>
