{"id":755,"date":"2016-10-10T14:28:10","date_gmt":"2016-10-10T13:28:10","guid":{"rendered":"http:\/\/agora.xtec.cat\/ceippallach-figueres\/?page_id=755"},"modified":"2025-09-18T15:48:30","modified_gmt":"2025-09-18T13:48:30","slug":"consell-ciutada-dinfants-de-figueres","status":"publish","type":"page","link":"https:\/\/agora.xtec.cat\/ceippallach-figueres\/projecte-educatiu\/consell-ciutada-dinfants-de-figueres\/","title":{"rendered":"Consell Ciutad\u00e0 d&#8217;Infants de Figueres"},"content":{"rendered":"<p><a href=\"http:\/\/agora.xtec.cat\/ceippallach-figueres\/wp-content\/uploads\/usu654\/2016\/10\/consell-infants.jpg\"><img loading=\"lazy\" decoding=\"async\" class=\" wp-image-756 alignleft\" src=\"http:\/\/agora.xtec.cat\/ceippallach-figueres\/wp-content\/uploads\/usu654\/2016\/10\/consell-infants.jpg\" alt=\"consell-infants\" width=\"263\" height=\"181\" srcset=\"https:\/\/agora.xtec.cat\/ceippallach-figueres\/wp-content\/uploads\/usu654\/2016\/10\/consell-infants.jpg 400w, https:\/\/agora.xtec.cat\/ceippallach-figueres\/wp-content\/uploads\/usu654\/2016\/10\/consell-infants-300x206.jpg 300w\" sizes=\"auto, (max-width: 263px) 100vw, 263px\" \/><\/a>El Consell Ciutad\u00e0 d&#8217;Infants de Figueres es va constituir el 4 de desembre del 2014, i tenia inicialment com a representants de la nostra escola la J\u00falia Quintana i en Pau Ru\u00edz, ara ja ex-alumnes del centre.<\/p>\n<p>El Consell est\u00e0 format per 42 alumnes de 5\u00e8 i 6\u00e8 de prim\u00e0ria i 1r i 2n d&#8217;ESO de diferents centres educatius de Figueres que fan de representants i receptors de les demandes i propostes dels seus grups. Aquestes s\u00f3n presentades a l\u2019Ajuntament, que dona resposta escrita a totes les q\u00fcestions plantejades i compta amb la col\u00b7laboraci\u00f3 del Consell en el desenvolupament de projectes o assumptes espec\u00edfics durant l&#8217;any. En horari escolar, el Consell es reuneix tres cops l&#8217;any i es fan dos plens anuals (un per nomenar els consellers i un altre per exposar la feina feta durant el mandat), i cada any es renova el 50% dels membres del Consell.<\/p>\n<p>Els diferents prop\u00f2sits de la iniciativa s\u00f3n:<br \/>\n&#8211; Fomentar que els infants tinguin coneixement de la ciutat i hi participin per tal de sentir-la seva.<br \/>\n&#8211; Educar-los en el joc democr\u00e0tic des de la base (en els valors, l&#8217;actitud, incentivar l&#8217;esperit cr\u00edtic&#8230;).<br \/>\n&#8211; Ensenyar-los el funcionament de l&#8217;Ajuntament.<br \/>\n&#8211; Posar en valor la pol\u00edtica com una activitat necess\u00e0ria per a la conviv\u00e8ncia.<br \/>\n&#8211; Crear una ciutat a la seva mida perqu\u00e8 puguin aportar-hi el seu punt de vista.<br \/>\n&#8211; Promocionar els seus drets com a infants.<\/p>\n<p><a href=\"https:\/\/sites.google.com\/a\/xtec.cat\/consell-ciutada-d-infants-figueres\/\">Web del Consell Ciutad\u00e0 d&#8217;Infants<\/a><\/p>\n<p><iframe loading=\"lazy\" src=\"https:\/\/www.youtube.com\/embed\/T7aKgAhkVms\" width=\"560\" height=\"315\" frameborder=\"0\" allowfullscreen=\"allowfullscreen\"><\/iframe><br \/>\nEls actuals consellers de l&#8217;escola s\u00f3n la Duna Bosch de 6\u00e8 i XXXXXX de 5\u00e8.<\/p>\n","protected":false},"excerpt":{"rendered":"<p>El Consell Ciutad\u00e0 d&#8217;Infants de Figueres es va constituir el 4 de desembre del 2014, i tenia inicialment com a representants de la nostra escola la J\u00falia Quintana i en Pau Ru\u00edz, ara ja ex-alumnes del centre. El Consell est\u00e0 format per 42 alumnes de 5\u00e8 i 6\u00e8 de prim\u00e0ria i 1r i 2n d&#8217;ESO [&hellip;]<\/p>\n","protected":false},"author":1,"featured_media":0,"parent":64,"menu_order":0,"comment_status":"closed","ping_status":"closed","template":"","meta":{"_bbp_topic_count":0,"_bbp_reply_count":0,"_bbp_total_topic_count":0,"_bbp_total_reply_count":0,"_bbp_voice_count":0,"_bbp_anonymous_reply_count":0,"_bbp_topic_count_hidden":0,"_bbp_reply_count_hidden":0,"_bbp_forum_subforum_count":0,"site-sidebar-layout":"default","site-content-layout":"","ast-site-content-layout":"default","site-content-style":"default","site-sidebar-style":"default","ast-global-header-display":"","ast-banner-title-visibility":"","ast-main-header-display":"","ast-hfb-above-header-display":"","ast-hfb-below-header-display":"","ast-hfb-mobile-header-display":"","site-post-title":"","ast-breadcrumbs-content":"","ast-featured-img":"","footer-sml-layout":"","theme-transparent-header-meta":"","adv-header-id-meta":"","stick-header-meta":"","header-above-stick-meta":"","header-main-stick-meta":"","header-below-stick-meta":"","astra-migrate-meta-layouts":"set","ast-page-background-enabled":"default","ast-page-background-meta":{"desktop":{"background-color":"var(--ast-global-color-4)","background-image":"","background-repeat":"repeat","background-position":"center center","background-size":"auto","background-attachment":"scroll","background-type":"","background-media":"","overlay-type":"","overlay-color":"","overlay-opacity":"","overlay-gradient":""},"tablet":{"background-color":"","background-image":"","background-repeat":"repeat","background-position":"center center","background-size":"auto","background-attachment":"scroll","background-type":"","background-media":"","overlay-type":"","overlay-color":"","overlay-opacity":"","overlay-gradient":""},"mobile":{"background-color":"","background-image":"","background-repeat":"repeat","background-position":"center center","background-size":"auto","background-attachment":"scroll","background-type":"","background-media":"","overlay-type":"","overlay-color":"","overlay-opacity":"","overlay-gradient":""}},"ast-content-background-meta":{"desktop":{"background-color":"var(--ast-global-color-5)","background-image":"","background-repeat":"repeat","background-position":"center center","background-size":"auto","background-attachment":"scroll","background-type":"","background-media":"","overlay-type":"","overlay-color":"","overlay-opacity":"","overlay-gradient":""},"tablet":{"background-color":"var(--ast-global-color-5)","background-image":"","background-repeat":"repeat","background-position":"center center","background-size":"auto","background-attachment":"scroll","background-type":"","background-media":"","overlay-type":"","overlay-color":"","overlay-opacity":"","overlay-gradient":""},"mobile":{"background-color":"var(--ast-global-color-5)","background-image":"","background-repeat":"repeat","background-position":"center center","background-size":"auto","background-attachment":"scroll","background-type":"","background-media":"","overlay-type":"","overlay-color":"","overlay-opacity":"","overlay-gradient":""}},"footnotes":""},"class_list":["post-755","page","type-page","status-publish","hentry"],"post_mailing_queue_ids":[],"_links":{"self":[{"href":"https:\/\/agora.xtec.cat\/ceippallach-figueres\/wp-json\/wp\/v2\/pages\/755","targetHints":{"allow":["GET"]}}],"collection":[{"href":"https:\/\/agora.xtec.cat\/ceippallach-figueres\/wp-json\/wp\/v2\/pages"}],"about":[{"href":"https:\/\/agora.xtec.cat\/ceippallach-figueres\/wp-json\/wp\/v2\/types\/page"}],"author":[{"embeddable":true,"href":"https:\/\/agora.xtec.cat\/ceippallach-figueres\/wp-json\/wp\/v2\/users\/1"}],"replies":[{"embeddable":true,"href":"https:\/\/agora.xtec.cat\/ceippallach-figueres\/wp-json\/wp\/v2\/comments?post=755"}],"version-history":[{"count":3,"href":"https:\/\/agora.xtec.cat\/ceippallach-figueres\/wp-json\/wp\/v2\/pages\/755\/revisions"}],"predecessor-version":[{"id":5996,"href":"https:\/\/agora.xtec.cat\/ceippallach-figueres\/wp-json\/wp\/v2\/pages\/755\/revisions\/5996"}],"up":[{"embeddable":true,"href":"https:\/\/agora.xtec.cat\/ceippallach-figueres\/wp-json\/wp\/v2\/pages\/64"}],"wp:attachment":[{"href":"https:\/\/agora.xtec.cat\/ceippallach-figueres\/wp-json\/wp\/v2\/media?parent=755"}],"curies":[{"name":"wp","href":"https:\/\/api.w.org\/{rel}","templated":true}]}}

Consell Ciutadà d&#8217;Infants de Figueres

<p><a href="http://agora.xtec.cat/ceippallach-figueres/wp-content/uploads/usu654/2016/10/consell-infants.jpg"><img loading="lazy" decoding="async" class=" wp-image-756 alignleft" src="http://agora.xtec.cat/ceippallach-figueres/wp-content/uploads/usu654/2016/10/consell-infants.jpg" alt="consell-infants" width="263" height="181" srcset="https://agora.xtec.cat/ceippallach-figueres/wp-content/uploads/usu654/2016/10/consell-infants.jpg 400w, https://agora.xtec.cat/ceippallach-figueres/wp-content/uploads/usu654/2016/10/consell-infants-300x206.jpg 300w" sizes="auto, (max-width: 263px) 100vw, 263px" /></a>El Consell Ciutadà d&#8217;Infants de Figueres es va constituir el 4 de desembre del 2014, i tenia inicialment com a representants de la nostra escola la Júlia Quintana i en Pau Ruíz, ara ja ex-alumnes del centre.</p>
<p>El Consell està format per 42 alumnes de 5è i 6è de primària i 1r i 2n d&#8217;ESO de diferents centres educatius de Figueres que fan de representants i receptors de les demandes i propostes dels seus grups. Aquestes són presentades a l’Ajuntament, que dona resposta escrita a totes les qüestions plantejades i compta amb la col·laboració del Consell en el desenvolupament de projectes o assumptes específics durant l&#8217;any. En horari escolar, el Consell es reuneix tres cops l&#8217;any i es fan dos plens anuals (un per nomenar els consellers i un altre per exposar la feina feta durant el mandat), i cada any es renova el 50% dels membres del Consell.</p>
<p>Els diferents propòsits de la iniciativa són:<br />
&#8211; Fomentar que els infants tinguin coneixement de la ciutat i hi participin per tal de sentir-la seva.<br />
&#8211; Educar-los en el joc democràtic des de la base (en els valors, l&#8217;actitud, incentivar l&#8217;esperit crític&#8230;).<br />
&#8211; Ensenyar-los el funcionament de l&#8217;Ajuntament.<br />
&#8211; Posar en valor la política com una activitat necessària per a la convivència.<br />
&#8211; Crear una ciutat a la seva mida perquè puguin aportar-hi el seu punt de vista.<br />
&#8211; Promocionar els seus drets com a infants.</p>
<p><a href="https://sites.google.com/a/xtec.cat/consell-ciutada-d-infants-figueres/">Web del Consell Ciutadà d&#8217;Infants</a></p>
<p><iframe loading="lazy" src="https://www.youtube.com/embed/T7aKgAhkVms" width="560" height="315" frameborder="0" allowfullscreen="allowfullscreen"></iframe><br />
Els actuals consellers de l&#8217;escola són la Duna Bosch de 6è i XXXXXX de 5è.</p>

<p>El Consell Ciutadà d&#8217;Infants de Figueres es va constituir el 4 de desembre del 2014, i tenia inicialment com a representants de la nostra escola la Júlia Quintana i en Pau Ruíz, ara ja ex-alumnes del centre. El Consell està format per 42 alumnes de 5è i 6è de primària i 1r i 2n d&#8217;ESO [&hellip;]</p>
