{"id":5529,"date":"2024-06-05T08:58:31","date_gmt":"2024-06-05T06:58:31","guid":{"rendered":"https:\/\/agora.xtec.cat\/ceippallach-figueres\/?page_id=5529"},"modified":"2024-06-05T09:13:28","modified_gmt":"2024-06-05T07:13:28","slug":"recursos-infantil","status":"publish","type":"page","link":"https:\/\/agora.xtec.cat\/ceippallach-figueres\/lescola\/recursos-infantil\/","title":{"rendered":"Recursos Infantil"},"content":{"rendered":"<p class=\"zfr3Q CDt4Ke \" dir=\"ltr\"><span class=\"gBYvFf C9DxTc \">\u00c9s un plaer poder compartir, en aquest<strong>\u00a0<\/strong><\/span><strong><a href=\"https:\/\/sites.google.com\/pallach.cat\/recursosdigitalsedinfantil\/p%C3%A0gina-principal\"><span class=\"gBYvFf C9DxTc \">SITES<\/span><\/a><\/strong><span class=\"gBYvFf C9DxTc \"><strong>,<\/strong> diferents propostes que realitzem a les aules d&#8217;educaci\u00f3 infantil, ja que creiem en la import\u00e0ncia de l&#8217;intercanvi de coneixements i experi\u00e8ncies entre nosaltres.<\/span><\/p>\n<p class=\"zfr3Q CDt4Ke \" dir=\"ltr\"><span class=\"gBYvFf C9DxTc \">D&#8217;aquesta manera, podem enriquir les nostres pr\u00e0ctiques i aprendre unes de les altres, creant un entorn de treball enriquidor per a tots. Aprofitem aquest sites per impulsar la nostra passi\u00f3 per l&#8217;educaci\u00f3 i seguir creixent com a professionals.<\/span><\/p>\n<p class=\"zfr3Q CDt4Ke \" dir=\"ltr\"><span class=\"gBYvFf C9DxTc \">Us animem a participar ja que cada aportaci\u00f3 es valuosa i contribuir\u00e0 a fer de les nostres aules espais estimulants i enriquidors per als nostres infants.<\/span><\/p>\n","protected":false},"excerpt":{"rendered":"<p>\u00c9s un plaer poder compartir, en aquest\u00a0SITES, diferents propostes que realitzem a les aules d&#8217;educaci\u00f3 infantil, ja que creiem en la import\u00e0ncia de l&#8217;intercanvi de coneixements i experi\u00e8ncies entre nosaltres. D&#8217;aquesta manera, podem enriquir les nostres pr\u00e0ctiques i aprendre unes de les altres, creant un entorn de treball enriquidor per a tots. Aprofitem aquest sites [&hellip;]<\/p>\n","protected":false},"author":1,"featured_media":0,"parent":22,"menu_order":11,"comment_status":"closed","ping_status":"closed","template":"","meta":{"_bbp_topic_count":0,"_bbp_reply_count":0,"_bbp_total_topic_count":0,"_bbp_total_reply_count":0,"_bbp_voice_count":0,"_bbp_anonymous_reply_count":0,"_bbp_topic_count_hidden":0,"_bbp_reply_count_hidden":0,"_bbp_forum_subforum_count":0,"site-sidebar-layout":"default","site-content-layout":"","ast-site-content-layout":"","site-content-style":"default","site-sidebar-style":"default","ast-global-header-display":"","ast-banner-title-visibility":"","ast-main-header-display":"","ast-hfb-above-header-display":"","ast-hfb-below-header-display":"","ast-hfb-mobile-header-display":"","site-post-title":"","ast-breadcrumbs-content":"","ast-featured-img":"","footer-sml-layout":"","theme-transparent-header-meta":"","adv-header-id-meta":"","stick-header-meta":"","header-above-stick-meta":"","header-main-stick-meta":"","header-below-stick-meta":"","astra-migrate-meta-layouts":"default","ast-page-background-enabled":"default","ast-page-background-meta":{"desktop":{"background-color":"var(--ast-global-color-4)","background-image":"","background-repeat":"repeat","background-position":"center center","background-size":"auto","background-attachment":"scroll","background-type":"","background-media":"","overlay-type":"","overlay-color":"","overlay-opacity":"","overlay-gradient":""},"tablet":{"background-color":"","background-image":"","background-repeat":"repeat","background-position":"center center","background-size":"auto","background-attachment":"scroll","background-type":"","background-media":"","overlay-type":"","overlay-color":"","overlay-opacity":"","overlay-gradient":""},"mobile":{"background-color":"","background-image":"","background-repeat":"repeat","background-position":"center center","background-size":"auto","background-attachment":"scroll","background-type":"","background-media":"","overlay-type":"","overlay-color":"","overlay-opacity":"","overlay-gradient":""}},"ast-content-background-meta":{"desktop":{"background-color":"var(--ast-global-color-5)","background-image":"","background-repeat":"repeat","background-position":"center center","background-size":"auto","background-attachment":"scroll","background-type":"","background-media":"","overlay-type":"","overlay-color":"","overlay-opacity":"","overlay-gradient":""},"tablet":{"background-color":"var(--ast-global-color-5)","background-image":"","background-repeat":"repeat","background-position":"center center","background-size":"auto","background-attachment":"scroll","background-type":"","background-media":"","overlay-type":"","overlay-color":"","overlay-opacity":"","overlay-gradient":""},"mobile":{"background-color":"var(--ast-global-color-5)","background-image":"","background-repeat":"repeat","background-position":"center center","background-size":"auto","background-attachment":"scroll","background-type":"","background-media":"","overlay-type":"","overlay-color":"","overlay-opacity":"","overlay-gradient":""}},"footnotes":""},"class_list":["post-5529","page","type-page","status-publish","hentry"],"post_mailing_queue_ids":[],"_links":{"self":[{"href":"https:\/\/agora.xtec.cat\/ceippallach-figueres\/wp-json\/wp\/v2\/pages\/5529","targetHints":{"allow":["GET"]}}],"collection":[{"href":"https:\/\/agora.xtec.cat\/ceippallach-figueres\/wp-json\/wp\/v2\/pages"}],"about":[{"href":"https:\/\/agora.xtec.cat\/ceippallach-figueres\/wp-json\/wp\/v2\/types\/page"}],"author":[{"embeddable":true,"href":"https:\/\/agora.xtec.cat\/ceippallach-figueres\/wp-json\/wp\/v2\/users\/1"}],"replies":[{"embeddable":true,"href":"https:\/\/agora.xtec.cat\/ceippallach-figueres\/wp-json\/wp\/v2\/comments?post=5529"}],"version-history":[{"count":2,"href":"https:\/\/agora.xtec.cat\/ceippallach-figueres\/wp-json\/wp\/v2\/pages\/5529\/revisions"}],"predecessor-version":[{"id":5531,"href":"https:\/\/agora.xtec.cat\/ceippallach-figueres\/wp-json\/wp\/v2\/pages\/5529\/revisions\/5531"}],"up":[{"embeddable":true,"href":"https:\/\/agora.xtec.cat\/ceippallach-figueres\/wp-json\/wp\/v2\/pages\/22"}],"wp:attachment":[{"href":"https:\/\/agora.xtec.cat\/ceippallach-figueres\/wp-json\/wp\/v2\/media?parent=5529"}],"curies":[{"name":"wp","href":"https:\/\/api.w.org\/{rel}","templated":true}]}}