{"id":36,"date":"2014-09-18T12:33:11","date_gmt":"2014-09-18T11:33:11","guid":{"rendered":"http:\/\/agora.xtec.cat\/ceippallach-figueres\/?page_id=36"},"modified":"2025-07-15T17:56:22","modified_gmt":"2025-07-15T15:56:22","slug":"material-escolar","status":"publish","type":"page","link":"https:\/\/agora.xtec.cat\/ceippallach-figueres\/lescola\/material-escolar\/","title":{"rendered":"Llibres i material escolar"},"content":{"rendered":"<p><a href=\"https:\/\/agora.xtec.cat\/ceippallach-figueres\/docs\/llistats-de-llibres-i-material\/\">Cliqueu aqu\u00ed<\/a> per accedir a tots els llistats amb els llibres i material que necessitaran els nens i nenes el curs 2025-2026.<\/p>\n<p>En\u00a0<a href=\"https:\/\/agora.xtec.cat\/ceippallach-figueres\/wp-content\/uploads\/usu654\/2024\/06\/Avis-Explicacio-programa-reutilitzacio-llibres.pdf\">aquest document<\/a>\u00a0hi trobareu informaci\u00f3 sobre el programa de reutilitzaci\u00f3 de llibres de text, en\u00a0<a href=\"https:\/\/agora.xtec.cat\/ceippallach-figueres\/wp-content\/uploads\/usu654\/2024\/06\/25-26-LLIBRES-REUTILITZATS.pdf\">aquest altre<\/a>\u00a0el llistat de llibres que es reutilitzen i\u00a0<a href=\"https:\/\/agora.xtec.cat\/ceippallach-figueres\/wp-content\/uploads\/usu654\/2024\/06\/25-26-LLIBRES-NO-REUTILITZABLES-QUE-CAL-COMPRAR.pdf\">en aquest<\/a>\u00a0el dels que no es reutilitzen.<\/p>\n<p><a href=\"https:\/\/agora.xtec.cat\/ceippallach-figueres\/wp-content\/uploads\/usu654\/2024\/06\/Carta-aportacions-material-reutilitzacio-25-26-1.pdf\">Aqu\u00ed hi teniu<\/a>\u00a0una explicaci\u00f3 de quina \u00e9s l\u2019aportaci\u00f3 econ\u00f2mica que fan les fam\u00edlies.<\/p>\n<p>Si necessiteu comprar xandalls o samarretes de l\u2019escola, podeu anar a Valosport (carrer Ample 24).<\/p>\n<p><a href=\"https:\/\/agora.xtec.cat\/ceippallach-figueres\/wp-content\/uploads\/usu654\/2024\/06\/Document-Pas-d_I5-a-Primaria.pdf\">Aqu\u00ed teniu<\/a>\u00a0la carta que s\u2019ha enviat a les fam\u00edlies que acaben P5 i passen a 1r.<\/p>\n<p><a href=\"https:\/\/agora.xtec.cat\/ceippallach-figueres\/wp-content\/uploads\/usu654\/2024\/06\/Benvolgudes-families-TPVescola-25-26.pdf\">Carta informativa<\/a>\u00a0sobre el funcionament de l\u2019aplicaci\u00f3 TPVescola.<\/p>\n","protected":false},"excerpt":{"rendered":"<p>Cliqueu aqu\u00ed per accedir a tots els llistats amb els llibres i material que necessitaran els nens i nenes el curs 2025-2026. En\u00a0aquest document\u00a0hi trobareu informaci\u00f3 sobre el programa de reutilitzaci\u00f3 de llibres de text, en\u00a0aquest altre\u00a0el llistat de llibres que es reutilitzen i\u00a0en aquest\u00a0el dels que no es reutilitzen. Aqu\u00ed hi teniu\u00a0una explicaci\u00f3 de [&hellip;]<\/p>\n","protected":false},"author":1,"featured_media":0,"parent":22,"menu_order":70,"comment_status":"closed","ping_status":"closed","template":"","meta":{"_bbp_topic_count":0,"_bbp_reply_count":0,"_bbp_total_topic_count":0,"_bbp_total_reply_count":0,"_bbp_voice_count":0,"_bbp_anonymous_reply_count":0,"_bbp_topic_count_hidden":0,"_bbp_reply_count_hidden":0,"_bbp_forum_subforum_count":0,"site-sidebar-layout":"default","site-content-layout":"","ast-site-content-layout":"default","site-content-style":"default","site-sidebar-style":"default","ast-global-header-display":"","ast-banner-title-visibility":"","ast-main-header-display":"","ast-hfb-above-header-display":"","ast-hfb-below-header-display":"","ast-hfb-mobile-header-display":"","site-post-title":"","ast-breadcrumbs-content":"","ast-featured-img":"","footer-sml-layout":"","theme-transparent-header-meta":"default","adv-header-id-meta":"","stick-header-meta":"","header-above-stick-meta":"","header-main-stick-meta":"","header-below-stick-meta":"","astra-migrate-meta-layouts":"set","ast-page-background-enabled":"default","ast-page-background-meta":{"desktop":{"background-color":"var(--ast-global-color-4)","background-image":"","background-repeat":"repeat","background-position":"center center","background-size":"auto","background-attachment":"scroll","background-type":"","background-media":"","overlay-type":"","overlay-color":"","overlay-opacity":"","overlay-gradient":""},"tablet":{"background-color":"","background-image":"","background-repeat":"repeat","background-position":"center center","background-size":"auto","background-attachment":"scroll","background-type":"","background-media":"","overlay-type":"","overlay-color":"","overlay-opacity":"","overlay-gradient":""},"mobile":{"background-color":"","background-image":"","background-repeat":"repeat","background-position":"center center","background-size":"auto","background-attachment":"scroll","background-type":"","background-media":"","overlay-type":"","overlay-color":"","overlay-opacity":"","overlay-gradient":""}},"ast-content-background-meta":{"desktop":{"background-color":"var(--ast-global-color-5)","background-image":"","background-repeat":"repeat","background-position":"center center","background-size":"auto","background-attachment":"scroll","background-type":"","background-media":"","overlay-type":"","overlay-color":"","overlay-opacity":"","overlay-gradient":""},"tablet":{"background-color":"var(--ast-global-color-5)","background-image":"","background-repeat":"repeat","background-position":"center center","background-size":"auto","background-attachment":"scroll","background-type":"","background-media":"","overlay-type":"","overlay-color":"","overlay-opacity":"","overlay-gradient":""},"mobile":{"background-color":"var(--ast-global-color-5)","background-image":"","background-repeat":"repeat","background-position":"center center","background-size":"auto","background-attachment":"scroll","background-type":"","background-media":"","overlay-type":"","overlay-color":"","overlay-opacity":"","overlay-gradient":""}},"footnotes":""},"class_list":["post-36","page","type-page","status-publish","hentry"],"post_mailing_queue_ids":[],"_links":{"self":[{"href":"https:\/\/agora.xtec.cat\/ceippallach-figueres\/wp-json\/wp\/v2\/pages\/36","targetHints":{"allow":["GET"]}}],"collection":[{"href":"https:\/\/agora.xtec.cat\/ceippallach-figueres\/wp-json\/wp\/v2\/pages"}],"about":[{"href":"https:\/\/agora.xtec.cat\/ceippallach-figueres\/wp-json\/wp\/v2\/types\/page"}],"author":[{"embeddable":true,"href":"https:\/\/agora.xtec.cat\/ceippallach-figueres\/wp-json\/wp\/v2\/users\/1"}],"replies":[{"embeddable":true,"href":"https:\/\/agora.xtec.cat\/ceippallach-figueres\/wp-json\/wp\/v2\/comments?post=36"}],"version-history":[{"count":6,"href":"https:\/\/agora.xtec.cat\/ceippallach-figueres\/wp-json\/wp\/v2\/pages\/36\/revisions"}],"predecessor-version":[{"id":5876,"href":"https:\/\/agora.xtec.cat\/ceippallach-figueres\/wp-json\/wp\/v2\/pages\/36\/revisions\/5876"}],"up":[{"embeddable":true,"href":"https:\/\/agora.xtec.cat\/ceippallach-figueres\/wp-json\/wp\/v2\/pages\/22"}],"wp:attachment":[{"href":"https:\/\/agora.xtec.cat\/ceippallach-figueres\/wp-json\/wp\/v2\/media?parent=36"}],"curies":[{"name":"wp","href":"https:\/\/api.w.org\/{rel}","templated":true}]}}

<p><a href="https://agora.xtec.cat/ceippallach-figueres/docs/llistats-de-llibres-i-material/">Cliqueu aquí</a> per accedir a tots els llistats amb els llibres i material que necessitaran els nens i nenes el curs 2025-2026.</p>
<p>En <a href="https://agora.xtec.cat/ceippallach-figueres/wp-content/uploads/usu654/2024/06/Avis-Explicacio-programa-reutilitzacio-llibres.pdf">aquest document</a> hi trobareu informació sobre el programa de reutilització de llibres de text, en <a href="https://agora.xtec.cat/ceippallach-figueres/wp-content/uploads/usu654/2024/06/25-26-LLIBRES-REUTILITZATS.pdf">aquest altre</a> el llistat de llibres que es reutilitzen i <a href="https://agora.xtec.cat/ceippallach-figueres/wp-content/uploads/usu654/2024/06/25-26-LLIBRES-NO-REUTILITZABLES-QUE-CAL-COMPRAR.pdf">en aquest</a> el dels que no es reutilitzen.</p>
<p><a href="https://agora.xtec.cat/ceippallach-figueres/wp-content/uploads/usu654/2024/06/Carta-aportacions-material-reutilitzacio-25-26-1.pdf">Aquí hi teniu</a> una explicació de quina és l’aportació econòmica que fan les famílies.</p>
<p>Si necessiteu comprar xandalls o samarretes de l’escola, podeu anar a Valosport (carrer Ample 24).</p>
<p><a href="https://agora.xtec.cat/ceippallach-figueres/wp-content/uploads/usu654/2024/06/Document-Pas-d_I5-a-Primaria.pdf">Aquí teniu</a> la carta que s’ha enviat a les famílies que acaben P5 i passen a 1r.</p>
<p><a href="https://agora.xtec.cat/ceippallach-figueres/wp-content/uploads/usu654/2024/06/Benvolgudes-families-TPVescola-25-26.pdf">Carta informativa</a> sobre el funcionament de l’aplicació TPVescola.</p>

<p>Cliqueu aquí per accedir a tots els llistats amb els llibres i material que necessitaran els nens i nenes el curs 2025-2026. En aquest document hi trobareu informació sobre el programa de reutilització de llibres de text, en aquest altre el llistat de llibres que es reutilitzen i en aquest el dels que no es reutilitzen. Aquí hi teniu una explicació de [&hellip;]</p>
