{"id":2912,"date":"2019-02-07T12:24:31","date_gmt":"2019-02-07T11:24:31","guid":{"rendered":"http:\/\/agora.xtec.cat\/ceippallach-figueres\/?page_id=2912"},"modified":"2025-07-15T19:06:16","modified_gmt":"2025-07-15T17:06:16","slug":"documents-oficials-de-centre","status":"publish","type":"page","link":"https:\/\/agora.xtec.cat\/ceippallach-figueres\/lescola\/documents-oficials-de-centre\/","title":{"rendered":"Documents oficials de centre"},"content":{"rendered":"<ul>\n<li><a href=\"https:\/\/agora.xtec.cat\/ceippallach-figueres\/wp-content\/uploads\/usu654\/2019\/02\/NOFC_Escola_Pallach.pdf\">Normes d&#8217;Organitzaci\u00f3 i Funcionament del centre (NOFC)<\/a>\n<ul>\n<li><a href=\"https:\/\/agora.xtec.cat\/ceippallach-figueres\/wp-content\/uploads\/usu654\/2019\/02\/Annex_1_NOFC_PROJECTE_CONVIV\u00c8NCIA_ABSENTISME_PUNTUALITAT.pdf\">NOFC Annex 1 &#8211; Projecte de conviv\u00e8ncia, absentisme i puntualitat<\/a><\/li>\n<\/ul>\n<\/li>\n<li><a href=\"https:\/\/agora.xtec.cat\/ceippallach-figueres\/docs\/projecte-educatiu-de-centre-2\/?bp-attachment=PEC_Pallach.pdf\">Projecte Educatiu de Centre<\/a>\n<ul>\n<li><a href=\"https:\/\/agora.xtec.cat\/ceippallach-figueres\/docs\/pla-tac\/?bp-attachment=Annex1_PEC_PLA-TAC.pdf\">PEC Annex 1 &#8211; Pla TAC<\/a><\/li>\n<li><a href=\"https:\/\/agora.xtec.cat\/ceippallach-figueres\/docs\/projecte-linguistic-de-centre\/?bp-attachment=Projecte-Ling%C3%BC%C3%ADstic.pdf\">PEC Annex 2 &#8211; Projecte Ling\u00fc\u00edstic<\/a><\/li>\n<li><a href=\"https:\/\/agora.xtec.cat\/ceippallach-figueres\/docs\/pla-daccio-tutorial\/?bp-attachment=Annex3_PEC_Pla_acci%C3%B3_tutorial_PAT.pdf\">PEC Annex 3 &#8211; Pla d&#8217;acci\u00f3 tutorial<\/a><\/li>\n<li><a href=\"https:\/\/agora.xtec.cat\/ceippallach-figueres\/docs\/pla-dacollida-dalumnes-nouvinguts\/?bp-attachment=Annex5_PEC_Pla_acollida_alumnes_nouv.pdf\">PEC Annex 5 &#8211; Pla d&#8217;acollida d&#8217;alumnes nouvinguts<\/a><\/li>\n<li><a href=\"https:\/\/agora.xtec.cat\/ceippallach-figueres\/docs\/pla-dacollida-de-mestres\/?bp-attachment=Annex6_PEC_Pla_acollida_mestres.pdf\">PEC Annex 6 &#8211; Pla d&#8217;acollida de mestres<\/a><\/li>\n<\/ul>\n<\/li>\n<li><a href=\"https:\/\/agora.xtec.cat\/ceippallach-figueres\/docs\/carta-de-compromis-educatiu\/?bp-attachment=Carta_COMPROM%C3%8DS_EDUCATIU.pdf\">Carta de comprom\u00eds educatiu<\/a><\/li>\n<\/ul>\n","protected":false},"excerpt":{"rendered":"<p>Normes d&#8217;Organitzaci\u00f3 i Funcionament del centre (NOFC) NOFC Annex 1 &#8211; Projecte de conviv\u00e8ncia, absentisme i puntualitat Projecte Educatiu de Centre PEC Annex 1 &#8211; Pla TAC PEC Annex 2 &#8211; Projecte Ling\u00fc\u00edstic PEC Annex 3 &#8211; Pla d&#8217;acci\u00f3 tutorial PEC Annex 5 &#8211; Pla d&#8217;acollida d&#8217;alumnes nouvinguts PEC Annex 6 &#8211; Pla d&#8217;acollida de [&hellip;]<\/p>\n","protected":false},"author":1,"featured_media":0,"parent":22,"menu_order":0,"comment_status":"closed","ping_status":"closed","template":"","meta":{"_bbp_topic_count":0,"_bbp_reply_count":0,"_bbp_total_topic_count":0,"_bbp_total_reply_count":0,"_bbp_voice_count":0,"_bbp_anonymous_reply_count":0,"_bbp_topic_count_hidden":0,"_bbp_reply_count_hidden":0,"_bbp_forum_subforum_count":0,"site-sidebar-layout":"default","site-content-layout":"","ast-site-content-layout":"default","site-content-style":"default","site-sidebar-style":"default","ast-global-header-display":"","ast-banner-title-visibility":"","ast-main-header-display":"","ast-hfb-above-header-display":"","ast-hfb-below-header-display":"","ast-hfb-mobile-header-display":"","site-post-title":"","ast-breadcrumbs-content":"","ast-featured-img":"","footer-sml-layout":"","theme-transparent-header-meta":"default","adv-header-id-meta":"","stick-header-meta":"","header-above-stick-meta":"","header-main-stick-meta":"","header-below-stick-meta":"","astra-migrate-meta-layouts":"set","ast-page-background-enabled":"default","ast-page-background-meta":{"desktop":{"background-color":"var(--ast-global-color-4)","background-image":"","background-repeat":"repeat","background-position":"center center","background-size":"auto","background-attachment":"scroll","background-type":"","background-media":"","overlay-type":"","overlay-color":"","overlay-opacity":"","overlay-gradient":""},"tablet":{"background-color":"","background-image":"","background-repeat":"repeat","background-position":"center center","background-size":"auto","background-attachment":"scroll","background-type":"","background-media":"","overlay-type":"","overlay-color":"","overlay-opacity":"","overlay-gradient":""},"mobile":{"background-color":"","background-image":"","background-repeat":"repeat","background-position":"center center","background-size":"auto","background-attachment":"scroll","background-type":"","background-media":"","overlay-type":"","overlay-color":"","overlay-opacity":"","overlay-gradient":""}},"ast-content-background-meta":{"desktop":{"background-color":"var(--ast-global-color-5)","background-image":"","background-repeat":"repeat","background-position":"center center","background-size":"auto","background-attachment":"scroll","background-type":"","background-media":"","overlay-type":"","overlay-color":"","overlay-opacity":"","overlay-gradient":""},"tablet":{"background-color":"var(--ast-global-color-5)","background-image":"","background-repeat":"repeat","background-position":"center center","background-size":"auto","background-attachment":"scroll","background-type":"","background-media":"","overlay-type":"","overlay-color":"","overlay-opacity":"","overlay-gradient":""},"mobile":{"background-color":"var(--ast-global-color-5)","background-image":"","background-repeat":"repeat","background-position":"center center","background-size":"auto","background-attachment":"scroll","background-type":"","background-media":"","overlay-type":"","overlay-color":"","overlay-opacity":"","overlay-gradient":""}},"footnotes":""},"class_list":["post-2912","page","type-page","status-publish","hentry"],"post_mailing_queue_ids":[],"_links":{"self":[{"href":"https:\/\/agora.xtec.cat\/ceippallach-figueres\/wp-json\/wp\/v2\/pages\/2912","targetHints":{"allow":["GET"]}}],"collection":[{"href":"https:\/\/agora.xtec.cat\/ceippallach-figueres\/wp-json\/wp\/v2\/pages"}],"about":[{"href":"https:\/\/agora.xtec.cat\/ceippallach-figueres\/wp-json\/wp\/v2\/types\/page"}],"author":[{"embeddable":true,"href":"https:\/\/agora.xtec.cat\/ceippallach-figueres\/wp-json\/wp\/v2\/users\/1"}],"replies":[{"embeddable":true,"href":"https:\/\/agora.xtec.cat\/ceippallach-figueres\/wp-json\/wp\/v2\/comments?post=2912"}],"version-history":[{"count":3,"href":"https:\/\/agora.xtec.cat\/ceippallach-figueres\/wp-json\/wp\/v2\/pages\/2912\/revisions"}],"predecessor-version":[{"id":3562,"href":"https:\/\/agora.xtec.cat\/ceippallach-figueres\/wp-json\/wp\/v2\/pages\/2912\/revisions\/3562"}],"up":[{"embeddable":true,"href":"https:\/\/agora.xtec.cat\/ceippallach-figueres\/wp-json\/wp\/v2\/pages\/22"}],"wp:attachment":[{"href":"https:\/\/agora.xtec.cat\/ceippallach-figueres\/wp-json\/wp\/v2\/media?parent=2912"}],"curies":[{"name":"wp","href":"https:\/\/api.w.org\/{rel}","templated":true}]}}

<ul>
<li><a href="https://agora.xtec.cat/ceippallach-figueres/wp-content/uploads/usu654/2019/02/NOFC_Escola_Pallach.pdf">Normes d&#8217;Organització i Funcionament del centre (NOFC)</a>
<ul>
<li><a href="https://agora.xtec.cat/ceippallach-figueres/wp-content/uploads/usu654/2019/02/Annex_1_NOFC_PROJECTE_CONVIVÈNCIA_ABSENTISME_PUNTUALITAT.pdf">NOFC Annex 1 &#8211; Projecte de convivència, absentisme i puntualitat</a></li>
</ul>
</li>
<li><a href="https://agora.xtec.cat/ceippallach-figueres/docs/projecte-educatiu-de-centre-2/?bp-attachment=PEC_Pallach.pdf">Projecte Educatiu de Centre</a>
<ul>
<li><a href="https://agora.xtec.cat/ceippallach-figueres/docs/pla-tac/?bp-attachment=Annex1_PEC_PLA-TAC.pdf">PEC Annex 1 &#8211; Pla TAC</a></li>
<li><a href="https://agora.xtec.cat/ceippallach-figueres/docs/projecte-linguistic-de-centre/?bp-attachment=Projecte-Ling%C3%BC%C3%ADstic.pdf">PEC Annex 2 &#8211; Projecte Lingüístic</a></li>
<li><a href="https://agora.xtec.cat/ceippallach-figueres/docs/pla-daccio-tutorial/?bp-attachment=Annex3_PEC_Pla_acci%C3%B3_tutorial_PAT.pdf">PEC Annex 3 &#8211; Pla d&#8217;acció tutorial</a></li>
<li><a href="https://agora.xtec.cat/ceippallach-figueres/docs/pla-dacollida-dalumnes-nouvinguts/?bp-attachment=Annex5_PEC_Pla_acollida_alumnes_nouv.pdf">PEC Annex 5 &#8211; Pla d&#8217;acollida d&#8217;alumnes nouvinguts</a></li>
<li><a href="https://agora.xtec.cat/ceippallach-figueres/docs/pla-dacollida-de-mestres/?bp-attachment=Annex6_PEC_Pla_acollida_mestres.pdf">PEC Annex 6 &#8211; Pla d&#8217;acollida de mestres</a></li>
</ul>
</li>
<li><a href="https://agora.xtec.cat/ceippallach-figueres/docs/carta-de-compromis-educatiu/?bp-attachment=Carta_COMPROM%C3%8DS_EDUCATIU.pdf">Carta de compromís educatiu</a></li>
</ul>

<p>Normes d&#8217;Organització i Funcionament del centre (NOFC) NOFC Annex 1 &#8211; Projecte de convivència, absentisme i puntualitat Projecte Educatiu de Centre PEC Annex 1 &#8211; Pla TAC PEC Annex 2 &#8211; Projecte Lingüístic PEC Annex 3 &#8211; Pla d&#8217;acció tutorial PEC Annex 5 &#8211; Pla d&#8217;acollida d&#8217;alumnes nouvinguts PEC Annex 6 &#8211; Pla d&#8217;acollida de [&hellip;]</p>
