{"id":26,"date":"2014-09-18T12:24:32","date_gmt":"2014-09-18T11:24:32","guid":{"rendered":"http:\/\/agora.xtec.cat\/ceippallach-figueres\/?page_id=26"},"modified":"2025-07-16T15:48:58","modified_gmt":"2025-07-16T13:48:58","slug":"historia","status":"publish","type":"page","link":"https:\/\/agora.xtec.cat\/ceippallach-figueres\/lescola\/historia\/","title":{"rendered":"Hist\u00f2ria"},"content":{"rendered":"<p>L&#8217;escola Josep Pallach inici\u00e0 la seva activitat docent el 15 de setembre de 1983 en una part de l&#8217;edifici que el Departament d&#8217;Ensenyament acabava de comprar a la Comunitat religiosa de les Germanes de la Presentaci\u00f3.<br \/>\nDurant el curs 83-84 compartiren l&#8217;edifici dos Centres: el col\u00b7legi p\u00fablic que popularment s&#8217;anomen\u00e0 &#8220;Les Franceses&#8221; -donat que la Comunitat religiosa procedia de Fran\u00e7a i en els seus inicis impartia l&#8217;ensenyament en franc\u00e8s- i el col\u00b7legi privat de la Presentaci\u00f3.<\/p>\n<p><strong>L&#8217;evoluci\u00f3 de la composici\u00f3<\/strong><br \/>\nEl setembre de 1983 es posaren en funcionament 2 unitats de Parvulari i 8 d&#8217;Educaci\u00f3 General B\u00e0sica, i cada curs i de manera progressiva es va anar ampliant el nombre de grups fins a arribar a 4 unitats de Parvulari i 16 d&#8217; EGB.<br \/>\nActualment el centre disposa de 6 unitats d&#8217;Educaci\u00f3 Infantil i 12 d&#8217;Educaci\u00f3 Prim\u00e0ria.<\/p>\n<p><strong>L&#8217;edifici<\/strong><br \/>\nEn el moment de l&#8217;obertura del Centre com a col\u00b7legi p\u00fablic, el Departament va adoptar el comprom\u00eds de renovar i ampliar l&#8217;edifici fins a convertir-lo en una Escola que dispos\u00e9s de tots els serveis i equipaments equivalents a una de nova construcci\u00f3.<br \/>\nL&#8217;any 2006 es van acabar uns treballs dividits en tres grans fases que van permetre a l&#8217;escola poder gaudir dels espais necessaris, adequats i actualitzats per al nostre alumnat. Les obres, molt innovadores, han convertit el nostre centre en un edifici singular.<\/p>\n<p><strong>El nom<\/strong><br \/>\nEn el DOGC del dia 8 de gener de 1986 es public\u00e0 una Ordre per la qual s&#8217;atribu\u00efa al Centre el nom de Josep Pallach.<\/p>\n<p><strong>Qui era Josep Pallach?<\/strong><\/p>\n<p><a href=\"https:\/\/agora.xtec.cat\/ceippallach-figueres\/wp-content\/uploads\/usu654\/2016\/10\/Pallach.jpg\"><img loading=\"lazy\" decoding=\"async\" class=\"size-full wp-image-700 alignleft\" src=\"https:\/\/agora.xtec.cat\/ceippallach-figueres\/wp-content\/uploads\/usu654\/2016\/10\/Pallach.jpg\" alt=\"\" width=\"281\" height=\"321\" srcset=\"https:\/\/agora.xtec.cat\/ceippallach-figueres\/wp-content\/uploads\/usu654\/2016\/10\/Pallach.jpg 281w, https:\/\/agora.xtec.cat\/ceippallach-figueres\/wp-content\/uploads\/usu654\/2016\/10\/Pallach-263x300.jpg 263w\" sizes=\"auto, (max-width: 281px) 100vw, 281px\" \/><\/a>Josep Pallach i Carol\u00e0, pol\u00edtic i pedagog, neix a Figueres el 10 de febrer de 1920. De jove s\u2019afili\u00e0 al Bloc Obrer i Camperol i lluit\u00e0 durant la guerra amb la Divisi\u00f3 del 27.<\/p>\n<p>S\u2019exili\u00e0 a Fran\u00e7a el 1939 on es llicenci\u00e0 en Filosofia i Lletres en la Universitat de Montpeller i s\u2019incorpor\u00e0 a la resist\u00e8ncia francesa, dirigint del 1948 al 1967 el Moviment Socialista de Catalunya.<\/p>\n<p>Des de 1951 va \u00e9sser professor al Lyc\u00e9e Pilote de Montgeron on potenci\u00e0, junt amb altres professionals, una experi\u00e8ncia d\u2019inserci\u00f3 de nens caracterials. Durant la seva llarga estada al Lyc\u00e9e, efectu\u00e0 diversos treballs d\u2019investigaci\u00f3 personal publicant-los a diverses revistes. El 1964 public\u00e0 el llibre \u201cEl gran problema: escola i ensenyament per a tots\u201d.<\/p>\n<p>El 1950 obt\u00e9 el premi Serra Hunter als Jocs Florals de Perpiny\u00e0 amb el treball \u201cL\u2019adolesc\u00e8ncia i la formaci\u00f3 de la personalitat\u201d. I el 1970, amb \u201cInstituts pilots i reforma de l\u2019Ensenyament mitj\u00e0\u201d, guanya el premi Antoni Balmanya.<\/p>\n<p>El 1969 retorn\u00e0 a Catalunya, es doctor\u00e0 en Ci\u00e8ncies de l\u2019Educaci\u00f3 i comen\u00e7\u00e0 a treballar com a professor de la Universitat Aut\u00f2noma. Form\u00e0 part de l\u2019equip fundacional de l\u2019Escola de Formaci\u00f3 del Professorat d\u2019EGB de Sant Cugat. Durant aquest per\u00edode public\u00e0 \u201cL\u2019explosi\u00f3 educativa\u201d, i en edici\u00f3 p\u00f2stuma \u201cEls mestres p\u00fablics de Girona i els or\u00edgens de la Renovaci\u00f3 a Catalunya\u201d.<\/p>\n<p>Paral\u00b7lelament a la seva activitat pedag\u00f2gica, fund\u00e0 el Partit Socialista de Catalunya del que fou el seu Secretari General fins a la seva mort.<\/p>\n<p>Josep Pallach i Carol\u00e0 mor\u00ed l\u201911 de gener de 1977 a Esclany\u00e0. Despr\u00e9s de la seva mort, es cre\u00e0 el Premi de Pedagogia \u201cJosep Pallach\u201d.<\/p>\n<p><a href=\"https:\/\/ca.wikipedia.org\/wiki\/Josep_Pallach_i_Carol%C3%A0\">Cliqueu aqu\u00ed<\/a> per llegir l\u2019article de la Wikip\u00e8dia sobre Josep Pallach i <a href=\"https:\/\/www.3cat.cat\/3cat\/josep-pallach\/audio\/1236649\/\">aqu\u00ed per escoltar<\/a> el programa &#8220;En Gu\u00e0rdia&#8221; que li van dedicar a Catalunya Gu\u00e0rdia.<\/p>\n","protected":false},"excerpt":{"rendered":"<p>L&#8217;escola Josep Pallach inici\u00e0 la seva activitat docent el 15 de setembre de 1983 en una part de l&#8217;edifici que el Departament d&#8217;Ensenyament acabava de comprar a la Comunitat religiosa de les Germanes de la Presentaci\u00f3. Durant el curs 83-84 compartiren l&#8217;edifici dos Centres: el col\u00b7legi p\u00fablic que popularment s&#8217;anomen\u00e0 &#8220;Les Franceses&#8221; -donat que la [&hellip;]<\/p>\n","protected":false},"author":1,"featured_media":0,"parent":22,"menu_order":20,"comment_status":"closed","ping_status":"closed","template":"","meta":{"_bbp_topic_count":0,"_bbp_reply_count":0,"_bbp_total_topic_count":0,"_bbp_total_reply_count":0,"_bbp_voice_count":0,"_bbp_anonymous_reply_count":0,"_bbp_topic_count_hidden":0,"_bbp_reply_count_hidden":0,"_bbp_forum_subforum_count":0,"site-sidebar-layout":"default","site-content-layout":"","ast-site-content-layout":"default","site-content-style":"default","site-sidebar-style":"default","ast-global-header-display":"","ast-banner-title-visibility":"","ast-main-header-display":"","ast-hfb-above-header-display":"","ast-hfb-below-header-display":"","ast-hfb-mobile-header-display":"","site-post-title":"","ast-breadcrumbs-content":"","ast-featured-img":"","footer-sml-layout":"","theme-transparent-header-meta":"default","adv-header-id-meta":"","stick-header-meta":"","header-above-stick-meta":"","header-main-stick-meta":"","header-below-stick-meta":"","astra-migrate-meta-layouts":"set","ast-page-background-enabled":"default","ast-page-background-meta":{"desktop":{"background-color":"var(--ast-global-color-4)","background-image":"","background-repeat":"repeat","background-position":"center center","background-size":"auto","background-attachment":"scroll","background-type":"","background-media":"","overlay-type":"","overlay-color":"","overlay-opacity":"","overlay-gradient":""},"tablet":{"background-color":"","background-image":"","background-repeat":"repeat","background-position":"center center","background-size":"auto","background-attachment":"scroll","background-type":"","background-media":"","overlay-type":"","overlay-color":"","overlay-opacity":"","overlay-gradient":""},"mobile":{"background-color":"","background-image":"","background-repeat":"repeat","background-position":"center center","background-size":"auto","background-attachment":"scroll","background-type":"","background-media":"","overlay-type":"","overlay-color":"","overlay-opacity":"","overlay-gradient":""}},"ast-content-background-meta":{"desktop":{"background-color":"var(--ast-global-color-5)","background-image":"","background-repeat":"repeat","background-position":"center center","background-size":"auto","background-attachment":"scroll","background-type":"","background-media":"","overlay-type":"","overlay-color":"","overlay-opacity":"","overlay-gradient":""},"tablet":{"background-color":"var(--ast-global-color-5)","background-image":"","background-repeat":"repeat","background-position":"center center","background-size":"auto","background-attachment":"scroll","background-type":"","background-media":"","overlay-type":"","overlay-color":"","overlay-opacity":"","overlay-gradient":""},"mobile":{"background-color":"var(--ast-global-color-5)","background-image":"","background-repeat":"repeat","background-position":"center center","background-size":"auto","background-attachment":"scroll","background-type":"","background-media":"","overlay-type":"","overlay-color":"","overlay-opacity":"","overlay-gradient":""}},"footnotes":""},"class_list":["post-26","page","type-page","status-publish","hentry"],"post_mailing_queue_ids":[],"_links":{"self":[{"href":"https:\/\/agora.xtec.cat\/ceippallach-figueres\/wp-json\/wp\/v2\/pages\/26","targetHints":{"allow":["GET"]}}],"collection":[{"href":"https:\/\/agora.xtec.cat\/ceippallach-figueres\/wp-json\/wp\/v2\/pages"}],"about":[{"href":"https:\/\/agora.xtec.cat\/ceippallach-figueres\/wp-json\/wp\/v2\/types\/page"}],"author":[{"embeddable":true,"href":"https:\/\/agora.xtec.cat\/ceippallach-figueres\/wp-json\/wp\/v2\/users\/1"}],"replies":[{"embeddable":true,"href":"https:\/\/agora.xtec.cat\/ceippallach-figueres\/wp-json\/wp\/v2\/comments?post=26"}],"version-history":[{"count":5,"href":"https:\/\/agora.xtec.cat\/ceippallach-figueres\/wp-json\/wp\/v2\/pages\/26\/revisions"}],"predecessor-version":[{"id":5918,"href":"https:\/\/agora.xtec.cat\/ceippallach-figueres\/wp-json\/wp\/v2\/pages\/26\/revisions\/5918"}],"up":[{"embeddable":true,"href":"https:\/\/agora.xtec.cat\/ceippallach-figueres\/wp-json\/wp\/v2\/pages\/22"}],"wp:attachment":[{"href":"https:\/\/agora.xtec.cat\/ceippallach-figueres\/wp-json\/wp\/v2\/media?parent=26"}],"curies":[{"name":"wp","href":"https:\/\/api.w.org\/{rel}","templated":true}]}}

Història

<p>L&#8217;escola Josep Pallach inicià la seva activitat docent el 15 de setembre de 1983 en una part de l&#8217;edifici que el Departament d&#8217;Ensenyament acabava de comprar a la Comunitat religiosa de les Germanes de la Presentació.<br />
Durant el curs 83-84 compartiren l&#8217;edifici dos Centres: el col·legi públic que popularment s&#8217;anomenà &#8220;Les Franceses&#8221; -donat que la Comunitat religiosa procedia de França i en els seus inicis impartia l&#8217;ensenyament en francès- i el col·legi privat de la Presentació.</p>
<p><strong>L&#8217;evolució de la composició</strong><br />
El setembre de 1983 es posaren en funcionament 2 unitats de Parvulari i 8 d&#8217;Educació General Bàsica, i cada curs i de manera progressiva es va anar ampliant el nombre de grups fins a arribar a 4 unitats de Parvulari i 16 d&#8217; EGB.<br />
Actualment el centre disposa de 6 unitats d&#8217;Educació Infantil i 12 d&#8217;Educació Primària.</p>
<p><strong>L&#8217;edifici</strong><br />
En el moment de l&#8217;obertura del Centre com a col·legi públic, el Departament va adoptar el compromís de renovar i ampliar l&#8217;edifici fins a convertir-lo en una Escola que disposés de tots els serveis i equipaments equivalents a una de nova construcció.<br />
L&#8217;any 2006 es van acabar uns treballs dividits en tres grans fases que van permetre a l&#8217;escola poder gaudir dels espais necessaris, adequats i actualitzats per al nostre alumnat. Les obres, molt innovadores, han convertit el nostre centre en un edifici singular.</p>
<p><strong>El nom</strong><br />
En el DOGC del dia 8 de gener de 1986 es publicà una Ordre per la qual s&#8217;atribuïa al Centre el nom de Josep Pallach.</p>
<p><strong>Qui era Josep Pallach?</strong></p>
<p><a href="https://agora.xtec.cat/ceippallach-figueres/wp-content/uploads/usu654/2016/10/Pallach.jpg"><img loading="lazy" decoding="async" class="size-full wp-image-700 alignleft" src="https://agora.xtec.cat/ceippallach-figueres/wp-content/uploads/usu654/2016/10/Pallach.jpg" alt="" width="281" height="321" srcset="https://agora.xtec.cat/ceippallach-figueres/wp-content/uploads/usu654/2016/10/Pallach.jpg 281w, https://agora.xtec.cat/ceippallach-figueres/wp-content/uploads/usu654/2016/10/Pallach-263x300.jpg 263w" sizes="auto, (max-width: 281px) 100vw, 281px" /></a>Josep Pallach i Carolà, polític i pedagog, neix a Figueres el 10 de febrer de 1920. De jove s’afilià al Bloc Obrer i Camperol i lluità durant la guerra amb la Divisió del 27.</p>
<p>S’exilià a França el 1939 on es llicencià en Filosofia i Lletres en la Universitat de Montpeller i s’incorporà a la resistència francesa, dirigint del 1948 al 1967 el Moviment Socialista de Catalunya.</p>
<p>Des de 1951 va ésser professor al Lycée Pilote de Montgeron on potencià, junt amb altres professionals, una experiència d’inserció de nens caracterials. Durant la seva llarga estada al Lycée, efectuà diversos treballs d’investigació personal publicant-los a diverses revistes. El 1964 publicà el llibre “El gran problema: escola i ensenyament per a tots”.</p>
<p>El 1950 obté el premi Serra Hunter als Jocs Florals de Perpinyà amb el treball “L’adolescència i la formació de la personalitat”. I el 1970, amb “Instituts pilots i reforma de l’Ensenyament mitjà”, guanya el premi Antoni Balmanya.</p>
<p>El 1969 retornà a Catalunya, es doctorà en Ciències de l’Educació i començà a treballar com a professor de la Universitat Autònoma. Formà part de l’equip fundacional de l’Escola de Formació del Professorat d’EGB de Sant Cugat. Durant aquest període publicà “L’explosió educativa”, i en edició pòstuma “Els mestres públics de Girona i els orígens de la Renovació a Catalunya”.</p>
<p>Paral·lelament a la seva activitat pedagògica, fundà el Partit Socialista de Catalunya del que fou el seu Secretari General fins a la seva mort.</p>
<p>Josep Pallach i Carolà morí l’11 de gener de 1977 a Esclanyà. Després de la seva mort, es creà el Premi de Pedagogia “Josep Pallach”.</p>
<p><a href="https://ca.wikipedia.org/wiki/Josep_Pallach_i_Carol%C3%A0">Cliqueu aquí</a> per llegir l’article de la Wikipèdia sobre Josep Pallach i <a href="https://www.3cat.cat/3cat/josep-pallach/audio/1236649/">aquí per escoltar</a> el programa &#8220;En Guàrdia&#8221; que li van dedicar a Catalunya Guàrdia.</p>

<p>L&#8217;escola Josep Pallach inicià la seva activitat docent el 15 de setembre de 1983 en una part de l&#8217;edifici que el Departament d&#8217;Ensenyament acabava de comprar a la Comunitat religiosa de les Germanes de la Presentació. Durant el curs 83-84 compartiren l&#8217;edifici dos Centres: el col·legi públic que popularment s&#8217;anomenà &#8220;Les Franceses&#8221; -donat que la [&hellip;]</p>
