{"id":837,"date":"2018-04-20T15:24:04","date_gmt":"2018-04-20T13:24:04","guid":{"rendered":"http:\/\/agora.xtec.cat\/ceiporlandai\/?page_id=837"},"modified":"2021-12-02T12:47:11","modified_gmt":"2021-12-02T11:47:11","slug":"a-lorlandai-tambe","status":"publish","type":"page","link":"https:\/\/agora.xtec.cat\/ceiporlandai\/lescola\/a-lorlandai-tambe\/","title":{"rendered":"A l&#8217;Orlandai tamb\u00e9&#8230;"},"content":{"rendered":"<p><strong>Biblioteca<\/strong><\/p>\n<p>Espai educatiu i din\u00e0mic on s\u2019afavoreix el proc\u00e9s de creaci\u00f3 i de coneixement. Fomenta el gust per la lectura i est\u00e0 oberta a tota la comunitat educativa.<\/p>\n<p><strong>Lleng\u00fces d\u2019aprenentatge<\/strong><\/p>\n<p>Treballem des d\u2019un enfocament pluriling\u00fce per integrar les lleng\u00fces (catalana, castellana i anglesa) de forma transversal. Participaci\u00f3 en el programa GEP del Consorci d&#8217;Educaci\u00f3 Barcelona.<\/p>\n<p><strong>Educaci\u00f3 art\u00edstica<\/strong><\/p>\n<p>El llenguatge visual i pl\u00e0stic i musical t\u00e9 un paper important en el nostre Projecte Educatiu.<\/p>\n<p><strong>Sortides, excursions i col\u00f2nies<\/strong><\/p>\n<p>Aprofitem al m\u00e0xim els recursos que ofereix Barcelona com a ciutat educadora (museus, teatres, auditoris, parcs&#8230;). I, m\u00e9s enll\u00e0 de la ciutat, les excursions i les col\u00f2nies ens serveixen per a con\u00e8ixer el nostre pa\u00eds i fomentar la cohesi\u00f3 grupal.<\/p>\n<p><strong>\u00c0mbits de participaci\u00f3 i col\u00b7laboraci\u00f3<\/strong><\/p>\n<p>Xarxa de centres p\u00fablics 0-18 de Sarri\u00e0-Sant Gervasi; Xarxa Barcelona Escoles +Sostenibles; col\u00b7laboraci\u00f3 amb diferents universitats en estudis i recerques; Centre Formador d\u2019estudiants en pr\u00e0ctiques i d\u2019alumnat d\u2019Aprenentatge i Servei; participaci\u00f3 en programes educatius amb escoles de diferents pa\u00efsos del m\u00f3n; Coordinadora d&#8217;escoles 0-12 promoguda per la Federaci\u00f3 de Moviments de Renovaci\u00f3 Pedag\u00f2gica; participaci\u00f3 en moviments de Transformaci\u00f3 Educativa amb Xarxes pel Canvi i Laboratori de Transformaci\u00f3.<\/p>\n<p>&nbsp;<\/p>\n","protected":false},"excerpt":{"rendered":"<p>Biblioteca<br \/>\nEspai educatiu i din\u00e0mic on s\u2019afavoreix el proc\u00e9s de creaci\u00f3 i de coneixement. Fomenta el gust per la lectura i est\u00e0 oberta a tota la comunitat educativa.<br \/>\nLleng\u00fces d\u2019aprenentatge<br \/>\nTreballem des d\u2019un enfocament pluriling\u00fce per integrar les lleng\u00fces (catalana, castellana i anglesa) de forma transversal. Participaci\u00f3 en&hellip;  <a href=\"https:\/\/agora.xtec.cat\/ceiporlandai\/lescola\/a-lorlandai-tambe\/\" title=\"Read A l&#8217;Orlandai tamb\u00e9&#8230;\">Llegeix m\u00e9s\u00bb<\/a><\/p>\n","protected":false},"author":1,"featured_media":0,"parent":963,"menu_order":30,"comment_status":"closed","ping_status":"closed","template":"page-templates\/side-menu.php","meta":{"_bbp_topic_count":0,"_bbp_reply_count":0,"_bbp_total_topic_count":0,"_bbp_total_reply_count":0,"_bbp_voice_count":0,"_bbp_anonymous_reply_count":0,"_bbp_topic_count_hidden":0,"_bbp_reply_count_hidden":0,"_bbp_forum_subforum_count":0,"footnotes":""},"class_list":["post-837","page","type-page","status-publish","hentry"],"post_mailing_queue_ids":[],"_links":{"self":[{"href":"https:\/\/agora.xtec.cat\/ceiporlandai\/wp-json\/wp\/v2\/pages\/837","targetHints":{"allow":["GET"]}}],"collection":[{"href":"https:\/\/agora.xtec.cat\/ceiporlandai\/wp-json\/wp\/v2\/pages"}],"about":[{"href":"https:\/\/agora.xtec.cat\/ceiporlandai\/wp-json\/wp\/v2\/types\/page"}],"author":[{"embeddable":true,"href":"https:\/\/agora.xtec.cat\/ceiporlandai\/wp-json\/wp\/v2\/users\/1"}],"replies":[{"embeddable":true,"href":"https:\/\/agora.xtec.cat\/ceiporlandai\/wp-json\/wp\/v2\/comments?post=837"}],"version-history":[{"count":3,"href":"https:\/\/agora.xtec.cat\/ceiporlandai\/wp-json\/wp\/v2\/pages\/837\/revisions"}],"predecessor-version":[{"id":4500,"href":"https:\/\/agora.xtec.cat\/ceiporlandai\/wp-json\/wp\/v2\/pages\/837\/revisions\/4500"}],"up":[{"embeddable":true,"href":"https:\/\/agora.xtec.cat\/ceiporlandai\/wp-json\/wp\/v2\/pages\/963"}],"wp:attachment":[{"href":"https:\/\/agora.xtec.cat\/ceiporlandai\/wp-json\/wp\/v2\/media?parent=837"}],"curies":[{"name":"wp","href":"https:\/\/api.w.org\/{rel}","templated":true}]}}