{"id":4423,"date":"2021-10-11T18:08:45","date_gmt":"2021-10-11T16:08:45","guid":{"rendered":"https:\/\/agora.xtec.cat\/ceiporlandai\/?page_id=4423"},"modified":"2026-04-08T18:24:36","modified_gmt":"2026-04-08T16:24:36","slug":"projectes-descola","status":"publish","type":"page","link":"https:\/\/agora.xtec.cat\/ceiporlandai\/lescola\/projectes-descola\/","title":{"rendered":"Projectes d&#8217;escola"},"content":{"rendered":"<ul>\n<li>Projecte Educatiu de Centre. Enlla\u00e7 <strong><a href=\"https:\/\/agora.xtec.cat\/ceiporlandai\/wp-content\/uploads\/usu1785\/2026\/01\/PEC.pdf\"><em>PEC<\/em><\/a><br \/>\n<\/strong><\/li>\n<li>Projecte de Conviv\u00e8ncia. Enlla\u00e7<em><strong> <a href=\"https:\/\/agora.xtec.cat\/ceiporlandai\/wp-content\/uploads\/usu1785\/2022\/03\/PdC_Marc_22.docx-Documents-de-Google.pdf\">PdC<\/a><\/strong><\/em><\/li>\n<li>Normes d&#8217;Organitzaci\u00f3 i Funcionament de Centre. Enlla\u00e7 <em><strong><a href=\"https:\/\/agora.xtec.cat\/ceiporlandai\/wp-content\/uploads\/usu1785\/2021\/11\/NOFC-ORLANDAI-2020-definitiu-1.pdf\" target=\"_blank\" rel=\"noopener\">NOFC<\/a><\/strong><\/em><\/li>\n<li>Projecte Ling\u00fc\u00edstic. Enlla\u00e7 <strong><em><a href=\"https:\/\/agora.xtec.cat\/ceiporlandai\/wp-content\/uploads\/usu1785\/2021\/11\/PL-juny-2019.pdf\">PL<\/a><\/em><\/strong><\/li>\n<li>Estrat\u00e8gia Digital de Centre 2026-30 <strong><a href=\"https:\/\/agora.xtec.cat\/ceiporlandai\/wp-content\/uploads\/usu1785\/2026\/04\/EDCfebrer26.pdf\">EDC<\/a><\/strong><\/li>\n<\/ul>\n","protected":false},"excerpt":{"rendered":"<ul>\n<li>Projecte Educatiu de Centre. Enlla\u00e7 <a href=\"https:\/\/agora.xtec.cat\/ceiporlandai\/wp-content\/uploads\/usu1785\/2026\/01\/PEC.pdf\">PEC<\/a>\n<\/li>\n<li>Projecte de Conviv\u00e8ncia. Enlla\u00e7 <a href=\"https:\/\/agora.xtec.cat\/ceiporlandai\/wp-content\/uploads\/usu1785\/2022\/03\/PdC_Marc_22.docx-Documents-de-Google.pdf\">PdC<\/a><\/li>\n<li>Normes d&#8217;Organitzaci\u00f3 i Funcionament de Centre. Enlla\u00e7 <a href=\"https:\/\/agora.xtec.cat\/ceiporlandai\/wp-content\/uploads\/usu1785\/2021\/11\/NOFC-ORLANDAI-2020-definitiu-1.pdf\" target=\"_blank\" rel=\"noopener\">NOFC<\/a><\/li>\n<li>Projecte Ling\u00fc\u00edstic. Enlla\u00e7 <a href=\"https:\/\/agora.xtec.cat\/ceiporlandai\/wp-content\/uploads\/usu1785\/2021\/11\/PL-juny-2019.pdf\">PL<\/a><\/li>\n<li>Estrat\u00e8gia Digital de Centre 2026-30 <a href=\"https:\/\/agora.xtec.cat\/ceiporlandai\/wp-content\/uploads\/usu1785\/2026\/04\/EDCfebrer26.pdf\">EDC<\/a><\/li>\n<\/ul>\n","protected":false},"author":1,"featured_media":0,"parent":963,"menu_order":50,"comment_status":"closed","ping_status":"closed","template":"page-templates\/side-menu.php","meta":{"_bbp_topic_count":0,"_bbp_reply_count":0,"_bbp_total_topic_count":0,"_bbp_total_reply_count":0,"_bbp_voice_count":0,"_bbp_anonymous_reply_count":0,"_bbp_topic_count_hidden":0,"_bbp_reply_count_hidden":0,"_bbp_forum_subforum_count":0,"footnotes":""},"class_list":["post-4423","page","type-page","status-publish","hentry"],"post_mailing_queue_ids":[],"_links":{"self":[{"href":"https:\/\/agora.xtec.cat\/ceiporlandai\/wp-json\/wp\/v2\/pages\/4423","targetHints":{"allow":["GET"]}}],"collection":[{"href":"https:\/\/agora.xtec.cat\/ceiporlandai\/wp-json\/wp\/v2\/pages"}],"about":[{"href":"https:\/\/agora.xtec.cat\/ceiporlandai\/wp-json\/wp\/v2\/types\/page"}],"author":[{"embeddable":true,"href":"https:\/\/agora.xtec.cat\/ceiporlandai\/wp-json\/wp\/v2\/users\/1"}],"replies":[{"embeddable":true,"href":"https:\/\/agora.xtec.cat\/ceiporlandai\/wp-json\/wp\/v2\/comments?post=4423"}],"version-history":[{"count":7,"href":"https:\/\/agora.xtec.cat\/ceiporlandai\/wp-json\/wp\/v2\/pages\/4423\/revisions"}],"predecessor-version":[{"id":5891,"href":"https:\/\/agora.xtec.cat\/ceiporlandai\/wp-json\/wp\/v2\/pages\/4423\/revisions\/5891"}],"up":[{"embeddable":true,"href":"https:\/\/agora.xtec.cat\/ceiporlandai\/wp-json\/wp\/v2\/pages\/963"}],"wp:attachment":[{"href":"https:\/\/agora.xtec.cat\/ceiporlandai\/wp-json\/wp\/v2\/media?parent=4423"}],"curies":[{"name":"wp","href":"https:\/\/api.w.org\/{rel}","templated":true}]}}