{"id":1155,"date":"2018-05-02T19:04:31","date_gmt":"2018-05-02T17:04:31","guid":{"rendered":"http:\/\/agora.xtec.cat\/ceiporlandai\/?page_id=1155"},"modified":"2022-06-27T11:25:09","modified_gmt":"2022-06-27T09:25:09","slug":"afa-reunions","status":"publish","type":"page","link":"https:\/\/agora.xtec.cat\/ceiporlandai\/afa\/afa-reunions\/","title":{"rendered":"Reunions"},"content":{"rendered":"<p><span style=\"font-weight: 400;\">Fem trobades peri\u00f2diques durant el curs segons les necessitats que anem tenint. Demanem a les fam\u00edlies que ens avancin temes i q\u00fcestions que vulguin tractar i les incorporem a l\u2019ordre del dia de la trobada que compartim amb les fam\u00edlies uns dies abans de la trobada. Normalment ens trobem a la biblioteca de l\u2019escola. De moment, i seguint les recomanacions sanit\u00e0ries ens trobem virtualment. \u00c9s oberta a totes les fam\u00edlies de l\u2019escola i s\u2019intenta assegurar sempre la pres\u00e8ncia de les comissions i els i les membres de la Junta.<\/span><br \/>\n<!--\nPodeu consultar les actes de les trobades anteriors de l\u2019AFA <a href=\"http:\/\/agora.xtec.cat\/ceiporlandai\/docs\/acta-reunio-afa\">aqu\u00ed<\/a>.\n--><\/p>\n","protected":false},"excerpt":{"rendered":"<p>Fem trobades peri\u00f2diques durant el curs segons les necessitats que anem tenint. Demanem a les fam\u00edlies que ens avancin temes i q\u00fcestions que vulguin tractar i les incorporem a l\u2019ordre del dia de la trobada que compartim amb les fam\u00edlies uns dies abans de la&hellip;  <a href=\"https:\/\/agora.xtec.cat\/ceiporlandai\/afa\/afa-reunions\/\" title=\"Read Reunions\">Llegeix m\u00e9s\u00bb<\/a><\/p>\n","protected":false},"author":5,"featured_media":0,"parent":1220,"menu_order":0,"comment_status":"closed","ping_status":"closed","template":"","meta":{"_bbp_topic_count":0,"_bbp_reply_count":0,"_bbp_total_topic_count":0,"_bbp_total_reply_count":0,"_bbp_voice_count":0,"_bbp_anonymous_reply_count":0,"_bbp_topic_count_hidden":0,"_bbp_reply_count_hidden":0,"_bbp_forum_subforum_count":0,"footnotes":""},"class_list":["post-1155","page","type-page","status-publish","hentry"],"post_mailing_queue_ids":[],"_links":{"self":[{"href":"https:\/\/agora.xtec.cat\/ceiporlandai\/wp-json\/wp\/v2\/pages\/1155","targetHints":{"allow":["GET"]}}],"collection":[{"href":"https:\/\/agora.xtec.cat\/ceiporlandai\/wp-json\/wp\/v2\/pages"}],"about":[{"href":"https:\/\/agora.xtec.cat\/ceiporlandai\/wp-json\/wp\/v2\/types\/page"}],"author":[{"embeddable":true,"href":"https:\/\/agora.xtec.cat\/ceiporlandai\/wp-json\/wp\/v2\/users\/5"}],"replies":[{"embeddable":true,"href":"https:\/\/agora.xtec.cat\/ceiporlandai\/wp-json\/wp\/v2\/comments?post=1155"}],"version-history":[{"count":4,"href":"https:\/\/agora.xtec.cat\/ceiporlandai\/wp-json\/wp\/v2\/pages\/1155\/revisions"}],"predecessor-version":[{"id":4887,"href":"https:\/\/agora.xtec.cat\/ceiporlandai\/wp-json\/wp\/v2\/pages\/1155\/revisions\/4887"}],"up":[{"embeddable":true,"href":"https:\/\/agora.xtec.cat\/ceiporlandai\/wp-json\/wp\/v2\/pages\/1220"}],"wp:attachment":[{"href":"https:\/\/agora.xtec.cat\/ceiporlandai\/wp-json\/wp\/v2\/media?parent=1155"}],"curies":[{"name":"wp","href":"https:\/\/api.w.org\/{rel}","templated":true}]}}