{"id":73,"date":"2014-09-18T14:01:51","date_gmt":"2014-09-18T13:01:51","guid":{"rendered":"http:\/\/agora.xtec.cat\/ceipolvan\/?page_id=73"},"modified":"2025-09-05T10:17:33","modified_gmt":"2025-09-05T08:17:33","slug":"menjador-escolar","status":"publish","type":"page","link":"https:\/\/agora.xtec.cat\/ceipolvan\/serveis\/menjador-escolar\/","title":{"rendered":"Menjador escolar"},"content":{"rendered":"\n<p><\/p>\n\n\n\n<p><\/p>\n\n\n<p><strong>\u00a0 \u00a0 \u00a0 \u00a0 \u00a0 \u00a0Des del curs 2024-25 la\u00a0 gesti\u00f3 del menjador \u00e9s de l&#8217;Ajuntament d&#8217;Olvan.<\/strong><\/p>\n<p>Coordinaci\u00f3 del espai del menjador a c\u00e0rrec de l&#8217;Ajuntament d&#8217;Olvan\u00a0 938250013 o per <a href=\"https:\/\/www.olvan.cat\/serveis-i-tramits\/tramits-i-gestions\/\">inst\u00e0ncia gen\u00e8rica<\/a><\/p>\n<p><a style=\"color: #ff0000;\" href=\"https:\/\/www.canva.com\/design\/DAFHIqVjBjI\/L89Oc3ur5N6mv6caglV-SQ\/view?utm_content=DAFHIqVjBjI&amp;utm_campaign=designshare&amp;utm_medium=link2&amp;utm_source=uniquelinks&amp;utlId=h3724294b0f\">NORMES I FUNCIONAMENT MENJADOR 25-26<\/a><\/p>\n<p><a href=\"https:\/\/www.canva.com\/design\/DAE_1BY7CNg\/o4IUuHt-FkMrJiN4xZLfkA\/view?utm_content=DAE_1BY7CNg&amp;utm_campaign=designshare&amp;utm_medium=link2&amp;utm_source=uniquelinks&amp;utlId=hf18d8d5fac\"><span style=\"color: #000000;\"><strong>PREU MENJADOR<\/strong><\/span><\/a><\/p>\n<p>Per a la proposta dels men\u00fas mensuals i la proposta dels sopars l&#8217;Ajuntament segueix comptant amb la col\u00b7laboraci\u00f3 d&#8217;una Dietista\u00a0 Nutricionista, l&#8217;Eva Nu\u00f1ez Marmol\u00a0 CAT 443.<\/p>\n<p><a href=\"https:\/\/agora.xtec.cat\/ceipolvan\/wp-content\/uploads\/usu865\/2024\/09\/ajuntament.png\"><img loading=\"lazy\" decoding=\"async\" class=\"alignnone  wp-image-4464\" src=\"https:\/\/agora.xtec.cat\/ceipolvan\/wp-content\/uploads\/usu865\/2024\/09\/ajuntament.png\" alt=\"\" width=\"94\" height=\"122\" \/><\/a><\/p>\n<p><span style=\"color: #ff6600;\"><strong>Departament d&#8217;Educaci\u00f3.<\/strong><\/span><\/p>\n<p><span style=\"color: #008000;\"><strong><a style=\"color: #008000;\" href=\"https:\/\/agora.xtec.cat\/ceipolvan\/wp-content\/uploads\/usu865\/2024\/02\/Informe-de-valoracio-de-la-programacio-de-menus-2024.pdf\">Valoraci\u00f3 de la programaci\u00f3 de men\u00fas 2024<\/a><\/strong><\/span><\/p>\n<p><strong><span style=\"color: #008000;\"><a style=\"color: #008000;\" href=\"https:\/\/drive.google.com\/file\/d\/1TEQZbSVloVFuaDr_CjfkDBPzX_hWLJKJ\/view?usp=sharing\">Q\u00fcestionaris d\u2019avaluaci\u00f3 sensorial (Q3)<\/a><\/span><\/strong><\/p>\n<p><span style=\"color: #008000;\"><strong><a style=\"color: #008000;\" href=\"https:\/\/agora.xtec.cat\/ceipolvan\/wp-content\/uploads\/usu865\/2024\/02\/alimentacio-escola2.pdf\">Alimentaci\u00f3 escolar Consells Departament<\/a><\/strong><\/span><\/p>\n<p><a href=\"https:\/\/agora.xtec.cat\/ceipolvan\/wp-content\/uploads\/usu865\/2024\/11\/images.png\"><img loading=\"lazy\" decoding=\"async\" class=\"alignnone  wp-image-4581\" src=\"https:\/\/agora.xtec.cat\/ceipolvan\/wp-content\/uploads\/usu865\/2024\/11\/images.png\" alt=\"\" width=\"232\" height=\"103\" srcset=\"https:\/\/agora.xtec.cat\/ceipolvan\/wp-content\/uploads\/usu865\/2024\/11\/images.png 313w, https:\/\/agora.xtec.cat\/ceipolvan\/wp-content\/uploads\/usu865\/2024\/11\/images-300x133.png 300w\" sizes=\"auto, (max-width: 232px) 100vw, 232px\" \/><\/a><\/p>\n<div class=\"adL\">\n<div class=\"gmail_quote\">\n<div dir=\"ltr\">\u00a0<\/div>\n<\/div>\n<\/div>","protected":false},"excerpt":{"rendered":"<p>\u00a0 \u00a0 \u00a0 \u00a0 \u00a0 \u00a0Des del curs 2024-25 la\u00a0 gesti\u00f3 del menjador \u00e9s de l&#8217;Ajuntament d&#8217;Olvan. Coordinaci\u00f3 del espai del menjador a c\u00e0rrec de l&#8217;Ajuntament d&#8217;Olvan\u00a0 938250013 o per inst\u00e0ncia gen\u00e8rica NORMES I FUNCIONAMENT MENJADOR 25-26 PREU MENJADOR Per a la proposta dels men\u00fas mensuals i la proposta dels sopars l&#8217;Ajuntament segueix comptant amb [&hellip;]<\/p>\n","protected":false},"author":1,"featured_media":0,"parent":66,"menu_order":10,"comment_status":"closed","ping_status":"closed","template":"","meta":{"_bbp_topic_count":0,"_bbp_reply_count":0,"_bbp_total_topic_count":0,"_bbp_total_reply_count":0,"_bbp_voice_count":0,"_bbp_anonymous_reply_count":0,"_bbp_topic_count_hidden":0,"_bbp_reply_count_hidden":0,"_bbp_forum_subforum_count":0,"site-sidebar-layout":"default","site-content-layout":"","ast-site-content-layout":"default","site-content-style":"default","site-sidebar-style":"default","ast-global-header-display":"","ast-banner-title-visibility":"","ast-main-header-display":"","ast-hfb-above-header-display":"","ast-hfb-below-header-display":"","ast-hfb-mobile-header-display":"","site-post-title":"","ast-breadcrumbs-content":"","ast-featured-img":"","footer-sml-layout":"","theme-transparent-header-meta":"","adv-header-id-meta":"","stick-header-meta":"","header-above-stick-meta":"","header-main-stick-meta":"","header-below-stick-meta":"","astra-migrate-meta-layouts":"set","ast-page-background-enabled":"default","ast-page-background-meta":{"desktop":{"background-color":"var(--ast-global-color-4)","background-image":"","background-repeat":"repeat","background-position":"center center","background-size":"auto","background-attachment":"scroll","background-type":"","background-media":"","overlay-type":"","overlay-color":"","overlay-opacity":"","overlay-gradient":""},"tablet":{"background-color":"","background-image":"","background-repeat":"repeat","background-position":"center center","background-size":"auto","background-attachment":"scroll","background-type":"","background-media":"","overlay-type":"","overlay-color":"","overlay-opacity":"","overlay-gradient":""},"mobile":{"background-color":"","background-image":"","background-repeat":"repeat","background-position":"center center","background-size":"auto","background-attachment":"scroll","background-type":"","background-media":"","overlay-type":"","overlay-color":"","overlay-opacity":"","overlay-gradient":""}},"ast-content-background-meta":{"desktop":{"background-color":"var(--ast-global-color-5)","background-image":"","background-repeat":"repeat","background-position":"center center","background-size":"auto","background-attachment":"scroll","background-type":"","background-media":"","overlay-type":"","overlay-color":"","overlay-opacity":"","overlay-gradient":""},"tablet":{"background-color":"var(--ast-global-color-5)","background-image":"","background-repeat":"repeat","background-position":"center center","background-size":"auto","background-attachment":"scroll","background-type":"","background-media":"","overlay-type":"","overlay-color":"","overlay-opacity":"","overlay-gradient":""},"mobile":{"background-color":"var(--ast-global-color-5)","background-image":"","background-repeat":"repeat","background-position":"center center","background-size":"auto","background-attachment":"scroll","background-type":"","background-media":"","overlay-type":"","overlay-color":"","overlay-opacity":"","overlay-gradient":""}},"footnotes":""},"class_list":["post-73","page","type-page","status-publish","hentry"],"post_mailing_queue_ids":[],"_links":{"self":[{"href":"https:\/\/agora.xtec.cat\/ceipolvan\/wp-json\/wp\/v2\/pages\/73","targetHints":{"allow":["GET"]}}],"collection":[{"href":"https:\/\/agora.xtec.cat\/ceipolvan\/wp-json\/wp\/v2\/pages"}],"about":[{"href":"https:\/\/agora.xtec.cat\/ceipolvan\/wp-json\/wp\/v2\/types\/page"}],"author":[{"embeddable":true,"href":"https:\/\/agora.xtec.cat\/ceipolvan\/wp-json\/wp\/v2\/users\/1"}],"replies":[{"embeddable":true,"href":"https:\/\/agora.xtec.cat\/ceipolvan\/wp-json\/wp\/v2\/comments?post=73"}],"version-history":[{"count":6,"href":"https:\/\/agora.xtec.cat\/ceipolvan\/wp-json\/wp\/v2\/pages\/73\/revisions"}],"predecessor-version":[{"id":4996,"href":"https:\/\/agora.xtec.cat\/ceipolvan\/wp-json\/wp\/v2\/pages\/73\/revisions\/4996"}],"up":[{"embeddable":true,"href":"https:\/\/agora.xtec.cat\/ceipolvan\/wp-json\/wp\/v2\/pages\/66"}],"wp:attachment":[{"href":"https:\/\/agora.xtec.cat\/ceipolvan\/wp-json\/wp\/v2\/media?parent=73"}],"curies":[{"name":"wp","href":"https:\/\/api.w.org\/{rel}","templated":true}]}}