{"id":3497,"date":"2026-04-10T12:30:49","date_gmt":"2026-04-10T10:30:49","guid":{"rendered":"https:\/\/agora.xtec.cat\/ceipolivarvell\/?page_id=3497"},"modified":"2026-04-15T14:22:07","modified_gmt":"2026-04-15T12:22:07","slug":"3497-2","status":"publish","type":"page","link":"https:\/\/agora.xtec.cat\/ceipolivarvell\/","title":{"rendered":"XXXI Concurs &#8220;El Gust per la Lectura&#8221;"},"content":{"rendered":"\n<p>Aquest curs els nens i nenes de 1r hem participat al concurs<em> El Gust per la Lectura<\/em>, que consisteix a llegir un llibre i fer un treball posterior.<\/p>\n\n\n\n<p>\u2022 T\u00edtol del treball: L&#8217;altre sopar de por<br>\u2022 Modalitat: A<br>\u2022 Categoria: A1 \u2013 Personatge: monstres<br>\u2022 Llibre: Mart\u00ed, Meritxell i Salom\u00f3, Xavier. Un sopar de por. Cru\u00eflla, 2017<br>\u2022 N\u00famero d&#8217;inscripci\u00f3:&nbsp;5225<\/p>\n\n\n\n<figure class=\"wp-block-embed is-type-video is-provider-youtube wp-block-embed-youtube wp-embed-aspect-16-9 wp-has-aspect-ratio\"><div class=\"wp-block-embed__wrapper\">\n<div class=\"ast-oembed-container \" style=\"height: 100%;\"><iframe loading=\"lazy\" title=\"L&#039;altre sopar de por\" width=\"500\" height=\"281\" src=\"https:\/\/www.youtube.com\/embed\/2BATVI2PKMc?feature=oembed\" frameborder=\"0\" allow=\"accelerometer; autoplay; clipboard-write; encrypted-media; gyroscope; picture-in-picture; web-share\" referrerpolicy=\"strict-origin-when-cross-origin\" allowfullscreen><\/iframe><\/div>\n<\/div><\/figure>\n\n\n\n<div class=\"wp-block-columns is-layout-flex wp-container-core-columns-is-layout-1 wp-block-columns-is-layout-flex\">\n<div class=\"wp-block-column is-layout-flow wp-block-column-is-layout-flow\">\n<figure class=\"wp-block-image aligncenter size-full is-resized\"><a href=\"https:\/\/agora.xtec.cat\/ceipolivarvell\/wp-content\/uploads\/usu1669\/2026\/04\/LOGO-XXIX-concurs-el-gust-per-la-lectura-transparent-2-1-1.png\"><img loading=\"lazy\" decoding=\"async\" width=\"672\" height=\"391\" src=\"https:\/\/agora.xtec.cat\/ceipolivarvell\/wp-content\/uploads\/usu1669\/2026\/04\/LOGO-XXIX-concurs-el-gust-per-la-lectura-transparent-2-1-1.png\" alt=\"\" class=\"wp-image-3499\" style=\"width:309px;height:auto\" srcset=\"https:\/\/agora.xtec.cat\/ceipolivarvell\/wp-content\/uploads\/usu1669\/2026\/04\/LOGO-XXIX-concurs-el-gust-per-la-lectura-transparent-2-1-1.png 672w, https:\/\/agora.xtec.cat\/ceipolivarvell\/wp-content\/uploads\/usu1669\/2026\/04\/LOGO-XXIX-concurs-el-gust-per-la-lectura-transparent-2-1-1-300x175.png 300w\" sizes=\"auto, (max-width: 672px) 100vw, 672px\" \/><\/a><\/figure>\n<\/div>\n\n\n\n<div class=\"wp-block-column is-layout-flow wp-block-column-is-layout-flow\">\n<figure class=\"wp-block-image aligncenter size-full is-resized\"><a href=\"https:\/\/agora.xtec.cat\/ceipolivarvell\/wp-content\/uploads\/usu1669\/2026\/04\/CMYK-2026-LOGO_Petit-HI-PARTICIPEM.png\"><img loading=\"lazy\" decoding=\"async\" width=\"375\" height=\"375\" src=\"https:\/\/agora.xtec.cat\/ceipolivarvell\/wp-content\/uploads\/usu1669\/2026\/04\/CMYK-2026-LOGO_Petit-HI-PARTICIPEM.png\" alt=\"\" class=\"wp-image-3500\" style=\"width:200px\" srcset=\"https:\/\/agora.xtec.cat\/ceipolivarvell\/wp-content\/uploads\/usu1669\/2026\/04\/CMYK-2026-LOGO_Petit-HI-PARTICIPEM.png 375w, https:\/\/agora.xtec.cat\/ceipolivarvell\/wp-content\/uploads\/usu1669\/2026\/04\/CMYK-2026-LOGO_Petit-HI-PARTICIPEM-300x300.png 300w, https:\/\/agora.xtec.cat\/ceipolivarvell\/wp-content\/uploads\/usu1669\/2026\/04\/CMYK-2026-LOGO_Petit-HI-PARTICIPEM-150x150.png 150w\" sizes=\"auto, (max-width: 375px) 100vw, 375px\" \/><\/a><\/figure>\n<\/div>\n<\/div>\n\n\n\n<p><\/p>\n","protected":false},"excerpt":{"rendered":"<p>Aquest curs els nens i nenes de 1r hem participat al concurs El Gust per la Lectura, que consisteix a llegir un llibre i fer un treball posterior. \u2022 T\u00edtol del treball: L&#8217;altre sopar de por\u2022 Modalitat: A\u2022 Categoria: A1 \u2013 Personatge: monstres\u2022 Llibre: Mart\u00ed, Meritxell i Salom\u00f3, Xavier. Un sopar de por. Cru\u00eflla, 2017\u2022 [&hellip;]<\/p>\n","protected":false},"author":1,"featured_media":0,"parent":0,"menu_order":0,"comment_status":"closed","ping_status":"close","template":"","meta":{"site-sidebar-layout":"default","site-content-layout":"","ast-site-content-layout":"default","site-content-style":"default","site-sidebar-style":"default","ast-global-header-display":"","ast-banner-title-visibility":"","ast-main-header-display":"","ast-hfb-above-header-display":"","ast-hfb-below-header-display":"","ast-hfb-mobile-header-display":"","site-post-title":"","ast-breadcrumbs-content":"","ast-featured-img":"","footer-sml-layout":"","theme-transparent-header-meta":"","adv-header-id-meta":"","stick-header-meta":"","header-above-stick-meta":"","header-main-stick-meta":"","header-below-stick-meta":"","astra-migrate-meta-layouts":"set","ast-page-background-enabled":"default","ast-page-background-meta":{"desktop":{"background-color":"var(--ast-global-color-4)","background-image":"","background-repeat":"repeat","background-position":"center center","background-size":"auto","background-attachment":"scroll","background-type":"","background-media":"","overlay-type":"","overlay-color":"","overlay-opacity":"","overlay-gradient":""},"tablet":{"background-color":"","background-image":"","background-repeat":"repeat","background-position":"center center","background-size":"auto","background-attachment":"scroll","background-type":"","background-media":"","overlay-type":"","overlay-color":"","overlay-opacity":"","overlay-gradient":""},"mobile":{"background-color":"","background-image":"","background-repeat":"repeat","background-position":"center center","background-size":"auto","background-attachment":"scroll","background-type":"","background-media":"","overlay-type":"","overlay-color":"","overlay-opacity":"","overlay-gradient":""}},"ast-content-background-meta":{"desktop":{"background-color":"var(--ast-global-color-5)","background-image":"","background-repeat":"repeat","background-position":"center center","background-size":"auto","background-attachment":"scroll","background-type":"","background-media":"","overlay-type":"","overlay-color":"","overlay-opacity":"","overlay-gradient":""},"tablet":{"background-color":"var(--ast-global-color-5)","background-image":"","background-repeat":"repeat","background-position":"center center","background-size":"auto","background-attachment":"scroll","background-type":"","background-media":"","overlay-type":"","overlay-color":"","overlay-opacity":"","overlay-gradient":""},"mobile":{"background-color":"var(--ast-global-color-5)","background-image":"","background-repeat":"repeat","background-position":"center center","background-size":"auto","background-attachment":"scroll","background-type":"","background-media":"","overlay-type":"","overlay-color":"","overlay-opacity":"","overlay-gradient":""}},"footnotes":""},"class_list":["post-3497","page","type-page","status-publish","hentry"],"post_mailing_queue_ids":[],"_links":{"self":[{"href":"https:\/\/agora.xtec.cat\/ceipolivarvell\/wp-json\/wp\/v2\/pages\/3497","targetHints":{"allow":["GET"]}}],"collection":[{"href":"https:\/\/agora.xtec.cat\/ceipolivarvell\/wp-json\/wp\/v2\/pages"}],"about":[{"href":"https:\/\/agora.xtec.cat\/ceipolivarvell\/wp-json\/wp\/v2\/types\/page"}],"author":[{"embeddable":true,"href":"https:\/\/agora.xtec.cat\/ceipolivarvell\/wp-json\/wp\/v2\/users\/1"}],"replies":[{"embeddable":true,"href":"https:\/\/agora.xtec.cat\/ceipolivarvell\/wp-json\/wp\/v2\/comments?post=3497"}],"version-history":[{"count":6,"href":"https:\/\/agora.xtec.cat\/ceipolivarvell\/wp-json\/wp\/v2\/pages\/3497\/revisions"}],"predecessor-version":[{"id":3522,"href":"https:\/\/agora.xtec.cat\/ceipolivarvell\/wp-json\/wp\/v2\/pages\/3497\/revisions\/3522"}],"wp:attachment":[{"href":"https:\/\/agora.xtec.cat\/ceipolivarvell\/wp-json\/wp\/v2\/media?parent=3497"}],"curies":[{"name":"wp","href":"https:\/\/api.w.org\/{rel}","templated":true}]}}