{"id":2870,"date":"2024-03-13T11:50:10","date_gmt":"2024-03-13T10:50:10","guid":{"rendered":"https:\/\/agora.xtec.cat\/ceipolivarvell\/?page_id=2870"},"modified":"2024-03-13T11:50:10","modified_gmt":"2024-03-13T10:50:10","slug":"biblioteca","status":"publish","type":"page","link":"https:\/\/agora.xtec.cat\/ceipolivarvell\/biblioteca\/","title":{"rendered":"BIBLIOTECA"},"content":{"rendered":"<p>El curs 2021-2022, despr\u00e9s de la pand\u00e8mia, la nostra escola va recuperar l&#8217;espai de la biblioteca, tan necessari i demanat per tota la comunitat educativa. Tamb\u00e9 aquell curs es formava la comissi\u00f3 de biblioteca, la qual s&#8217;encarregaria de catalogar tots els contes i llibres, comprar-ne de nous i\u00a0 farcir tamb\u00e9 de bons volums les biblioteques d&#8217;aula, les quals conviuen amb la biblioteca d&#8217;escola. Tamb\u00e9 s&#8217;encarregaria de dinamitzar-la amb activitats trimestrals.<\/p>\n<p>La nostra escola gaudeix d&#8217;una biblioteca petitona, per\u00f2 molt acollidora on cada cicle dedica com a m\u00ednim una hora setmanal per fer-hi activitats lectores dinamitzades per les mestres.<\/p>\n<p>La biblioteca tamb\u00e9 es converteix en l&#8217;ambient a Educaci\u00f3 Infantil &#8221; El bosc de les paraules&#8221;, on els infants poden consultar contes, jugar amb els titelles i els jocs de taula.<\/p>\n<p>A m\u00e9s a m\u00e9s, s&#8217;hi fan jornades dinamitzades pels mateixos infants, per les mestres o b\u00e9 per persones convidades:<\/p>\n<ul>\n<li>Club de lectura a CM i CS ( amb la col\u00b7laboraci\u00f3 de la biblioteca municipal de Begur i l&#8217;ajuntament de Begur)<\/li>\n<li>Padrins i padrines lectors<\/li>\n<li>L&#8217;hora de conte<\/li>\n<li>Activitats relacionades amb Sant Jordi i el dia del llibre<\/li>\n<\/ul>\n<p>&nbsp;<\/p>\n<p>&nbsp;<\/p>\n<p>&nbsp;<\/p>\n","protected":false},"excerpt":{"rendered":"<p>El curs 2021-2022, despr\u00e9s de la pand\u00e8mia, la nostra escola va recuperar l&#8217;espai de la biblioteca, tan necessari i demanat per tota la comunitat educativa. Tamb\u00e9 aquell curs es formava la comissi\u00f3 de biblioteca, la qual s&#8217;encarregaria de catalogar tots els contes i llibres, comprar-ne de nous i\u00a0 farcir tamb\u00e9 de bons volums les biblioteques [&hellip;]<\/p>\n","protected":false},"author":1,"featured_media":0,"parent":0,"menu_order":0,"comment_status":"closed","ping_status":"closed","template":"page-templates\/side-menu.php","meta":{"site-sidebar-layout":"default","site-content-layout":"","ast-site-content-layout":"","site-content-style":"default","site-sidebar-style":"default","ast-global-header-display":"","ast-banner-title-visibility":"","ast-main-header-display":"","ast-hfb-above-header-display":"","ast-hfb-below-header-display":"","ast-hfb-mobile-header-display":"","site-post-title":"","ast-breadcrumbs-content":"","ast-featured-img":"","footer-sml-layout":"","theme-transparent-header-meta":"","adv-header-id-meta":"","stick-header-meta":"","header-above-stick-meta":"","header-main-stick-meta":"","header-below-stick-meta":"","astra-migrate-meta-layouts":"default","ast-page-background-enabled":"default","ast-page-background-meta":{"desktop":{"background-color":"var(--ast-global-color-4)","background-image":"","background-repeat":"repeat","background-position":"center center","background-size":"auto","background-attachment":"scroll","background-type":"","background-media":"","overlay-type":"","overlay-color":"","overlay-opacity":"","overlay-gradient":""},"tablet":{"background-color":"","background-image":"","background-repeat":"repeat","background-position":"center center","background-size":"auto","background-attachment":"scroll","background-type":"","background-media":"","overlay-type":"","overlay-color":"","overlay-opacity":"","overlay-gradient":""},"mobile":{"background-color":"","background-image":"","background-repeat":"repeat","background-position":"center center","background-size":"auto","background-attachment":"scroll","background-type":"","background-media":"","overlay-type":"","overlay-color":"","overlay-opacity":"","overlay-gradient":""}},"ast-content-background-meta":{"desktop":{"background-color":"var(--ast-global-color-5)","background-image":"","background-repeat":"repeat","background-position":"center center","background-size":"auto","background-attachment":"scroll","background-type":"","background-media":"","overlay-type":"","overlay-color":"","overlay-opacity":"","overlay-gradient":""},"tablet":{"background-color":"var(--ast-global-color-5)","background-image":"","background-repeat":"repeat","background-position":"center center","background-size":"auto","background-attachment":"scroll","background-type":"","background-media":"","overlay-type":"","overlay-color":"","overlay-opacity":"","overlay-gradient":""},"mobile":{"background-color":"var(--ast-global-color-5)","background-image":"","background-repeat":"repeat","background-position":"center center","background-size":"auto","background-attachment":"scroll","background-type":"","background-media":"","overlay-type":"","overlay-color":"","overlay-opacity":"","overlay-gradient":""}},"footnotes":""},"class_list":["post-2870","page","type-page","status-publish","hentry"],"post_mailing_queue_ids":[],"_links":{"self":[{"href":"https:\/\/agora.xtec.cat\/ceipolivarvell\/wp-json\/wp\/v2\/pages\/2870","targetHints":{"allow":["GET"]}}],"collection":[{"href":"https:\/\/agora.xtec.cat\/ceipolivarvell\/wp-json\/wp\/v2\/pages"}],"about":[{"href":"https:\/\/agora.xtec.cat\/ceipolivarvell\/wp-json\/wp\/v2\/types\/page"}],"author":[{"embeddable":true,"href":"https:\/\/agora.xtec.cat\/ceipolivarvell\/wp-json\/wp\/v2\/users\/1"}],"replies":[{"embeddable":true,"href":"https:\/\/agora.xtec.cat\/ceipolivarvell\/wp-json\/wp\/v2\/comments?post=2870"}],"version-history":[{"count":1,"href":"https:\/\/agora.xtec.cat\/ceipolivarvell\/wp-json\/wp\/v2\/pages\/2870\/revisions"}],"predecessor-version":[{"id":2871,"href":"https:\/\/agora.xtec.cat\/ceipolivarvell\/wp-json\/wp\/v2\/pages\/2870\/revisions\/2871"}],"wp:attachment":[{"href":"https:\/\/agora.xtec.cat\/ceipolivarvell\/wp-json\/wp\/v2\/media?parent=2870"}],"curies":[{"name":"wp","href":"https:\/\/api.w.org\/{rel}","templated":true}]}}

<p>El curs 2021-2022, després de la pandèmia, la nostra escola va recuperar l&#8217;espai de la biblioteca, tan necessari i demanat per tota la comunitat educativa. També aquell curs es formava la comissió de biblioteca, la qual s&#8217;encarregaria de catalogar tots els contes i llibres, comprar-ne de nous i  farcir també de bons volums les biblioteques d&#8217;aula, les quals conviuen amb la biblioteca d&#8217;escola. També s&#8217;encarregaria de dinamitzar-la amb activitats trimestrals.</p>
<p>La nostra escola gaudeix d&#8217;una biblioteca petitona, però molt acollidora on cada cicle dedica com a mínim una hora setmanal per fer-hi activitats lectores dinamitzades per les mestres.</p>
<p>La biblioteca també es converteix en l&#8217;ambient a Educació Infantil &#8221; El bosc de les paraules&#8221;, on els infants poden consultar contes, jugar amb els titelles i els jocs de taula.</p>
<p>A més a més, s&#8217;hi fan jornades dinamitzades pels mateixos infants, per les mestres o bé per persones convidades:</p>
<ul>
<li>Club de lectura a CM i CS ( amb la col·laboració de la biblioteca municipal de Begur i l&#8217;ajuntament de Begur)</li>
<li>Padrins i padrines lectors</li>
<li>L&#8217;hora de conte</li>
<li>Activitats relacionades amb Sant Jordi i el dia del llibre</li>
</ul>
<p>&nbsp;</p>
<p>&nbsp;</p>
<p>&nbsp;</p>

<p>El curs 2021-2022, després de la pandèmia, la nostra escola va recuperar l&#8217;espai de la biblioteca, tan necessari i demanat per tota la comunitat educativa. També aquell curs es formava la comissió de biblioteca, la qual s&#8217;encarregaria de catalogar tots els contes i llibres, comprar-ne de nous i  farcir també de bons volums les biblioteques [&hellip;]</p>
