{"id":2657,"date":"2023-02-15T12:29:41","date_gmt":"2023-02-15T11:29:41","guid":{"rendered":"https:\/\/agora.xtec.cat\/ceipolivarvell\/?page_id=2657"},"modified":"2023-02-15T12:32:42","modified_gmt":"2023-02-15T11:32:42","slug":"gep","status":"publish","type":"page","link":"https:\/\/agora.xtec.cat\/ceipolivarvell\/gep\/","title":{"rendered":"GEP"},"content":{"rendered":"<p>El programa Generaci\u00f3 Pluriling\u00fce (GEP) est\u00e0 pensat perqu\u00e8 els alumnes estiguin exposats m\u00e9s temps a les lleng\u00fces estrangeres curriculars i, tamb\u00e9, per acompanyar els centres educatius en el proc\u00e9s de desplegament i consolidaci\u00f3 d&#8217;un projecte ling\u00fc\u00edstic pluriling\u00fce propi.<\/p>\n<p>Aix\u00ed, els seus objectius s\u00f3n:<\/p>\n<ul>\n<li>Millorar el nivell de compet\u00e8ncia en llengua estrangera dels alumnes que hi participen.<\/li>\n<li>Facilitar estrat\u00e8gies organitzatives als centres per planificar la incorporaci\u00f3 progressiva de l&#8217;ensenyament de lleng\u00fces estrangeres curriculars a trav\u00e9s de mat\u00e8ries no ling\u00fc\u00edstiques.<\/li>\n<li>Oferir assessorament metodol\u00f2gic i formaci\u00f3 als professors per tal que incorporin en la seva doc\u00e8ncia estrat\u00e8gies AICLE i d&#8217;aprenentatge basat en projectes (ABP), estrat\u00e8gies d&#8217;intercomprensi\u00f3 i pr\u00e0ctiques diversificades per a la gesti\u00f3 del coneixement en diverses lleng\u00fces.<\/li>\n<li>Promoure la col\u00b7laboraci\u00f3 entre el docent de mat\u00e8ria i l&#8217;especialista de llengua estrangera, i per al desenvolupament de projectes transversals des d&#8217;una concepci\u00f3 de l&#8217;aprenentatge globalitzadora.<\/li>\n<li>Proposar als centres recursos complementaris per incrementar les oportunitats d&#8217;aprenentatge i \u00fas de les lleng\u00fces estrangeres.<\/li>\n<li>Promoure la interacci\u00f3 entre els centres del programa, amb l&#8217;objectiu d&#8217;intercanviar experi\u00e8ncies docents i bones pr\u00e0ctiques educatives per a la promoci\u00f3 de l&#8217;aprenentatge i \u00fas de les lleng\u00fces estrangeres curriculars.<\/li>\n<li>Afavorir la participaci\u00f3 i implicaci\u00f3 de la comunitat educativa en el projecte pluriling\u00fce del centre.<\/li>\n<\/ul>\n","protected":false},"excerpt":{"rendered":"<p>El programa Generaci\u00f3 Pluriling\u00fce (GEP) est\u00e0 pensat perqu\u00e8 els alumnes estiguin exposats m\u00e9s temps a les lleng\u00fces estrangeres curriculars i, tamb\u00e9, per acompanyar els centres educatius en el proc\u00e9s de desplegament i consolidaci\u00f3 d&#8217;un projecte ling\u00fc\u00edstic pluriling\u00fce propi. Aix\u00ed, els seus objectius s\u00f3n: Millorar el nivell de compet\u00e8ncia en llengua estrangera dels alumnes que hi [&hellip;]<\/p>\n","protected":false},"author":1,"featured_media":0,"parent":0,"menu_order":0,"comment_status":"closed","ping_status":"closed","template":"page-templates\/side-menu.php","meta":{"site-sidebar-layout":"default","site-content-layout":"","ast-site-content-layout":"","site-content-style":"default","site-sidebar-style":"default","ast-global-header-display":"","ast-banner-title-visibility":"","ast-main-header-display":"","ast-hfb-above-header-display":"","ast-hfb-below-header-display":"","ast-hfb-mobile-header-display":"","site-post-title":"","ast-breadcrumbs-content":"","ast-featured-img":"","footer-sml-layout":"","theme-transparent-header-meta":"","adv-header-id-meta":"","stick-header-meta":"","header-above-stick-meta":"","header-main-stick-meta":"","header-below-stick-meta":"","astra-migrate-meta-layouts":"default","ast-page-background-enabled":"default","ast-page-background-meta":{"desktop":{"background-color":"var(--ast-global-color-4)","background-image":"","background-repeat":"repeat","background-position":"center center","background-size":"auto","background-attachment":"scroll","background-type":"","background-media":"","overlay-type":"","overlay-color":"","overlay-opacity":"","overlay-gradient":""},"tablet":{"background-color":"","background-image":"","background-repeat":"repeat","background-position":"center center","background-size":"auto","background-attachment":"scroll","background-type":"","background-media":"","overlay-type":"","overlay-color":"","overlay-opacity":"","overlay-gradient":""},"mobile":{"background-color":"","background-image":"","background-repeat":"repeat","background-position":"center center","background-size":"auto","background-attachment":"scroll","background-type":"","background-media":"","overlay-type":"","overlay-color":"","overlay-opacity":"","overlay-gradient":""}},"ast-content-background-meta":{"desktop":{"background-color":"var(--ast-global-color-5)","background-image":"","background-repeat":"repeat","background-position":"center center","background-size":"auto","background-attachment":"scroll","background-type":"","background-media":"","overlay-type":"","overlay-color":"","overlay-opacity":"","overlay-gradient":""},"tablet":{"background-color":"var(--ast-global-color-5)","background-image":"","background-repeat":"repeat","background-position":"center center","background-size":"auto","background-attachment":"scroll","background-type":"","background-media":"","overlay-type":"","overlay-color":"","overlay-opacity":"","overlay-gradient":""},"mobile":{"background-color":"var(--ast-global-color-5)","background-image":"","background-repeat":"repeat","background-position":"center center","background-size":"auto","background-attachment":"scroll","background-type":"","background-media":"","overlay-type":"","overlay-color":"","overlay-opacity":"","overlay-gradient":""}},"footnotes":""},"class_list":["post-2657","page","type-page","status-publish","hentry"],"post_mailing_queue_ids":[],"_links":{"self":[{"href":"https:\/\/agora.xtec.cat\/ceipolivarvell\/wp-json\/wp\/v2\/pages\/2657","targetHints":{"allow":["GET"]}}],"collection":[{"href":"https:\/\/agora.xtec.cat\/ceipolivarvell\/wp-json\/wp\/v2\/pages"}],"about":[{"href":"https:\/\/agora.xtec.cat\/ceipolivarvell\/wp-json\/wp\/v2\/types\/page"}],"author":[{"embeddable":true,"href":"https:\/\/agora.xtec.cat\/ceipolivarvell\/wp-json\/wp\/v2\/users\/1"}],"replies":[{"embeddable":true,"href":"https:\/\/agora.xtec.cat\/ceipolivarvell\/wp-json\/wp\/v2\/comments?post=2657"}],"version-history":[{"count":1,"href":"https:\/\/agora.xtec.cat\/ceipolivarvell\/wp-json\/wp\/v2\/pages\/2657\/revisions"}],"predecessor-version":[{"id":2658,"href":"https:\/\/agora.xtec.cat\/ceipolivarvell\/wp-json\/wp\/v2\/pages\/2657\/revisions\/2658"}],"wp:attachment":[{"href":"https:\/\/agora.xtec.cat\/ceipolivarvell\/wp-json\/wp\/v2\/media?parent=2657"}],"curies":[{"name":"wp","href":"https:\/\/api.w.org\/{rel}","templated":true}]}}

<p>El programa Generació Plurilingüe (GEP) està pensat perquè els alumnes estiguin exposats més temps a les llengües estrangeres curriculars i, també, per acompanyar els centres educatius en el procés de desplegament i consolidació d&#8217;un projecte lingüístic plurilingüe propi.</p>
<p>Així, els seus objectius són:</p>
<ul>
<li>Millorar el nivell de competència en llengua estrangera dels alumnes que hi participen.</li>
<li>Facilitar estratègies organitzatives als centres per planificar la incorporació progressiva de l&#8217;ensenyament de llengües estrangeres curriculars a través de matèries no lingüístiques.</li>
<li>Oferir assessorament metodològic i formació als professors per tal que incorporin en la seva docència estratègies AICLE i d&#8217;aprenentatge basat en projectes (ABP), estratègies d&#8217;intercomprensió i pràctiques diversificades per a la gestió del coneixement en diverses llengües.</li>
<li>Promoure la col·laboració entre el docent de matèria i l&#8217;especialista de llengua estrangera, i per al desenvolupament de projectes transversals des d&#8217;una concepció de l&#8217;aprenentatge globalitzadora.</li>
<li>Proposar als centres recursos complementaris per incrementar les oportunitats d&#8217;aprenentatge i ús de les llengües estrangeres.</li>
<li>Promoure la interacció entre els centres del programa, amb l&#8217;objectiu d&#8217;intercanviar experiències docents i bones pràctiques educatives per a la promoció de l&#8217;aprenentatge i ús de les llengües estrangeres curriculars.</li>
<li>Afavorir la participació i implicació de la comunitat educativa en el projecte plurilingüe del centre.</li>
</ul>

<p>El programa Generació Plurilingüe (GEP) està pensat perquè els alumnes estiguin exposats més temps a les llengües estrangeres curriculars i, també, per acompanyar els centres educatius en el procés de desplegament i consolidació d&#8217;un projecte lingüístic plurilingüe propi. Així, els seus objectius són: Millorar el nivell de competència en llengua estrangera dels alumnes que hi [&hellip;]</p>
