{"id":34,"date":"2014-09-18T12:32:18","date_gmt":"2014-09-18T11:32:18","guid":{"rendered":"http:\/\/agora.xtec.cat\/ceipnarcismonturiol\/?page_id=34"},"modified":"2023-09-20T19:54:19","modified_gmt":"2023-09-20T17:54:19","slug":"oferta-educativa","status":"publish","type":"page","link":"https:\/\/agora.xtec.cat\/ceipnarcismonturiol\/oferta-educativa\/","title":{"rendered":"Oferta educativa"},"content":{"rendered":"<p>La nostra escola \u00e9s un centre p\u00fablic i hi trobem des d\u2019educaci\u00f3 infantil fins a educaci\u00f3 prim\u00e0ria (P3 a 6\u00e8).<br \/>\nActualment hi ha tres cursos d&#8217;Ed. Infantil (P3, P4 i P5) i 6 cursos d&#8217;Ed. Prim\u00e0ria (1r, 2n, 3r, 4t, 5\u00e8, 6\u00e8).<br \/>\nActualment el centre compta amb 245 alumnes, 22 mestres i 4 persones no adscrites que formen part important en el context educatiu.<br \/>\nDins del professorat trobem els especialistes de: m\u00fasica, educaci\u00f3 f\u00edsica, angl\u00e8s (comen\u00e7a a Cicle Superior), franc\u00e8s (comen\u00e7a a Cicle Inicial) i educaci\u00f3 especial. Tamb\u00e9 disposem d&#8217;una persona que fa Aula d&#8217;Acollida per atendre els alumnes nouvinguts.<br \/>\nDes d&#8217;Educaci\u00f3 Infantil els alumnes fan Inform\u00e0tica i assisteixen una hora setmanal a la Biblioteca Escolar.<br \/>\nDisposem tamb\u00e9 d&#8217;una TEI (T\u00e8cnica d&#8217;Educaci\u00f3 Infantil) i una Vetlladora per atendre els alumnes que ho requereixin.<\/p>\n<p>Disposem de menjador escolar (amb productes de proximitat), servei d&#8217;acollida a les 8h i activitats extraescolars (segons el curs se&#8217;n realitzen unes o d&#8217;altres).<\/p>\n","protected":false},"excerpt":{"rendered":"<p>La nostra escola \u00e9s un centre p\u00fablic i hi trobem des d\u2019educaci\u00f3 infantil fins a educaci\u00f3 prim\u00e0ria (P3 a 6\u00e8).<br \/>\nActualment hi ha tres cursos d&#8217;Ed. Infantil (P3, P4 i P5) i 6 cursos d&#8217;Ed. Prim\u00e0ria (1r, 2n, 3r, 4t, 5\u00e8, 6\u00e8).<br \/>\nActualment el centre compta amb&hellip;  <a href=\"https:\/\/agora.xtec.cat\/ceipnarcismonturiol\/oferta-educativa\/\" title=\"Read Oferta educativa\">Llegeix m\u00e9s\u00bb<\/a><\/p>\n","protected":false},"author":1,"featured_media":0,"parent":0,"menu_order":60,"comment_status":"closed","ping_status":"closed","template":"page-templates\/side-menu.php","meta":{"_bbp_topic_count":0,"_bbp_reply_count":0,"_bbp_total_topic_count":0,"_bbp_total_reply_count":0,"_bbp_voice_count":0,"_bbp_anonymous_reply_count":0,"_bbp_topic_count_hidden":0,"_bbp_reply_count_hidden":0,"_bbp_forum_subforum_count":0,"footnotes":""},"class_list":["post-34","page","type-page","status-publish","hentry"],"post_mailing_queue_ids":[],"_links":{"self":[{"href":"https:\/\/agora.xtec.cat\/ceipnarcismonturiol\/wp-json\/wp\/v2\/pages\/34","targetHints":{"allow":["GET"]}}],"collection":[{"href":"https:\/\/agora.xtec.cat\/ceipnarcismonturiol\/wp-json\/wp\/v2\/pages"}],"about":[{"href":"https:\/\/agora.xtec.cat\/ceipnarcismonturiol\/wp-json\/wp\/v2\/types\/page"}],"author":[{"embeddable":true,"href":"https:\/\/agora.xtec.cat\/ceipnarcismonturiol\/wp-json\/wp\/v2\/users\/1"}],"replies":[{"embeddable":true,"href":"https:\/\/agora.xtec.cat\/ceipnarcismonturiol\/wp-json\/wp\/v2\/comments?post=34"}],"version-history":[{"count":4,"href":"https:\/\/agora.xtec.cat\/ceipnarcismonturiol\/wp-json\/wp\/v2\/pages\/34\/revisions"}],"predecessor-version":[{"id":1454,"href":"https:\/\/agora.xtec.cat\/ceipnarcismonturiol\/wp-json\/wp\/v2\/pages\/34\/revisions\/1454"}],"wp:attachment":[{"href":"https:\/\/agora.xtec.cat\/ceipnarcismonturiol\/wp-json\/wp\/v2\/media?parent=34"}],"curies":[{"name":"wp","href":"https:\/\/api.w.org\/{rel}","templated":true}]}}