{"id":28,"date":"2014-09-18T12:29:35","date_gmt":"2014-09-18T11:29:35","guid":{"rendered":"http:\/\/agora.xtec.cat\/ceipnarcismonturiol\/?page_id=28"},"modified":"2022-02-16T22:35:46","modified_gmt":"2022-02-16T21:35:46","slug":"consell-escolar","status":"publish","type":"page","link":"https:\/\/agora.xtec.cat\/ceipnarcismonturiol\/consell-escolar\/","title":{"rendered":"Consell Escolar"},"content":{"rendered":"<h2>Membres del Consell Escolar<\/h2>\n<p>Despr\u00e9s de les eleccions del sector pares\/mares que es va celebrar el dilluns dia 26 de novembre de 2021 i del sector mestres, que es va fer el dia 27 de novembre del 2021, la composici\u00f3 del nostre Consell Escolar queda de la seg\u00fcent forma:<\/p>\n<ul>\n<li><span style=\"color: #0000ff;\">Directora\/Presidenta:<\/span> Anna Massot Font<\/li>\n<li><span style=\"color: #0000ff;\">Cap d&#8217;Estudis:<\/span> Esther P\u00e9rez Poch<\/li>\n<li><span style=\"color: #0000ff;\">Representant de l&#8217;Ajuntament<\/span>: Marc Dan\u00e9s Zurdo<\/li>\n<li><span style=\"color: #0000ff;\">Representants del professorat:<\/span> Neus Caritg Mundet, S\u00f2nia Font Juan, Jordi Noguer Mart\u00edn, Lourdes Portas Vilella, Cristina Vila Quintana.<\/li>\n<li><span style=\"color: #0000ff;\">Representants dels pares\/mares:<\/span> Soumaya Aghbalou, Margarita Fuentes Alsina, Antonio Mart\u00ednez Mart\u00ednez, N\u00faria P\u00e0ramo Barbar\u00e0.<\/li>\n<li><span style=\"color: #0000ff;\">Representant de l&#8217;AFA:<\/span> Carlos Valero Quiles.<\/li>\n<li><span style=\"color: #0000ff;\">Representant del PAS:<\/span> Cristina Gimbernat Garriga.<\/li>\n<li><span style=\"color: #0000ff;\">Secret\u00e0ria:<\/span> Assumpta Cort\u00e9s Pelegr\u00edn.<\/li>\n<\/ul>\n","protected":false},"excerpt":{"rendered":"<p>Membres del Consell Escolar<br \/>\nDespr\u00e9s de les eleccions del sector pares\/mares que es va celebrar el dilluns dia 26 de novembre de 2021 i del sector mestres, que es va fer el dia 27 de novembre del 2021, la composici\u00f3 del nostre Consell Escolar queda de&hellip;  <a href=\"https:\/\/agora.xtec.cat\/ceipnarcismonturiol\/consell-escolar\/\" title=\"Read Consell Escolar\">Llegeix m\u00e9s\u00bb<\/a><\/p>\n","protected":false},"author":1,"featured_media":0,"parent":0,"menu_order":30,"comment_status":"closed","ping_status":"closed","template":"page-templates\/side-menu.php","meta":{"_bbp_topic_count":0,"_bbp_reply_count":0,"_bbp_total_topic_count":0,"_bbp_total_reply_count":0,"_bbp_voice_count":0,"_bbp_anonymous_reply_count":0,"_bbp_topic_count_hidden":0,"_bbp_reply_count_hidden":0,"_bbp_forum_subforum_count":0,"footnotes":""},"class_list":["post-28","page","type-page","status-publish","hentry"],"post_mailing_queue_ids":[],"_links":{"self":[{"href":"https:\/\/agora.xtec.cat\/ceipnarcismonturiol\/wp-json\/wp\/v2\/pages\/28","targetHints":{"allow":["GET"]}}],"collection":[{"href":"https:\/\/agora.xtec.cat\/ceipnarcismonturiol\/wp-json\/wp\/v2\/pages"}],"about":[{"href":"https:\/\/agora.xtec.cat\/ceipnarcismonturiol\/wp-json\/wp\/v2\/types\/page"}],"author":[{"embeddable":true,"href":"https:\/\/agora.xtec.cat\/ceipnarcismonturiol\/wp-json\/wp\/v2\/users\/1"}],"replies":[{"embeddable":true,"href":"https:\/\/agora.xtec.cat\/ceipnarcismonturiol\/wp-json\/wp\/v2\/comments?post=28"}],"version-history":[{"count":3,"href":"https:\/\/agora.xtec.cat\/ceipnarcismonturiol\/wp-json\/wp\/v2\/pages\/28\/revisions"}],"predecessor-version":[{"id":1060,"href":"https:\/\/agora.xtec.cat\/ceipnarcismonturiol\/wp-json\/wp\/v2\/pages\/28\/revisions\/1060"}],"wp:attachment":[{"href":"https:\/\/agora.xtec.cat\/ceipnarcismonturiol\/wp-json\/wp\/v2\/media?parent=28"}],"curies":[{"name":"wp","href":"https:\/\/api.w.org\/{rel}","templated":true}]}}

<h2>Membres del Consell Escolar</h2>
<p>Després de les eleccions del sector pares/mares que es va celebrar el dilluns dia 26 de novembre de 2021 i del sector mestres, que es va fer el dia 27 de novembre del 2021, la composició del nostre Consell Escolar queda de la següent forma:</p>
<ul>
<li><span style="color: #0000ff;">Directora/Presidenta:</span> Anna Massot Font</li>
<li><span style="color: #0000ff;">Cap d&#8217;Estudis:</span> Esther Pérez Poch</li>
<li><span style="color: #0000ff;">Representant de l&#8217;Ajuntament</span>: Marc Danés Zurdo</li>
<li><span style="color: #0000ff;">Representants del professorat:</span> Neus Caritg Mundet, Sònia Font Juan, Jordi Noguer Martín, Lourdes Portas Vilella, Cristina Vila Quintana.</li>
<li><span style="color: #0000ff;">Representants dels pares/mares:</span> Soumaya Aghbalou, Margarita Fuentes Alsina, Antonio Martínez Martínez, Núria Pàramo Barbarà.</li>
<li><span style="color: #0000ff;">Representant de l&#8217;AFA:</span> Carlos Valero Quiles.</li>
<li><span style="color: #0000ff;">Representant del PAS:</span> Cristina Gimbernat Garriga.</li>
<li><span style="color: #0000ff;">Secretària:</span> Assumpta Cortés Pelegrín.</li>
</ul>

<p>Membres del Consell Escolar<br />
Després de les eleccions del sector pares/mares que es va celebrar el dilluns dia 26 de novembre de 2021 i del sector mestres, que es va fer el dia 27 de novembre del 2021, la composició del nostre Consell Escolar queda de&hellip;  <a href="https://agora.xtec.cat/ceipnarcismonturiol/consell-escolar/" title="Read Consell Escolar">Llegeix més»</a></p>
