{"id":26,"date":"2014-09-18T12:24:32","date_gmt":"2014-09-18T11:24:32","guid":{"rendered":"http:\/\/agora.xtec.cat\/ceipnarcismonturiol\/?page_id=26"},"modified":"2021-11-10T13:22:14","modified_gmt":"2021-11-10T12:22:14","slug":"historia","status":"publish","type":"page","link":"https:\/\/agora.xtec.cat\/ceipnarcismonturiol\/historia\/","title":{"rendered":"Hist\u00f2ria"},"content":{"rendered":"<p>L&#8217;escola Narc\u00eds\u00a0 Monturiol va n\u00e9ixer l&#8217;any 1936 amb el nom de Sacco Vanzetti, per\u00f2 poc despr\u00e9s, degut a l&#8217;inici de la Guerra Civil, va deixar de funcionar com escola i es va convertir en caserna militar. A l&#8217;acabar la guerra va tornar a funcionar com escola amb el nom de l&#8217;inventor empordan\u00e8s &#8220;Narc\u00eds Monturiol&#8221; i anys despr\u00e9s (aproximadament a l&#8217;any 1972) es construeix una nova planta.<\/p>\n<p>Del curs 1993-1994 al curs 1995-1996 es va portar a terme una remodelaci\u00f3 de l&#8217;edifici que havia quedat obsolet i massificat. Durant tres cursos es va traslladar tota l&#8217;escola a l&#8217;edifici de la nova escola &#8220;Els Grecs&#8221;.<\/p>\n<p>El curs 1996-97 es va inaugurar la nova escola, per\u00f2 conservant la fa\u00e7ana antiga i passant de ser una escola de doble l\u00ednia a una escola m\u00e9s petita d&#8217;una l\u00ednia i escaig.<\/p>\n<p>La nostra escola, al ser la m\u00e9s antiga de Roses i comptar amb una situaci\u00f3 privilegiada (al mig del poble i davant del mar) fa que sigui triada per m\u00e9s fam\u00edlies que places es poden oferir i aix\u00f2, juntament amb l&#8217;elevat creixemnt demogr\u00e0fic i la forta immigraci\u00f3 que pateix Roses des de fa temps, ha fet que les escoles del municipi estiguin sobresaturades i se n&#8217;hagi hagut de crear una de nova.<\/p>\n<p><iframe loading=\"lazy\" title=\"hist\u00f2ria de l&#039;escola Narc\u00eds Monturiol\" width=\"500\" height=\"375\" src=\"https:\/\/www.youtube.com\/embed\/B1Rwd63L6-c?feature=oembed\" frameborder=\"0\" allow=\"accelerometer; autoplay; clipboard-write; encrypted-media; gyroscope; picture-in-picture; web-share\" referrerpolicy=\"strict-origin-when-cross-origin\" allowfullscreen><\/iframe><\/p>\n","protected":false},"excerpt":{"rendered":"<p>L&#8217;escola Narc\u00eds\u00a0 Monturiol va n\u00e9ixer l&#8217;any 1936 amb el nom de Sacco Vanzetti, per\u00f2 poc despr\u00e9s, degut a l&#8217;inici de la Guerra Civil, va deixar de funcionar com escola i es va convertir en caserna militar. A l&#8217;acabar la guerra va tornar a funcionar com&hellip;  <a href=\"https:\/\/agora.xtec.cat\/ceipnarcismonturiol\/historia\/\" title=\"Read Hist\u00f2ria\">Llegeix m\u00e9s\u00bb<\/a><\/p>\n","protected":false},"author":1,"featured_media":0,"parent":0,"menu_order":20,"comment_status":"closed","ping_status":"closed","template":"page-templates\/side-menu.php","meta":{"_bbp_topic_count":0,"_bbp_reply_count":0,"_bbp_total_topic_count":0,"_bbp_total_reply_count":0,"_bbp_voice_count":0,"_bbp_anonymous_reply_count":0,"_bbp_topic_count_hidden":0,"_bbp_reply_count_hidden":0,"_bbp_forum_subforum_count":0,"footnotes":""},"class_list":["post-26","page","type-page","status-publish","hentry"],"post_mailing_queue_ids":[],"_links":{"self":[{"href":"https:\/\/agora.xtec.cat\/ceipnarcismonturiol\/wp-json\/wp\/v2\/pages\/26","targetHints":{"allow":["GET"]}}],"collection":[{"href":"https:\/\/agora.xtec.cat\/ceipnarcismonturiol\/wp-json\/wp\/v2\/pages"}],"about":[{"href":"https:\/\/agora.xtec.cat\/ceipnarcismonturiol\/wp-json\/wp\/v2\/types\/page"}],"author":[{"embeddable":true,"href":"https:\/\/agora.xtec.cat\/ceipnarcismonturiol\/wp-json\/wp\/v2\/users\/1"}],"replies":[{"embeddable":true,"href":"https:\/\/agora.xtec.cat\/ceipnarcismonturiol\/wp-json\/wp\/v2\/comments?post=26"}],"version-history":[{"count":3,"href":"https:\/\/agora.xtec.cat\/ceipnarcismonturiol\/wp-json\/wp\/v2\/pages\/26\/revisions"}],"predecessor-version":[{"id":828,"href":"https:\/\/agora.xtec.cat\/ceipnarcismonturiol\/wp-json\/wp\/v2\/pages\/26\/revisions\/828"}],"wp:attachment":[{"href":"https:\/\/agora.xtec.cat\/ceipnarcismonturiol\/wp-json\/wp\/v2\/media?parent=26"}],"curies":[{"name":"wp","href":"https:\/\/api.w.org\/{rel}","templated":true}]}}

Història

<p>L&#8217;escola Narcís  Monturiol va néixer l&#8217;any 1936 amb el nom de Sacco Vanzetti, però poc després, degut a l&#8217;inici de la Guerra Civil, va deixar de funcionar com escola i es va convertir en caserna militar. A l&#8217;acabar la guerra va tornar a funcionar com escola amb el nom de l&#8217;inventor empordanès &#8220;Narcís Monturiol&#8221; i anys després (aproximadament a l&#8217;any 1972) es construeix una nova planta.</p>
<p>Del curs 1993-1994 al curs 1995-1996 es va portar a terme una remodelació de l&#8217;edifici que havia quedat obsolet i massificat. Durant tres cursos es va traslladar tota l&#8217;escola a l&#8217;edifici de la nova escola &#8220;Els Grecs&#8221;.</p>
<p>El curs 1996-97 es va inaugurar la nova escola, però conservant la façana antiga i passant de ser una escola de doble línia a una escola més petita d&#8217;una línia i escaig.</p>
<p>La nostra escola, al ser la més antiga de Roses i comptar amb una situació privilegiada (al mig del poble i davant del mar) fa que sigui triada per més famílies que places es poden oferir i això, juntament amb l&#8217;elevat creixemnt demogràfic i la forta immigració que pateix Roses des de fa temps, ha fet que les escoles del municipi estiguin sobresaturades i se n&#8217;hagi hagut de crear una de nova.</p>
<p><iframe loading="lazy" title="història de l&#039;escola Narcís Monturiol" width="500" height="375" src="https://www.youtube.com/embed/B1Rwd63L6-c?feature=oembed" frameborder="0" allow="accelerometer; autoplay; clipboard-write; encrypted-media; gyroscope; picture-in-picture; web-share" referrerpolicy="strict-origin-when-cross-origin" allowfullscreen></iframe></p>

<p>L&#8217;escola Narcís  Monturiol va néixer l&#8217;any 1936 amb el nom de Sacco Vanzetti, però poc després, degut a l&#8217;inici de la Guerra Civil, va deixar de funcionar com escola i es va convertir en caserna militar. A l&#8217;acabar la guerra va tornar a funcionar com&hellip;  <a href="https://agora.xtec.cat/ceipnarcismonturiol/historia/" title="Read Història">Llegeix més»</a></p>
