{"id":1839,"date":"2024-02-26T16:19:54","date_gmt":"2024-02-26T15:19:54","guid":{"rendered":"https:\/\/agora.xtec.cat\/ceipnarcismonturiol\/?page_id=1839"},"modified":"2024-05-03T19:58:58","modified_gmt":"2024-05-03T17:58:58","slug":"preinscripcio-curs-2024-2025","status":"publish","type":"page","link":"https:\/\/agora.xtec.cat\/ceipnarcismonturiol\/preinscripcio-curs-2024-2025\/","title":{"rendered":"Preinscripci\u00f3 i Matr\u00edcula Curs 2024-2025"},"content":{"rendered":"<p>Fam\u00edlies aqu\u00ed teniu tota la documentaci\u00f3 necess\u00e0ria que cal tenir present per a la preinscripci\u00f3 2023-2024:<\/p>\n<ul>\n<li>Informaci\u00f3 per la <a href=\"https:\/\/preinscripcio.gencat.cat\/ca\/estudis\/infantil-3-6\/inici\/\">preinscripci\u00f3 a l&#8217;Educaci\u00f3 Infantil<\/a> (3 a 6 anys)<\/li>\n<li>Informaci\u00f3 per la <a href=\"https:\/\/preinscripcio.gencat.cat\/ca\/estudis\/primaria\/inici\/\">preinscripci\u00f3 a l&#8217;Educaci\u00f3 Prim\u00e0ria<\/a> (6 a 12 anys)<\/li>\n<\/ul>\n<p><a href=\"https:\/\/agora.xtec.cat\/ceipnarcismonturiol\/wp-content\/uploads\/usu821\/2024\/02\/2015209.pdf\">Resoluci\u00f3 de la normativa que s&#8217;aplica en l&#8217;admissi\u00f3 d&#8217;alumnes als centres del Servei d&#8217;Educaci\u00f3 de Catalunya: preinscripci\u00f3 i matr\u00edcula 2024<\/a><\/p>\n<p>Publicaci\u00f3 de la llista de sol\u00b7licituds definitiva que han demanat el centre i l&#8217;ensenyament en primera petici\u00f3 ordenada a 02\/05\/2024<\/p>\n<p><a href=\"https:\/\/agora.xtec.cat\/ceipnarcismonturiol\/wp-content\/uploads\/usu821\/2024\/05\/INFORME_BAREM_DEFINITIU_BAREM.pdf\">Informe barem definitiu<\/a><\/p>\n","protected":false},"excerpt":{"rendered":"<p>Fam\u00edlies aqu\u00ed teniu tota la documentaci\u00f3 necess\u00e0ria que cal tenir present per a la preinscripci\u00f3 2023-2024:<\/p>\n<ul>\n<li>Informaci\u00f3 per la <a href=\"https:\/\/preinscripcio.gencat.cat\/ca\/estudis\/infantil-3-6\/inici\/\">preinscripci\u00f3 a l&#8217;Educaci\u00f3 Infantil<\/a> (3 a 6 anys)<\/li>\n<li>Informaci\u00f3 per la <a href=\"https:\/\/preinscripcio.gencat.cat\/ca\/estudis\/primaria\/inici\/\">preinscripci\u00f3 a l&#8217;Educaci\u00f3 Prim\u00e0ria<\/a> (6 a 12 anys)<\/li>\n<\/ul>\n<p><a href=\"https:\/\/agora.xtec.cat\/ceipnarcismonturiol\/wp-content\/uploads\/usu821\/2024\/02\/2015209.pdf\">Resoluci\u00f3 de la normativa que s&#8217;aplica en&hellip;  <a href=\"https:\/\/agora.xtec.cat\/ceipnarcismonturiol\/preinscripcio-curs-2024-2025\/\" title=\"Read Preinscripci\u00f3 i Matr\u00edcula Curs 2024-2025\">Llegeix m\u00e9s\u00bb<\/a><\/p>\n","protected":false},"author":1,"featured_media":0,"parent":0,"menu_order":0,"comment_status":"closed","ping_status":"closed","template":"","meta":{"_bbp_topic_count":0,"_bbp_reply_count":0,"_bbp_total_topic_count":0,"_bbp_total_reply_count":0,"_bbp_voice_count":0,"_bbp_anonymous_reply_count":0,"_bbp_topic_count_hidden":0,"_bbp_reply_count_hidden":0,"_bbp_forum_subforum_count":0,"footnotes":""},"class_list":["post-1839","page","type-page","status-publish","hentry"],"post_mailing_queue_ids":[],"_links":{"self":[{"href":"https:\/\/agora.xtec.cat\/ceipnarcismonturiol\/wp-json\/wp\/v2\/pages\/1839","targetHints":{"allow":["GET"]}}],"collection":[{"href":"https:\/\/agora.xtec.cat\/ceipnarcismonturiol\/wp-json\/wp\/v2\/pages"}],"about":[{"href":"https:\/\/agora.xtec.cat\/ceipnarcismonturiol\/wp-json\/wp\/v2\/types\/page"}],"author":[{"embeddable":true,"href":"https:\/\/agora.xtec.cat\/ceipnarcismonturiol\/wp-json\/wp\/v2\/users\/1"}],"replies":[{"embeddable":true,"href":"https:\/\/agora.xtec.cat\/ceipnarcismonturiol\/wp-json\/wp\/v2\/comments?post=1839"}],"version-history":[{"count":5,"href":"https:\/\/agora.xtec.cat\/ceipnarcismonturiol\/wp-json\/wp\/v2\/pages\/1839\/revisions"}],"predecessor-version":[{"id":2062,"href":"https:\/\/agora.xtec.cat\/ceipnarcismonturiol\/wp-json\/wp\/v2\/pages\/1839\/revisions\/2062"}],"wp:attachment":[{"href":"https:\/\/agora.xtec.cat\/ceipnarcismonturiol\/wp-json\/wp\/v2\/media?parent=1839"}],"curies":[{"name":"wp","href":"https:\/\/api.w.org\/{rel}","templated":true}]}}

Preinscripció i Matrícula Curs 2024-2025

<p>Famílies aquí teniu tota la documentació necessària que cal tenir present per a la preinscripció 2023-2024:</p>
<ul>
<li>Informació per la <a href="https://preinscripcio.gencat.cat/ca/estudis/infantil-3-6/inici/">preinscripció a l&#8217;Educació Infantil</a> (3 a 6 anys)</li>
<li>Informació per la <a href="https://preinscripcio.gencat.cat/ca/estudis/primaria/inici/">preinscripció a l&#8217;Educació Primària</a> (6 a 12 anys)</li>
</ul>
<p><a href="https://agora.xtec.cat/ceipnarcismonturiol/wp-content/uploads/usu821/2024/02/2015209.pdf">Resolució de la normativa que s&#8217;aplica en l&#8217;admissió d&#8217;alumnes als centres del Servei d&#8217;Educació de Catalunya: preinscripció i matrícula 2024</a></p>
<p>Publicació de la llista de sol·licituds definitiva que han demanat el centre i l&#8217;ensenyament en primera petició ordenada a 02/05/2024</p>
<p><a href="https://agora.xtec.cat/ceipnarcismonturiol/wp-content/uploads/usu821/2024/05/INFORME_BAREM_DEFINITIU_BAREM.pdf">Informe barem definitiu</a></p>

<p>Famílies aquí teniu tota la documentació necessària que cal tenir present per a la preinscripció 2023-2024:</p>
<ul>
<li>Informació per la <a href="https://preinscripcio.gencat.cat/ca/estudis/infantil-3-6/inici/">preinscripció a l&#8217;Educació Infantil</a> (3 a 6 anys)</li>
<li>Informació per la <a href="https://preinscripcio.gencat.cat/ca/estudis/primaria/inici/">preinscripció a l&#8217;Educació Primària</a> (6 a 12 anys)</li>
</ul>
<p><a href="https://agora.xtec.cat/ceipnarcismonturiol/wp-content/uploads/usu821/2024/02/2015209.pdf">Resolució de la normativa que s&#8217;aplica en&hellip;  <a href="https://agora.xtec.cat/ceipnarcismonturiol/preinscripcio-curs-2024-2025/" title="Read Preinscripció i Matrícula Curs 2024-2025">Llegeix més»</a></p>
