{"id":5374,"date":"2024-11-06T13:15:24","date_gmt":"2024-11-06T12:15:24","guid":{"rendered":"https:\/\/agora.xtec.cat\/ceipnapoleosoliva\/?page_id=5374"},"modified":"2024-11-06T13:54:02","modified_gmt":"2024-11-06T12:54:02","slug":"esport-blau","status":"publish","type":"page","link":"https:\/\/agora.xtec.cat\/ceipnapoleosoliva\/programes-escolars\/esport-blau\/","title":{"rendered":"Esport Blau"},"content":{"rendered":"<p>L\u2019Esport Blau Escolar \u00e9s un programa pioner a l\u2019Estat -impulsat a l\u2019any 2017 per la Federaci\u00f3 Catalana de Vela, la secretaria general de l&#8217;Esport, el departament d&#8217;educaci\u00f3 de la Generalitat i els Consells Esportius de Catalunya- que t\u00e9 com a objectiu formar molt m\u00e9s que navegants, persones, convertint el trajecte de l&#8217;educaci\u00f3 en una apassionant travessia. El respecte al medi i a les nostres arrels, els h\u00e0bits saludables, el treball en equip i l&#8217;amor pel mar esdevenen molt m\u00e9s que valors, els ciments de tota una vida.<br \/>\nAquest programa combina educaci\u00f3 i esport, i proposa una activitat de formaci\u00f3 poliesportiva en l\u2019esport de la vela integrada dintre de l\u2019assignatura d\u2019Educaci\u00f3 F\u00edsica dels alumnes de 5\u00e8 de prim\u00e0ria dels Centres d\u2019Ensenyament del litoral catal\u00e0.<iframe loading=\"lazy\" title=\"YouTube video player\" src=\"https:\/\/www.youtube.com\/embed\/EOz2xqKl8u8?si=PLbqmP-OyTGTQogF\" width=\"560\" height=\"315\" frameborder=\"0\" allowfullscreen=\"allowfullscreen\"><\/iframe><\/p>\n","protected":false},"excerpt":{"rendered":"<p>L\u2019Esport Blau Escolar \u00e9s un programa pioner a l\u2019Estat -impulsat a l\u2019any 2017 per la Federaci\u00f3 Catalana de Vela, la secretaria general de l&#8217;Esport, el departament d&#8217;educaci\u00f3 de la Generalitat i els Consells Esportius de Catalunya- que t\u00e9 com a objectiu formar molt m\u00e9s que&hellip;  <a href=\"https:\/\/agora.xtec.cat\/ceipnapoleosoliva\/programes-escolars\/esport-blau\/\" title=\"Read Esport Blau\">Llegeix m\u00e9s\u00bb<\/a><\/p>\n","protected":false},"author":1,"featured_media":0,"parent":5390,"menu_order":0,"comment_status":"closed","ping_status":"closed","template":"page-templates\/side-menu.php","meta":{"_bbp_topic_count":0,"_bbp_reply_count":0,"_bbp_total_topic_count":0,"_bbp_total_reply_count":0,"_bbp_voice_count":0,"_bbp_anonymous_reply_count":0,"_bbp_topic_count_hidden":0,"_bbp_reply_count_hidden":0,"_bbp_forum_subforum_count":0,"footnotes":""},"class_list":["post-5374","page","type-page","status-publish","hentry"],"post_mailing_queue_ids":[],"_links":{"self":[{"href":"https:\/\/agora.xtec.cat\/ceipnapoleosoliva\/wp-json\/wp\/v2\/pages\/5374","targetHints":{"allow":["GET"]}}],"collection":[{"href":"https:\/\/agora.xtec.cat\/ceipnapoleosoliva\/wp-json\/wp\/v2\/pages"}],"about":[{"href":"https:\/\/agora.xtec.cat\/ceipnapoleosoliva\/wp-json\/wp\/v2\/types\/page"}],"author":[{"embeddable":true,"href":"https:\/\/agora.xtec.cat\/ceipnapoleosoliva\/wp-json\/wp\/v2\/users\/1"}],"replies":[{"embeddable":true,"href":"https:\/\/agora.xtec.cat\/ceipnapoleosoliva\/wp-json\/wp\/v2\/comments?post=5374"}],"version-history":[{"count":2,"href":"https:\/\/agora.xtec.cat\/ceipnapoleosoliva\/wp-json\/wp\/v2\/pages\/5374\/revisions"}],"predecessor-version":[{"id":5399,"href":"https:\/\/agora.xtec.cat\/ceipnapoleosoliva\/wp-json\/wp\/v2\/pages\/5374\/revisions\/5399"}],"up":[{"embeddable":true,"href":"https:\/\/agora.xtec.cat\/ceipnapoleosoliva\/wp-json\/wp\/v2\/pages\/5390"}],"wp:attachment":[{"href":"https:\/\/agora.xtec.cat\/ceipnapoleosoliva\/wp-json\/wp\/v2\/media?parent=5374"}],"curies":[{"name":"wp","href":"https:\/\/api.w.org\/{rel}","templated":true}]}}