{"id":7014,"date":"2024-03-06T13:50:50","date_gmt":"2024-03-06T12:50:50","guid":{"rendered":"https:\/\/agora.xtec.cat\/ceipnadal\/?page_id=7014"},"modified":"2026-04-15T12:24:01","modified_gmt":"2026-04-15T10:24:01","slug":"preinscripcio-24-25","status":"publish","type":"page","link":"https:\/\/agora.xtec.cat\/ceipnadal\/preinscripcio-24-25\/","title":{"rendered":"PREINSCRIPCI\u00d3 CURS 2026\/2027"},"content":{"rendered":"<h4><span style=\"color: #000000;\">Aqu\u00ed trobareu tota la informaci\u00f3 referent a la preinscripci\u00f3 i matr\u00edcula del curs 2026\/2027.<\/span><\/h4>\n<h5><\/h5>\n<table style=\"border-collapse: collapse; width: 100%;\">\n<tbody>\n<tr>\n<td style=\"width: 60.9167%;\">\n<h5><a href=\"https:\/\/preinscripcio.gencat.cat\/ca\/inici\" target=\"_blank\" rel=\"noopener\"><strong>Informaci\u00f3 Departament d&#8217;Educaci\u00f3<\/strong><\/a><br \/>\n<a href=\"https:\/\/www.santfeliu.cat\/common\/util\/blank.faces?xmid=32208\" target=\"_blank\" rel=\"noopener\"><strong>Informaci\u00f3 Ajuntament<\/strong><\/a><br \/>\n<a href=\"https:\/\/preinscripcio.gencat.cat\/ca\/estudis\/infantil-3-6\/informat\/calendari\/\" target=\"_blank\" rel=\"noopener\"><strong>Calendari preinscripci\u00f3<\/strong><\/a><br \/>\n<strong><a href=\"https:\/\/agora.xtec.cat\/ceipnadal\/wp-content\/uploads\/usu2021\/2026\/03\/INFORME_OFERTA_OME_INFORME_OFERTA.pdf\" target=\"_blank\" rel=\"noopener\">Oferta inicial de places<\/a> <em>(3 de mar\u00e7)<br \/>\n<\/em><\/strong><em>Presentaci\u00f3 de sol\u00b7licituds (del 4 al 18 de mar\u00e7)<\/em><br \/>\n<em>Presentaci\u00f3 de documentaci\u00f3 (fins al 19 de mar\u00e7)<\/em><br \/>\n<strong><a href=\"https:\/\/agora.xtec.cat\/ceipnadal\/wp-content\/uploads\/usu2021\/2026\/04\/INFORME_BAREM_PROVISIONAL_BAREM-3.pdf\" target=\"_blank\" rel=\"noopener\">Publicaci\u00f3 llista amb puntuaci\u00f3 provisional<\/a> <em>(15 d&#8217;abril)<\/em><\/strong><br \/>\n<strong>Presentaci\u00f3 de reclamacions <em>(del 15 al 20 d&#8217;abril)<\/em><\/strong><br \/>\n<strong>Publicaci\u00f3 llista amb puntuaci\u00f3, resoltes les reclamacions <em>(23 d&#8217;abril)<br \/>\n<\/em><\/strong><strong>Sorteig n\u00famero desempat <em>(28 d&#8217;abril)<\/em><\/strong><br \/>\n<strong>Publicaci\u00f3 llista ordenada <em>(29 d&#8217;abril)<\/em><\/strong><br \/>\n<strong>Ampliaci\u00f3 peticions -alumnes NEE B- <em>(13 i 14 de maig)<\/em><\/strong><br \/>\n<strong>Ampliaci\u00f3 peticions -alumnes ordinaris- <em>(de l&#8217;1 al 3 de juny)<\/em><\/strong><br \/>\n<strong>Publicaci\u00f3 oferta final <em>(10 de juny)<\/em><\/strong><br \/>\n<strong>Publicaci\u00f3 llista d&#8217;admesos i llista d&#8217;espera\u00a0 <em>(10 de juny)<\/em><\/strong><br \/>\n<strong>Per\u00edode de matriculaci\u00f3 <em>(del 22 al 30 de juny)<\/em><\/strong><br \/>\n<strong>Gesti\u00f3 de la llista d&#8217;espera <em>(de l&#8217;1 de juliol al 4 de setembre)<\/em><\/strong><\/h5>\n<h5><strong><em>\u00a0<\/em><\/strong><\/h5>\n<\/td>\n<td style=\"width: 39.0833%;\"><img loading=\"lazy\" decoding=\"async\" class=\"wp-image-8464 aligncenter\" src=\"https:\/\/agora.xtec.cat\/ceipnadal\/wp-content\/uploads\/usu2021\/2026\/02\/preinscripcio2627.jpg\" alt=\"\" width=\"431\" height=\"296\" srcset=\"https:\/\/agora.xtec.cat\/ceipnadal\/wp-content\/uploads\/usu2021\/2026\/02\/preinscripcio2627.jpg 462w, https:\/\/agora.xtec.cat\/ceipnadal\/wp-content\/uploads\/usu2021\/2026\/02\/preinscripcio2627-300x206.jpg 300w\" sizes=\"auto, (max-width: 431px) 100vw, 431px\" \/><\/td>\n<\/tr>\n<\/tbody>\n<\/table>\n<h5><\/h5>\n","protected":false},"excerpt":{"rendered":"<p>Aqu\u00ed trobareu tota la informaci\u00f3 referent a la preinscripci\u00f3 i matr\u00edcula del curs 2026\/2027. Informaci\u00f3 Departament d&#8217;Educaci\u00f3 Informaci\u00f3 Ajuntament Calendari preinscripci\u00f3 Oferta inicial de places (3 de mar\u00e7) Presentaci\u00f3 de sol\u00b7licituds (del 4 al 18 de mar\u00e7) Presentaci\u00f3 de documentaci\u00f3 (fins al 19 de mar\u00e7) Publicaci\u00f3 llista amb puntuaci\u00f3 provisional (15 d&#8217;abril) Presentaci\u00f3 de reclamacions [&hellip;]<\/p>\n","protected":false},"author":58,"featured_media":0,"parent":0,"menu_order":0,"comment_status":"closed","ping_status":"closed","template":"","meta":{"_bbp_topic_count":0,"_bbp_reply_count":0,"_bbp_total_topic_count":0,"_bbp_total_reply_count":0,"_bbp_voice_count":0,"_bbp_anonymous_reply_count":0,"_bbp_topic_count_hidden":0,"_bbp_reply_count_hidden":0,"_bbp_forum_subforum_count":0,"site-sidebar-layout":"default","site-content-layout":"","ast-site-content-layout":"default","site-content-style":"default","site-sidebar-style":"default","ast-global-header-display":"","ast-banner-title-visibility":"","ast-main-header-display":"","ast-hfb-above-header-display":"","ast-hfb-below-header-display":"","ast-hfb-mobile-header-display":"","site-post-title":"","ast-breadcrumbs-content":"","ast-featured-img":"","footer-sml-layout":"","theme-transparent-header-meta":"","adv-header-id-meta":"","stick-header-meta":"","header-above-stick-meta":"","header-main-stick-meta":"","header-below-stick-meta":"","astra-migrate-meta-layouts":"set","ast-page-background-enabled":"default","ast-page-background-meta":{"desktop":{"background-color":"var(--ast-global-color-4)","background-image":"","background-repeat":"repeat","background-position":"center center","background-size":"auto","background-attachment":"scroll","background-type":"","background-media":"","overlay-type":"","overlay-color":"","overlay-opacity":"","overlay-gradient":""},"tablet":{"background-color":"","background-image":"","background-repeat":"repeat","background-position":"center center","background-size":"auto","background-attachment":"scroll","background-type":"","background-media":"","overlay-type":"","overlay-color":"","overlay-opacity":"","overlay-gradient":""},"mobile":{"background-color":"","background-image":"","background-repeat":"repeat","background-position":"center center","background-size":"auto","background-attachment":"scroll","background-type":"","background-media":"","overlay-type":"","overlay-color":"","overlay-opacity":"","overlay-gradient":""}},"ast-content-background-meta":{"desktop":{"background-color":"var(--ast-global-color-5)","background-image":"","background-repeat":"repeat","background-position":"center center","background-size":"auto","background-attachment":"scroll","background-type":"","background-media":"","overlay-type":"","overlay-color":"","overlay-opacity":"","overlay-gradient":""},"tablet":{"background-color":"var(--ast-global-color-5)","background-image":"","background-repeat":"repeat","background-position":"center center","background-size":"auto","background-attachment":"scroll","background-type":"","background-media":"","overlay-type":"","overlay-color":"","overlay-opacity":"","overlay-gradient":""},"mobile":{"background-color":"var(--ast-global-color-5)","background-image":"","background-repeat":"repeat","background-position":"center center","background-size":"auto","background-attachment":"scroll","background-type":"","background-media":"","overlay-type":"","overlay-color":"","overlay-opacity":"","overlay-gradient":""}},"footnotes":""},"class_list":["post-7014","page","type-page","status-publish","hentry"],"post_mailing_queue_ids":[],"_links":{"self":[{"href":"https:\/\/agora.xtec.cat\/ceipnadal\/wp-json\/wp\/v2\/pages\/7014","targetHints":{"allow":["GET"]}}],"collection":[{"href":"https:\/\/agora.xtec.cat\/ceipnadal\/wp-json\/wp\/v2\/pages"}],"about":[{"href":"https:\/\/agora.xtec.cat\/ceipnadal\/wp-json\/wp\/v2\/types\/page"}],"author":[{"embeddable":true,"href":"https:\/\/agora.xtec.cat\/ceipnadal\/wp-json\/wp\/v2\/users\/58"}],"replies":[{"embeddable":true,"href":"https:\/\/agora.xtec.cat\/ceipnadal\/wp-json\/wp\/v2\/comments?post=7014"}],"version-history":[{"count":5,"href":"https:\/\/agora.xtec.cat\/ceipnadal\/wp-json\/wp\/v2\/pages\/7014\/revisions"}],"predecessor-version":[{"id":8612,"href":"https:\/\/agora.xtec.cat\/ceipnadal\/wp-json\/wp\/v2\/pages\/7014\/revisions\/8612"}],"wp:attachment":[{"href":"https:\/\/agora.xtec.cat\/ceipnadal\/wp-json\/wp\/v2\/media?parent=7014"}],"curies":[{"name":"wp","href":"https:\/\/api.w.org\/{rel}","templated":true}]}}