{"id":2602,"date":"2022-07-02T03:56:12","date_gmt":"2022-07-02T01:56:12","guid":{"rendered":"https:\/\/agora.xtec.cat\/ceipmvayreda-llado\/?page_id=2602"},"modified":"2022-07-20T05:10:16","modified_gmt":"2022-07-20T03:10:16","slug":"estrategia-digital-de-centre","status":"publish","type":"page","link":"https:\/\/agora.xtec.cat\/ceipmvayreda-llado\/espai-tic\/estrategia-digital-de-centre\/","title":{"rendered":"ESTRAT\u00c8GIA DIGITAL DE CENTRE"},"content":{"rendered":"<p>La comissi\u00f3 TAC (Comissi\u00f3 de Tecnologies de l\u2019Aprenentatge i el Coneixement) actualment es troba immersa en l\u2019elaboraci\u00f3 de l\u2019Estrat\u00e8gia Digital de Centre (EDC).<\/p>\n<p>L\u2019EDC \u00e9s un document que recull les l\u00ednies d\u2019actuaci\u00f3 per aconseguir l\u2019assoliment de la \u00a0compet\u00e8ncia digital per part de l\u2019alumnat, els docents i el centre, a m\u00e9s de formalitzar la governan\u00e7a de la tecnologia a l\u2019escola.<\/p>\n<p>Per aconseguir aquesta compet\u00e8ncia digital, l\u2019EDC compr\u00e8n tots els \u00e0mbits del centre: organitzatius, metodol\u00f2gics, curriculars i comunicatius, els quals s\u2019han de veure necess\u00e0riament implicats i, si escau, transformats, des d\u2019una perspectiva d\u2019innovaci\u00f3 i de millora cont\u00ednua.<\/p>\n<p><a href=\"https:\/\/sites.google.com\/xtec.cat\/edcllado\/edc\">Estrat\u00e8gia Digital de Centre<\/a><\/p>\n","protected":false},"excerpt":{"rendered":"<p>La comissi\u00f3 TAC (Comissi\u00f3 de Tecnologies de l\u2019Aprenentatge i el Coneixement) actualment es troba immersa en l\u2019elaboraci\u00f3 de l\u2019Estrat\u00e8gia Digital de Centre (EDC).<br \/>\nL\u2019EDC \u00e9s un document que recull les l\u00ednies d\u2019actuaci\u00f3 per aconseguir l\u2019assoliment de la \u00a0compet\u00e8ncia digital per part de l\u2019alumnat, els docents i&hellip;  <a href=\"https:\/\/agora.xtec.cat\/ceipmvayreda-llado\/espai-tic\/estrategia-digital-de-centre\/\" title=\"Read ESTRAT\u00c8GIA DIGITAL DE CENTRE\">Llegeix m\u00e9s\u00bb<\/a><\/p>\n","protected":false},"author":1,"featured_media":0,"parent":2771,"menu_order":0,"comment_status":"closed","ping_status":"closed","template":"","meta":{"_bbp_topic_count":0,"_bbp_reply_count":0,"_bbp_total_topic_count":0,"_bbp_total_reply_count":0,"_bbp_voice_count":0,"_bbp_anonymous_reply_count":0,"_bbp_topic_count_hidden":0,"_bbp_reply_count_hidden":0,"_bbp_forum_subforum_count":0,"footnotes":""},"class_list":["post-2602","page","type-page","status-publish","hentry"],"post_mailing_queue_ids":[],"_links":{"self":[{"href":"https:\/\/agora.xtec.cat\/ceipmvayreda-llado\/wp-json\/wp\/v2\/pages\/2602","targetHints":{"allow":["GET"]}}],"collection":[{"href":"https:\/\/agora.xtec.cat\/ceipmvayreda-llado\/wp-json\/wp\/v2\/pages"}],"about":[{"href":"https:\/\/agora.xtec.cat\/ceipmvayreda-llado\/wp-json\/wp\/v2\/types\/page"}],"author":[{"embeddable":true,"href":"https:\/\/agora.xtec.cat\/ceipmvayreda-llado\/wp-json\/wp\/v2\/users\/1"}],"replies":[{"embeddable":true,"href":"https:\/\/agora.xtec.cat\/ceipmvayreda-llado\/wp-json\/wp\/v2\/comments?post=2602"}],"version-history":[{"count":1,"href":"https:\/\/agora.xtec.cat\/ceipmvayreda-llado\/wp-json\/wp\/v2\/pages\/2602\/revisions"}],"predecessor-version":[{"id":2603,"href":"https:\/\/agora.xtec.cat\/ceipmvayreda-llado\/wp-json\/wp\/v2\/pages\/2602\/revisions\/2603"}],"up":[{"embeddable":true,"href":"https:\/\/agora.xtec.cat\/ceipmvayreda-llado\/wp-json\/wp\/v2\/pages\/2771"}],"wp:attachment":[{"href":"https:\/\/agora.xtec.cat\/ceipmvayreda-llado\/wp-json\/wp\/v2\/media?parent=2602"}],"curies":[{"name":"wp","href":"https:\/\/api.w.org\/{rel}","templated":true}]}}