{"id":802,"date":"2021-10-21T16:28:59","date_gmt":"2021-10-21T14:28:59","guid":{"rendered":"https:\/\/agora.xtec.cat\/ceipmtrespins\/?page_id=802"},"modified":"2023-10-04T16:09:17","modified_gmt":"2023-10-04T14:09:17","slug":"contacte","status":"publish","type":"page","link":"https:\/\/agora.xtec.cat\/ceipmtrespins\/lescola\/contacte\/","title":{"rendered":"Contacte"},"content":{"rendered":"<h2>CONTACTE<\/h2>\n<p align=\"justify\">Poden enviar-nos les seves comunicacions per mitj\u00e0 del correu electr\u00f2nic per\u00f2, donat que no podem garantir que la persona indicada el tingui a temps, han de continuar fent-nos arribar les notificacions per mitj\u00e0 d&#8217;una nota escrita o telef\u00f2nicament.<\/p>\n<p align=\"justify\">En el moment que sigui possible disposar d&#8217;aquest servei i fer servir el correu electr\u00f2nic amb garanties ho farem saber a la comunitat escolar.<\/p>\n<ul class=\"listado\">\n<li><span class=\"columna1\"><strong>Correu electr\u00f2nic:\u00a0 \u00a0 <span style=\"color: #0000ff;\">consergeria@3pinsbcn.cat <\/span><\/strong><\/span><\/li>\n<\/ul>\n<p><span style=\"color: #0000ff;\">\u00a0 \u00a0 \u00a0 \u00a0 \u00a0 \u00a0 \u00a0 \u00a0 \u00a0 \u00a0 \u00a0 \u00a0 \u00a0 \u00a0 \u00a0 \u00a0 \u00a0 \u00a0 \u00a0 \u00a0<strong>dir.escola@3pinsbcn.cat<\/strong><\/span><\/p>\n<ul>\n<li><strong>Tel\u00e8fon: 934239210<\/strong><\/li>\n<\/ul>\n","protected":false},"excerpt":{"rendered":"<p>CONTACTE<br \/>\nPoden enviar-nos les seves comunicacions per mitj\u00e0 del correu electr\u00f2nic per\u00f2, donat que no podem garantir que la persona indicada el tingui a temps, han de continuar fent-nos arribar les notificacions per mitj\u00e0 d&#8217;una nota escrita o telef\u00f2nicament.<br \/>\nEn el moment que sigui possible disposar d&#8217;aquest&hellip;  <a href=\"https:\/\/agora.xtec.cat\/ceipmtrespins\/lescola\/contacte\/\" title=\"Read Contacte\">Llegeix m\u00e9s\u00bb<\/a><\/p>\n","protected":false},"author":1,"featured_media":0,"parent":22,"menu_order":30,"comment_status":"closed","ping_status":"closed","template":"","meta":{"_bbp_topic_count":0,"_bbp_reply_count":0,"_bbp_total_topic_count":0,"_bbp_total_reply_count":0,"_bbp_voice_count":0,"_bbp_anonymous_reply_count":0,"_bbp_topic_count_hidden":0,"_bbp_reply_count_hidden":0,"_bbp_forum_subforum_count":0,"footnotes":""},"class_list":["post-802","page","type-page","status-publish","hentry"],"post_mailing_queue_ids":[],"_links":{"self":[{"href":"https:\/\/agora.xtec.cat\/ceipmtrespins\/wp-json\/wp\/v2\/pages\/802","targetHints":{"allow":["GET"]}}],"collection":[{"href":"https:\/\/agora.xtec.cat\/ceipmtrespins\/wp-json\/wp\/v2\/pages"}],"about":[{"href":"https:\/\/agora.xtec.cat\/ceipmtrespins\/wp-json\/wp\/v2\/types\/page"}],"author":[{"embeddable":true,"href":"https:\/\/agora.xtec.cat\/ceipmtrespins\/wp-json\/wp\/v2\/users\/1"}],"replies":[{"embeddable":true,"href":"https:\/\/agora.xtec.cat\/ceipmtrespins\/wp-json\/wp\/v2\/comments?post=802"}],"version-history":[{"count":3,"href":"https:\/\/agora.xtec.cat\/ceipmtrespins\/wp-json\/wp\/v2\/pages\/802\/revisions"}],"predecessor-version":[{"id":2522,"href":"https:\/\/agora.xtec.cat\/ceipmtrespins\/wp-json\/wp\/v2\/pages\/802\/revisions\/2522"}],"up":[{"embeddable":true,"href":"https:\/\/agora.xtec.cat\/ceipmtrespins\/wp-json\/wp\/v2\/pages\/22"}],"wp:attachment":[{"href":"https:\/\/agora.xtec.cat\/ceipmtrespins\/wp-json\/wp\/v2\/media?parent=802"}],"curies":[{"name":"wp","href":"https:\/\/api.w.org\/{rel}","templated":true}]}}