{"id":77,"date":"2014-09-18T14:05:08","date_gmt":"2014-09-18T13:05:08","guid":{"rendered":"http:\/\/agora.xtec.cat\/ceipmtrespins\/?page_id=77"},"modified":"2021-10-14T16:25:14","modified_gmt":"2021-10-14T14:25:14","slug":"acollida","status":"publish","type":"page","link":"https:\/\/agora.xtec.cat\/ceipmtrespins\/serveis\/acollida\/","title":{"rendered":"Acollida"},"content":{"rendered":"<p align=\"justify\">Entre les 8 i les 9 del mat\u00ed, les fam\u00edlies que ho necessitin poden fer \u00fas del Servei d&#8217;Acolliment Matinal (SAM), on poden deixar els seus fills o filles a c\u00e0rrec de monitors. Per a m\u00e9s informaci\u00f3 i inscripcions han de posar-se en contacte amb l&#8217;<a title=\"AMPA\" href=\"http:\/\/www.ampa3pins.org\/\" target=\"_blank\" rel=\"noopener\">AFA o amb la monitora responsable<\/a>. En qualsevol cas, les fam\u00edlies que en vulguin fer \u00fas, han d&#8217;omplir el full corresponent.<\/p>\n<p align=\"justify\">\u00c9s important que el lliurament dels infants sigui en m\u00e0 als monitors responsables.<\/p>\n","protected":false},"excerpt":{"rendered":"<p>Entre les 8 i les 9 del mat\u00ed, les fam\u00edlies que ho necessitin poden fer \u00fas del Servei d&#8217;Acolliment Matinal (SAM), on poden deixar els seus fills o filles a c\u00e0rrec de monitors. Per a m\u00e9s informaci\u00f3 i inscripcions han de posar-se en contacte amb&hellip;  <a href=\"https:\/\/agora.xtec.cat\/ceipmtrespins\/serveis\/acollida\/\" title=\"Read Acollida\">Llegeix m\u00e9s\u00bb<\/a><\/p>\n","protected":false},"author":1,"featured_media":0,"parent":66,"menu_order":20,"comment_status":"closed","ping_status":"closed","template":"page-templates\/side-menu.php","meta":{"_bbp_topic_count":0,"_bbp_reply_count":0,"_bbp_total_topic_count":0,"_bbp_total_reply_count":0,"_bbp_voice_count":0,"_bbp_anonymous_reply_count":0,"_bbp_topic_count_hidden":0,"_bbp_reply_count_hidden":0,"_bbp_forum_subforum_count":0,"footnotes":""},"class_list":["post-77","page","type-page","status-publish","hentry"],"post_mailing_queue_ids":[],"_links":{"self":[{"href":"https:\/\/agora.xtec.cat\/ceipmtrespins\/wp-json\/wp\/v2\/pages\/77","targetHints":{"allow":["GET"]}}],"collection":[{"href":"https:\/\/agora.xtec.cat\/ceipmtrespins\/wp-json\/wp\/v2\/pages"}],"about":[{"href":"https:\/\/agora.xtec.cat\/ceipmtrespins\/wp-json\/wp\/v2\/types\/page"}],"author":[{"embeddable":true,"href":"https:\/\/agora.xtec.cat\/ceipmtrespins\/wp-json\/wp\/v2\/users\/1"}],"replies":[{"embeddable":true,"href":"https:\/\/agora.xtec.cat\/ceipmtrespins\/wp-json\/wp\/v2\/comments?post=77"}],"version-history":[{"count":2,"href":"https:\/\/agora.xtec.cat\/ceipmtrespins\/wp-json\/wp\/v2\/pages\/77\/revisions"}],"predecessor-version":[{"id":777,"href":"https:\/\/agora.xtec.cat\/ceipmtrespins\/wp-json\/wp\/v2\/pages\/77\/revisions\/777"}],"up":[{"embeddable":true,"href":"https:\/\/agora.xtec.cat\/ceipmtrespins\/wp-json\/wp\/v2\/pages\/66"}],"wp:attachment":[{"href":"https:\/\/agora.xtec.cat\/ceipmtrespins\/wp-json\/wp\/v2\/media?parent=77"}],"curies":[{"name":"wp","href":"https:\/\/api.w.org\/{rel}","templated":true}]}}