{"id":36,"date":"2014-09-18T12:33:11","date_gmt":"2014-09-18T11:33:11","guid":{"rendered":"http:\/\/agora.xtec.cat\/ceipmoradebre\/?page_id=36"},"modified":"2025-06-25T13:59:15","modified_gmt":"2025-06-25T11:59:15","slug":"material-escolar","status":"publish","type":"page","link":"https:\/\/agora.xtec.cat\/ceipmoradebre\/lescola\/material-escolar\/","title":{"rendered":"Llibres i material escolar"},"content":{"rendered":"<p>Llistats de llibres i material per al Curs 2024-2025<\/p>\n<ul>\n<li><a href=\"https:\/\/agora.xtec.cat\/ceipmoradebre\/wp-content\/uploads\/usu1733\/2025\/06\/Llibres-i-materials-I-3.pdf\">Llibres i material I3<\/a><\/li>\n<li><a href=\"https:\/\/agora.xtec.cat\/ceipmoradebre\/wp-content\/uploads\/usu1733\/2025\/06\/Llibres-i-material-I-4.pdf\">Llibres i material I4<\/a><\/li>\n<li><a href=\"https:\/\/agora.xtec.cat\/ceipmoradebre\/wp-content\/uploads\/usu1733\/2025\/06\/Llibres-i-material-I-5.pdf\">Llibres i material I5<\/a><\/li>\n<li><a href=\"https:\/\/agora.xtec.cat\/ceipmoradebre\/wp-content\/uploads\/usu1733\/2025\/06\/LLIBRES-1r-25-26.pdf\">Llibres 1r<\/a><\/li>\n<li><a href=\"https:\/\/agora.xtec.cat\/ceipmoradebre\/wp-content\/uploads\/usu1733\/2025\/06\/MATERIAL-1r-25-26.pdf\">Material 1r<\/a><\/li>\n<li><a href=\"https:\/\/agora.xtec.cat\/ceipmoradebre\/wp-content\/uploads\/usu1733\/2025\/06\/LLIBRES-2n-25-26.pdf\">Llibres 2n<\/a><\/li>\n<li><a href=\"https:\/\/agora.xtec.cat\/ceipmoradebre\/wp-content\/uploads\/usu1733\/2025\/06\/MATERIAL-2n-25-26.pdf\">Material 2n<\/a><\/li>\n<li><a href=\"https:\/\/agora.xtec.cat\/ceipmoradebre\/wp-content\/uploads\/usu1733\/2025\/06\/LLIBRES-3r-25-26.pdf\">Llibres 3r<\/a><\/li>\n<li><a href=\"https:\/\/agora.xtec.cat\/ceipmoradebre\/wp-content\/uploads\/usu1733\/2025\/06\/MATERIAL-3r-25-26.pdf\">Material 3r<\/a><\/li>\n<li><a href=\"https:\/\/agora.xtec.cat\/ceipmoradebre\/wp-content\/uploads\/usu1733\/2025\/06\/LLIBRES-4t-25-26.pdf\">Llibres 4t<\/a><\/li>\n<li><a href=\"https:\/\/agora.xtec.cat\/ceipmoradebre\/wp-content\/uploads\/usu1733\/2025\/06\/MATERIAL-4t-25-26.pdf\">Material 4t<\/a><\/li>\n<li><a href=\"https:\/\/agora.xtec.cat\/ceipmoradebre\/wp-content\/uploads\/usu1733\/2025\/06\/LLIBRES-5e-25-26.pdf\">Llibres 5\u00e8<\/a><\/li>\n<li><a href=\"https:\/\/agora.xtec.cat\/ceipmoradebre\/wp-content\/uploads\/usu1733\/2025\/06\/Llibres-6e-25-26.pdf\">Llibres 6\u00e8<\/a><\/li>\n<li><a href=\"https:\/\/agora.xtec.cat\/ceipmoradebre\/wp-content\/uploads\/usu1733\/2024\/06\/MATERIAL-5e-i-6e-24-25.pdf\">Material 5\u00e8 i 6\u00e8<\/a><\/li>\n<\/ul>\n","protected":false},"excerpt":{"rendered":"<p>Llistats de llibres i material per al Curs 2024-2025 Llibres i material I3 Llibres i material I4 Llibres i material I5 Llibres 1r Material 1r Llibres 2n Material 2n Llibres 3r Material 3r Llibres 4t Material 4t Llibres 5\u00e8 Llibres 6\u00e8 Material 5\u00e8 i 6\u00e8<\/p>\n","protected":false},"author":1,"featured_media":0,"parent":22,"menu_order":70,"comment_status":"closed","ping_status":"closed","template":"page-templates\/side-menu.php","meta":{"_bbp_topic_count":0,"_bbp_reply_count":0,"_bbp_total_topic_count":0,"_bbp_total_reply_count":0,"_bbp_voice_count":0,"_bbp_anonymous_reply_count":0,"_bbp_topic_count_hidden":0,"_bbp_reply_count_hidden":0,"_bbp_forum_subforum_count":0,"site-sidebar-layout":"default","site-content-layout":"","ast-site-content-layout":"","site-content-style":"default","site-sidebar-style":"default","ast-global-header-display":"","ast-banner-title-visibility":"","ast-main-header-display":"","ast-hfb-above-header-display":"","ast-hfb-below-header-display":"","ast-hfb-mobile-header-display":"","site-post-title":"","ast-breadcrumbs-content":"","ast-featured-img":"","footer-sml-layout":"","theme-transparent-header-meta":"","adv-header-id-meta":"","stick-header-meta":"","header-above-stick-meta":"","header-main-stick-meta":"","header-below-stick-meta":"","astra-migrate-meta-layouts":"default","ast-page-background-enabled":"default","ast-page-background-meta":{"desktop":{"background-color":"var(--ast-global-color-4)","background-image":"","background-repeat":"repeat","background-position":"center center","background-size":"auto","background-attachment":"scroll","background-type":"","background-media":"","overlay-type":"","overlay-color":"","overlay-opacity":"","overlay-gradient":""},"tablet":{"background-color":"","background-image":"","background-repeat":"repeat","background-position":"center center","background-size":"auto","background-attachment":"scroll","background-type":"","background-media":"","overlay-type":"","overlay-color":"","overlay-opacity":"","overlay-gradient":""},"mobile":{"background-color":"","background-image":"","background-repeat":"repeat","background-position":"center center","background-size":"auto","background-attachment":"scroll","background-type":"","background-media":"","overlay-type":"","overlay-color":"","overlay-opacity":"","overlay-gradient":""}},"ast-content-background-meta":{"desktop":{"background-color":"var(--ast-global-color-5)","background-image":"","background-repeat":"repeat","background-position":"center center","background-size":"auto","background-attachment":"scroll","background-type":"","background-media":"","overlay-type":"","overlay-color":"","overlay-opacity":"","overlay-gradient":""},"tablet":{"background-color":"var(--ast-global-color-5)","background-image":"","background-repeat":"repeat","background-position":"center center","background-size":"auto","background-attachment":"scroll","background-type":"","background-media":"","overlay-type":"","overlay-color":"","overlay-opacity":"","overlay-gradient":""},"mobile":{"background-color":"var(--ast-global-color-5)","background-image":"","background-repeat":"repeat","background-position":"center center","background-size":"auto","background-attachment":"scroll","background-type":"","background-media":"","overlay-type":"","overlay-color":"","overlay-opacity":"","overlay-gradient":""}},"footnotes":""},"class_list":["post-36","page","type-page","status-publish","hentry"],"post_mailing_queue_ids":[],"_links":{"self":[{"href":"https:\/\/agora.xtec.cat\/ceipmoradebre\/wp-json\/wp\/v2\/pages\/36","targetHints":{"allow":["GET"]}}],"collection":[{"href":"https:\/\/agora.xtec.cat\/ceipmoradebre\/wp-json\/wp\/v2\/pages"}],"about":[{"href":"https:\/\/agora.xtec.cat\/ceipmoradebre\/wp-json\/wp\/v2\/types\/page"}],"author":[{"embeddable":true,"href":"https:\/\/agora.xtec.cat\/ceipmoradebre\/wp-json\/wp\/v2\/users\/1"}],"replies":[{"embeddable":true,"href":"https:\/\/agora.xtec.cat\/ceipmoradebre\/wp-json\/wp\/v2\/comments?post=36"}],"version-history":[{"count":7,"href":"https:\/\/agora.xtec.cat\/ceipmoradebre\/wp-json\/wp\/v2\/pages\/36\/revisions"}],"predecessor-version":[{"id":6598,"href":"https:\/\/agora.xtec.cat\/ceipmoradebre\/wp-json\/wp\/v2\/pages\/36\/revisions\/6598"}],"up":[{"embeddable":true,"href":"https:\/\/agora.xtec.cat\/ceipmoradebre\/wp-json\/wp\/v2\/pages\/22"}],"wp:attachment":[{"href":"https:\/\/agora.xtec.cat\/ceipmoradebre\/wp-json\/wp\/v2\/media?parent=36"}],"curies":[{"name":"wp","href":"https:\/\/api.w.org\/{rel}","templated":true}]}}