{"id":571,"date":"2020-02-16T20:51:38","date_gmt":"2020-02-16T19:51:38","guid":{"rendered":"https:\/\/agora.xtec.cat\/ceipmontserrat\/?page_id=571"},"modified":"2020-06-04T14:17:25","modified_gmt":"2020-06-04T12:17:25","slug":"civisme-al-barri","status":"publish","type":"page","link":"https:\/\/agora.xtec.cat\/ceipmontserrat\/civisme-al-barri\/","title":{"rendered":"Civisme al barri"},"content":{"rendered":"<p>L&#8217;escola d\u00f3na molta import\u00e0ncia al civisme i a la bona conviv\u00e8ncia no nom\u00e9s dins l&#8217;escola, sin\u00f3 tamb\u00e9 al barri. \u00c9s per aix\u00f2 que col\u00b7laborem estretament amb l&#8217;Associaci\u00f3 de Ve\u00efns i Ve\u00efnes (AVV Montserrat) perqu\u00e8 aix\u00f2 es compleixi.<\/p>\n<p><span style=\"font-weight: 400;\">Les accions que es duen a terme actualment s\u00f3n les seg\u00fcents:<\/span><\/p>\n<ul>\n<li style=\"font-weight: 400;\"><span style=\"font-weight: 400;\">Recollida de brut\u00edcia al barri per part de tot l\u2019alumnat de l\u2019escola (mensualment).\u00a0<\/span><\/li>\n<\/ul>\n<ul>\n<li style=\"font-weight: 400;\"><span style=\"font-weight: 400;\">Assemblees d\u2019escola obertes a tota la comunitat on es reflexiona i es dialoga sobre temes referents al civisme i la conviv\u00e8ncia.<\/span><\/li>\n<li style=\"font-weight: 400;\"><span style=\"font-weight: 400;\">Vinculaci\u00f3 entre el president de l\u2019AVV Montserrat i la direcci\u00f3 de l\u2019escola.\u00a0<\/span><\/li>\n<li style=\"font-weight: 400;\"><span style=\"font-weight: 400;\">Xerrades a l\u2019alumnat per part del president de l\u2019AVV Montserrat.\u00a0<\/span><\/li>\n<\/ul>\n<p><a href=\"https:\/\/agora.xtec.cat\/ceipmontserrat\/wp-content\/uploads\/usu1716\/2020\/06\/EIDAiM5WsAE23kb-e1591272925734.jpg\"><img loading=\"lazy\" decoding=\"async\" class=\"aligncenter size-medium wp-image-847\" src=\"https:\/\/agora.xtec.cat\/ceipmontserrat\/wp-content\/uploads\/usu1716\/2020\/06\/EIDAiM5WsAE23kb-e1591272925734-300x241.jpg\" alt=\"\" width=\"300\" height=\"241\" srcset=\"https:\/\/agora.xtec.cat\/ceipmontserrat\/wp-content\/uploads\/usu1716\/2020\/06\/EIDAiM5WsAE23kb-e1591272925734-300x241.jpg 300w, https:\/\/agora.xtec.cat\/ceipmontserrat\/wp-content\/uploads\/usu1716\/2020\/06\/EIDAiM5WsAE23kb-e1591272925734-768x617.jpg 768w, https:\/\/agora.xtec.cat\/ceipmontserrat\/wp-content\/uploads\/usu1716\/2020\/06\/EIDAiM5WsAE23kb-e1591272925734-1024x823.jpg 1024w\" sizes=\"auto, (max-width: 300px) 100vw, 300px\" \/><\/a> <a href=\"https:\/\/agora.xtec.cat\/ceipmontserrat\/wp-content\/uploads\/usu1716\/2020\/06\/EIwupiVXkAAXasA.jpg\"><img loading=\"lazy\" decoding=\"async\" class=\"alignright size-medium wp-image-848\" src=\"https:\/\/agora.xtec.cat\/ceipmontserrat\/wp-content\/uploads\/usu1716\/2020\/06\/EIwupiVXkAAXasA-300x225.jpg\" alt=\"\" width=\"300\" height=\"225\" srcset=\"https:\/\/agora.xtec.cat\/ceipmontserrat\/wp-content\/uploads\/usu1716\/2020\/06\/EIwupiVXkAAXasA-300x225.jpg 300w, https:\/\/agora.xtec.cat\/ceipmontserrat\/wp-content\/uploads\/usu1716\/2020\/06\/EIwupiVXkAAXasA-768x576.jpg 768w, https:\/\/agora.xtec.cat\/ceipmontserrat\/wp-content\/uploads\/usu1716\/2020\/06\/EIwupiVXkAAXasA-1024x768.jpg 1024w, https:\/\/agora.xtec.cat\/ceipmontserrat\/wp-content\/uploads\/usu1716\/2020\/06\/EIwupiVXkAAXasA-200x150.jpg 200w\" sizes=\"auto, (max-width: 300px) 100vw, 300px\" \/><\/a> <a href=\"https:\/\/agora.xtec.cat\/ceipmontserrat\/wp-content\/uploads\/usu1716\/2020\/06\/IMG-20190322-WA0009.jpg\"><img loading=\"lazy\" decoding=\"async\" class=\"alignleft size-medium wp-image-850\" src=\"https:\/\/agora.xtec.cat\/ceipmontserrat\/wp-content\/uploads\/usu1716\/2020\/06\/IMG-20190322-WA0009-300x225.jpg\" alt=\"\" width=\"300\" height=\"225\" srcset=\"https:\/\/agora.xtec.cat\/ceipmontserrat\/wp-content\/uploads\/usu1716\/2020\/06\/IMG-20190322-WA0009-300x225.jpg 300w, https:\/\/agora.xtec.cat\/ceipmontserrat\/wp-content\/uploads\/usu1716\/2020\/06\/IMG-20190322-WA0009-768x576.jpg 768w, https:\/\/agora.xtec.cat\/ceipmontserrat\/wp-content\/uploads\/usu1716\/2020\/06\/IMG-20190322-WA0009-1024x768.jpg 1024w, https:\/\/agora.xtec.cat\/ceipmontserrat\/wp-content\/uploads\/usu1716\/2020\/06\/IMG-20190322-WA0009-200x150.jpg 200w, https:\/\/agora.xtec.cat\/ceipmontserrat\/wp-content\/uploads\/usu1716\/2020\/06\/IMG-20190322-WA0009.jpg 1600w\" sizes=\"auto, (max-width: 300px) 100vw, 300px\" \/><\/a><\/p>\n","protected":false},"excerpt":{"rendered":"<p>L&#8217;escola d\u00f3na molta import\u00e0ncia al civisme i a la bona conviv\u00e8ncia no nom\u00e9s dins l&#8217;escola, sin\u00f3 tamb\u00e9 al barri. \u00c9s per aix\u00f2 que col\u00b7laborem estretament amb l&#8217;Associaci\u00f3 de Ve\u00efns i Ve\u00efnes (AVV Montserrat) perqu\u00e8 aix\u00f2 es compleixi.<br \/>\nLes accions que es duen a terme actualment s\u00f3n&hellip;  <a href=\"https:\/\/agora.xtec.cat\/ceipmontserrat\/civisme-al-barri\/\" title=\"Read Civisme al barri\">Llegeix m\u00e9s\u00bb<\/a><\/p>\n","protected":false},"author":1,"featured_media":0,"parent":0,"menu_order":0,"comment_status":"closed","ping_status":"closed","template":"","meta":{"_bbp_topic_count":0,"_bbp_reply_count":0,"_bbp_total_topic_count":0,"_bbp_total_reply_count":0,"_bbp_voice_count":0,"_bbp_anonymous_reply_count":0,"_bbp_topic_count_hidden":0,"_bbp_reply_count_hidden":0,"_bbp_forum_subforum_count":0,"footnotes":""},"class_list":["post-571","page","type-page","status-publish","hentry"],"post_mailing_queue_ids":[],"_links":{"self":[{"href":"https:\/\/agora.xtec.cat\/ceipmontserrat\/wp-json\/wp\/v2\/pages\/571","targetHints":{"allow":["GET"]}}],"collection":[{"href":"https:\/\/agora.xtec.cat\/ceipmontserrat\/wp-json\/wp\/v2\/pages"}],"about":[{"href":"https:\/\/agora.xtec.cat\/ceipmontserrat\/wp-json\/wp\/v2\/types\/page"}],"author":[{"embeddable":true,"href":"https:\/\/agora.xtec.cat\/ceipmontserrat\/wp-json\/wp\/v2\/users\/1"}],"replies":[{"embeddable":true,"href":"https:\/\/agora.xtec.cat\/ceipmontserrat\/wp-json\/wp\/v2\/comments?post=571"}],"version-history":[{"count":3,"href":"https:\/\/agora.xtec.cat\/ceipmontserrat\/wp-json\/wp\/v2\/pages\/571\/revisions"}],"predecessor-version":[{"id":851,"href":"https:\/\/agora.xtec.cat\/ceipmontserrat\/wp-json\/wp\/v2\/pages\/571\/revisions\/851"}],"wp:attachment":[{"href":"https:\/\/agora.xtec.cat\/ceipmontserrat\/wp-json\/wp\/v2\/media?parent=571"}],"curies":[{"name":"wp","href":"https:\/\/api.w.org\/{rel}","templated":true}]}}

<p>L&#8217;escola dóna molta importància al civisme i a la bona convivència no només dins l&#8217;escola, sinó també al barri. És per això que col·laborem estretament amb l&#8217;Associació de Veïns i Veïnes (AVV Montserrat) perquè això es compleixi.</p>
<p><span style="font-weight: 400;">Les accions que es duen a terme actualment són les següents:</span></p>
<ul>
<li style="font-weight: 400;"><span style="font-weight: 400;">Recollida de brutícia al barri per part de tot l’alumnat de l’escola (mensualment). </span></li>
</ul>
<ul>
<li style="font-weight: 400;"><span style="font-weight: 400;">Assemblees d’escola obertes a tota la comunitat on es reflexiona i es dialoga sobre temes referents al civisme i la convivència.</span></li>
<li style="font-weight: 400;"><span style="font-weight: 400;">Vinculació entre el president de l’AVV Montserrat i la direcció de l’escola. </span></li>
<li style="font-weight: 400;"><span style="font-weight: 400;">Xerrades a l’alumnat per part del president de l’AVV Montserrat. </span></li>
</ul>
<p><a href="https://agora.xtec.cat/ceipmontserrat/wp-content/uploads/usu1716/2020/06/EIDAiM5WsAE23kb-e1591272925734.jpg"><img loading="lazy" decoding="async" class="aligncenter size-medium wp-image-847" src="https://agora.xtec.cat/ceipmontserrat/wp-content/uploads/usu1716/2020/06/EIDAiM5WsAE23kb-e1591272925734-300x241.jpg" alt="" width="300" height="241" srcset="https://agora.xtec.cat/ceipmontserrat/wp-content/uploads/usu1716/2020/06/EIDAiM5WsAE23kb-e1591272925734-300x241.jpg 300w, https://agora.xtec.cat/ceipmontserrat/wp-content/uploads/usu1716/2020/06/EIDAiM5WsAE23kb-e1591272925734-768x617.jpg 768w, https://agora.xtec.cat/ceipmontserrat/wp-content/uploads/usu1716/2020/06/EIDAiM5WsAE23kb-e1591272925734-1024x823.jpg 1024w" sizes="auto, (max-width: 300px) 100vw, 300px" /></a> <a href="https://agora.xtec.cat/ceipmontserrat/wp-content/uploads/usu1716/2020/06/EIwupiVXkAAXasA.jpg"><img loading="lazy" decoding="async" class="alignright size-medium wp-image-848" src="https://agora.xtec.cat/ceipmontserrat/wp-content/uploads/usu1716/2020/06/EIwupiVXkAAXasA-300x225.jpg" alt="" width="300" height="225" srcset="https://agora.xtec.cat/ceipmontserrat/wp-content/uploads/usu1716/2020/06/EIwupiVXkAAXasA-300x225.jpg 300w, https://agora.xtec.cat/ceipmontserrat/wp-content/uploads/usu1716/2020/06/EIwupiVXkAAXasA-768x576.jpg 768w, https://agora.xtec.cat/ceipmontserrat/wp-content/uploads/usu1716/2020/06/EIwupiVXkAAXasA-1024x768.jpg 1024w, https://agora.xtec.cat/ceipmontserrat/wp-content/uploads/usu1716/2020/06/EIwupiVXkAAXasA-200x150.jpg 200w" sizes="auto, (max-width: 300px) 100vw, 300px" /></a> <a href="https://agora.xtec.cat/ceipmontserrat/wp-content/uploads/usu1716/2020/06/IMG-20190322-WA0009.jpg"><img loading="lazy" decoding="async" class="alignleft size-medium wp-image-850" src="https://agora.xtec.cat/ceipmontserrat/wp-content/uploads/usu1716/2020/06/IMG-20190322-WA0009-300x225.jpg" alt="" width="300" height="225" srcset="https://agora.xtec.cat/ceipmontserrat/wp-content/uploads/usu1716/2020/06/IMG-20190322-WA0009-300x225.jpg 300w, https://agora.xtec.cat/ceipmontserrat/wp-content/uploads/usu1716/2020/06/IMG-20190322-WA0009-768x576.jpg 768w, https://agora.xtec.cat/ceipmontserrat/wp-content/uploads/usu1716/2020/06/IMG-20190322-WA0009-1024x768.jpg 1024w, https://agora.xtec.cat/ceipmontserrat/wp-content/uploads/usu1716/2020/06/IMG-20190322-WA0009-200x150.jpg 200w, https://agora.xtec.cat/ceipmontserrat/wp-content/uploads/usu1716/2020/06/IMG-20190322-WA0009.jpg 1600w" sizes="auto, (max-width: 300px) 100vw, 300px" /></a></p>

<p>L&#8217;escola dóna molta importància al civisme i a la bona convivència no només dins l&#8217;escola, sinó també al barri. És per això que col·laborem estretament amb l&#8217;Associació de Veïns i Veïnes (AVV Montserrat) perquè això es compleixi.<br />
Les accions que es duen a terme actualment són&hellip;  <a href="https://agora.xtec.cat/ceipmontserrat/civisme-al-barri/" title="Read Civisme al barri">Llegeix més»</a></p>
